-- Table structure for table `role_has_permissions`
--

CREATE TABLE `role_has_permissions` (
  `permission_id` bigint unsigned NOT NULL,
  `role_id` bigint unsigned NOT NULL,
  PRIMARY KEY (`permission_id`,`role_id`),
  KEY `role_has_permissions_role_id_foreign` (`role_id`),
  CONSTRAINT `role_has_permissions_permission_id_foreign` FOREIGN KEY (`permission_id`) REFERENCES `permissions` (`id`) ON DELETE CASCADE,
  CONSTRAINT `role_has_permissions_role_id_foreign` FOREIGN KEY (`role_id`) REFERENCES `roles` (`id`) ON DELETE CASCADE
) ENGINE=InnoDB DEFAULT CHARSET=utf8mb4 COLLATE=utf8mb4_unicode_ci ROW_FORMAT=DYNAMIC;

--
-- Dumping data for table `role_has_permissions`
--

INSERT INTO `role_has_permissions` VALUES (1,1),(2,1),(3,1),(4,1),(5,1),(6,1),(7,1),(8,1),(9,1),(10,1),(16,1),(17,1),(18,1),(38,1),(18,4);

--
-- Table structure for table `roles`
--

CREATE TABLE `roles` (
  `id` bigint unsigned NOT NULL AUTO_INCREMENT,
  `name` varchar(191) CHARACTER SET utf8mb4 COLLATE utf8mb4_unicode_ci NOT NULL,
  `guard_name` varchar(191) CHARACTER SET utf8mb4 COLLATE utf8mb4_unicode_ci NOT NULL,
  `created_at` timestamp NULL DEFAULT NULL,
  `updated_at` timestamp NULL DEFAULT NULL,
  PRIMARY KEY (`id`),
  UNIQUE KEY `roles_name_guard_name_unique` (`name`,`guard_name`)
) ENGINE=InnoDB AUTO_INCREMENT=5 DEFAULT CHARSET=utf8mb4 COLLATE=utf8mb4_unicode_ci ROW_FORMAT=DYNAMIC;

--
-- Dumping data for table `roles`
--

INSERT INTO `roles` VALUES (1,'Admin','web','2022-10-16 01:42:27','2022-10-16 01:42:27'),(4,'Management','web','2022-10-23 04:41:50','2022-10-23 04:41:50');

--
-- Table structure for table `settings`
--

CREATE TABLE `settings` (
  `id` bigint unsigned NOT NULL AUTO_INCREMENT,
  `module_name` varchar(191) CHARACTER SET utf8mb4 COLLATE utf8mb4_unicode_ci NOT NULL,
  `is_auto` tinyint NOT NULL DEFAULT '0',
  `user_id` int NOT NULL,
  `created_at` timestamp NULL DEFAULT NULL,
  `updated_at` timestamp NULL DEFAULT NULL,
  PRIMARY KEY (`id`)
) ENGINE=InnoDB AUTO_INCREMENT=2 DEFAULT CHARSET=utf8mb4 COLLATE=utf8mb4_unicode_ci ROW_FORMAT=DYNAMIC;

--
-- Dumping data for table `settings`
--

INSERT INTO `settings` VALUES (1,'auto-approve',1,1,'2022-11-07 18:04:29','2023-03-14 03:35:45');

--
-- Table structure for table `user_logins`
--

CREATE TABLE `user_logins` (
  `id` bigint unsigned NOT NULL AUTO_INCREMENT,
  `user_id` bigint unsigned DEFAULT NULL,
  `login_area` varchar(191) COLLATE utf8mb4_unicode_ci DEFAULT NULL,
  `login_browser` varchar(191) COLLATE utf8mb4_unicode_ci DEFAULT NULL,
  `login_device` varchar(191) COLLATE utf8mb4_unicode_ci DEFAULT NULL,
  `deleted_at` timestamp NULL DEFAULT NULL,
  `created_at` timestamp NULL DEFAULT NULL,
  `updated_at` timestamp NULL DEFAULT NULL,
  PRIMARY KEY (`id`)
) ENGINE=InnoDB AUTO_INCREMENT=290 DEFAULT CHARSET=utf8mb4 COLLATE=utf8mb4_unicode_ci ROW_FORMAT=DYNAMIC;

--
-- Dumping data for table `user_logins`
--

INSERT INTO `user_logins` VALUES (1,1,'Phnom Penh, Cambodia, IP 110.74.192.17','Chrome 107.0.0.0','Linux',NULL,'2023-06-09 08:25:32','2023-06-09 08:25:32'),(2,1,'Phnom Penh, Cambodia, IP 110.74.192.17','Chrome 107.0.0.0','Linux',NULL,'2023-06-09 08:25:52','2023-06-09 08:25:52'),(3,1,'Bangkok, Thailand, IP 149.57.7.41','Chrome 114.0.0.0','Windows',NULL,'2023-06-09 08:48:50','2023-06-09 08:48:50'),(4,3,'Bangkok, Thailand, IP 149.57.7.39','Edge 114.0.1823.41','Windows',NULL,'2023-06-09 09:00:02','2023-06-09 09:00:02'),(5,15,'California, United States, IP 66.102.0.0','Safari 16.1','iOS',NULL,'2023-06-09 09:02:42','2023-06-09 09:02:42'),(6,1,'California, United States, IP 66.102.0.0','Safari 16.1','iOS',NULL,'2023-06-09 09:03:39','2023-06-09 09:03:39'),(7,15,'Phnom Penh, Cambodia, IP 202.93.153.224','Safari 16.1','iOS',NULL,'2023-06-09 09:08:18','2023-06-09 09:08:18'),(8,15,'Phnom Penh, Cambodia, IP 202.93.153.224','Safari 16.1','iOS',NULL,'2023-06-09 09:08:19','2023-06-09 09:08:19'),(9,15,'California, United States, IP 66.102.0.0','Safari 16.1','iOS',NULL,'2023-06-09 09:12:01','2023-06-09 09:12:01'),(10,48,'Bangkok, Thailand, IP 149.57.7.97','Chrome 114.0.0.0','Windows',NULL,'2023-06-09 12:44:41','2023-06-09 12:44:41'),(11,62,'Bangkok, Thailand, IP 49.49.232.148','Chrome 87.0.4280.141','AndroidOS',NULL,'2023-06-10 00:04:55','2023-06-10 00:04:55'),(12,1,'Bangkok, Thailand, IP 149.57.7.18','Chrome 114.0.0.0','Windows',NULL,'2023-06-10 05:42:25','2023-06-10 05:42:25'),(13,3,'Bangkok, Thailand, IP 149.57.7.4','Edge 114.0.1823.41','Windows',NULL,'2023-06-10 05:44:43','2023-06-10 05:44:43'),(14,57,'Phang Nga, Thailand, IP 159.192.43.50','Mozilla ','iOS',NULL,'2023-06-10 09:14:01','2023-06-10 09:14:01'),(15,57,'Phang Nga, Thailand, IP 159.192.43.50','Safari 15.6','iOS',NULL,'2023-06-10 09:14:29','2023-06-10 09:14:29'),(16,20,'Bangkok, Thailand, IP 149.57.7.27','Safari 16.5','OS X',NULL,'2023-06-10 09:25:48','2023-06-10 09:25:48'),(17,48,'Bangkok, Thailand, IP 149.57.7.54','Chrome 114.0.0.0','Windows',NULL,'2023-06-10 11:12:44','2023-06-10 11:12:44'),(18,48,'Bangkok, Thailand, IP 1.47.211.64','Chrome 104.0.5112.97','AndroidOS',NULL,'2023-06-10 11:21:57','2023-06-10 11:21:57'),(19,48,'Bangkok, Thailand, IP 1.47.211.64','Chrome 104.0.5112.97','AndroidOS',NULL,'2023-06-10 11:26:30','2023-06-10 11:26:30'),(20,48,'Chiang Mai, Thailand, IP 58.8.234.176','Chrome 114.0.0.0','Windows',NULL,'2023-06-10 16:03:17','2023-06-10 16:03:17'),(21,78,'Chon Buri, Thailand, IP 49.228.122.68','Chrome 114.0.0.0','AndroidOS',NULL,'2023-06-11 10:10:53','2023-06-11 10:10:53'),(22,49,'Bangkok, Thailand, IP 49.229.191.201','Chrome 114.0.0.0','AndroidOS',NULL,'2023-06-11 22:11:11','2023-06-11 22:11:11'),(23,48,'Bangkok, Thailand, IP 149.57.7.87','Chrome 114.0.0.0','Windows',NULL,'2023-06-12 05:50:16','2023-06-12 05:50:16'),(24,NULL,'Chiang Mai, Thailand, IP 58.8.234.176','Chrome 114.0.0.0','Windows',NULL,'2023-06-12 06:57:13','2023-06-12 06:57:13'),(25,1,'California, United States, IP 66.102.0.0','Chrome 114.0.0.0','Windows',NULL,'2023-06-12 08:01:25','2023-06-12 08:01:25'),(26,48,'Bangkok, Thailand, IP 149.57.7.75','Chrome 114.0.0.0','Windows',NULL,'2023-06-12 10:09:39','2023-06-12 10:09:39'),(27,1,'California, United States, IP 66.102.0.0','Chrome 114.0.0.0','Windows',NULL,'2023-06-12 10:12:21','2023-06-12 10:12:21'),(28,79,'Chiang Mai, Thailand, IP 58.8.234.176','Mozilla ','iOS',NULL,'2023-06-12 10:16:08','2023-06-12 10:16:08'),(29,79,'Chiang Mai, Thailand, IP 58.8.234.176','Mozilla ','iOS',NULL,'2023-06-12 10:18:18','2023-06-12 10:18:18'),(30,79,'Chiang Mai, Thailand, IP 58.8.234.176','Chrome 114.0.0.0','Windows',NULL,'2023-06-12 10:25:43','2023-06-12 10:25:43'),(31,NULL,'Bangkok, Thailand, IP 149.57.7.91','Edge 114.0.1823.43','Windows',NULL,'2023-06-12 10:43:21','2023-06-12 10:43:21'),(32,79,'Bangkok, Thailand, IP 149.57.7.56','Edge 114.0.1823.43','Windows',NULL,'2023-06-12 12:53:52','2023-06-12 12:53:52'),(33,79,'Chiang Mai, Thailand, IP 58.8.234.176','Mozilla ','iOS',NULL,'2023-06-12 13:10:03','2023-06-12 13:10:03'),(34,79,'Chiang Mai, Thailand, IP 58.8.234.176','Chrome 114.0.0.0','Windows',NULL,'2023-06-12 13:12:18','2023-06-12 13:12:18'),(35,79,'Chiang Mai, Thailand, IP 58.8.234.176','Safari 16.5','iOS',NULL,'2023-06-12 15:17:30','2023-06-12 15:17:30'),(36,1,'Bangkok, Thailand, IP 149.57.7.67','Chrome 114.0.0.0','Windows',NULL,'2023-06-13 03:01:53','2023-06-13 03:01:53'),(37,79,'Bangkok, Thailand, IP 149.57.7.55','Edge 114.0.1823.43','Windows',NULL,'2023-06-13 03:05:24','2023-06-13 03:05:24'),(38,1,'Phnom Penh, Cambodia, IP 110.74.192.17','Chrome 107.0.0.0','Linux',NULL,'2023-06-13 04:08:11','2023-06-13 04:08:11'),(39,48,'Bangkok, Thailand, IP 49.229.227.178','Chrome 114.0.0.0','AndroidOS',NULL,'2023-06-13 05:02:23','2023-06-13 05:02:23'),(40,79,'Bangkok, Thailand, IP 223.24.152.146','Safari 16.5','iOS',NULL,'2023-06-13 05:06:41','2023-06-13 05:06:41'),(41,1,'Bangkok, Thailand, IP 149.57.7.99','Chrome 114.0.0.0','Windows',NULL,'2023-06-13 05:29:42','2023-06-13 05:29:42'),(42,79,'Chiang Mai, Thailand, IP 182.53.234.18','Chrome 109.0.0.0','Windows',NULL,'2023-06-13 05:33:07','2023-06-13 05:33:07'),(43,79,'Bangkok, Thailand, IP 149.57.7.95','Edge 114.0.1823.43','Windows',NULL,'2023-06-13 05:33:30','2023-06-13 05:33:30'),(44,3,'Bangkok, Thailand, IP 149.57.7.99','Edge 114.0.1823.43','Windows',NULL,'2023-06-13 06:51:22','2023-06-13 06:51:22'),(45,1,'Bangkok, Thailand, IP 149.57.7.91','Chrome 114.0.0.0','Windows',NULL,'2023-06-13 08:33:39','2023-06-13 08:33:39'),(46,68,'California, United States, IP 66.102.0.0','Chrome 114.0.0.0','AndroidOS',NULL,'2023-06-13 11:37:04','2023-06-13 11:37:04'),(47,79,'Chiang Mai, Thailand, IP 58.8.234.176','Chrome 114.0.0.0','Windows',NULL,'2023-06-13 12:59:47','2023-06-13 12:59:47'),(48,79,'Chiang Mai, Thailand, IP 58.8.234.176','Chrome 114.0.0.0','Windows',NULL,'2023-06-13 17:46:52','2023-06-13 17:46:52'),(49,48,'Chiang Mai, Thailand, IP 58.8.234.176','Chrome 114.0.0.0','Windows',NULL,'2023-06-13 17:49:05','2023-06-13 17:49:05'),(50,79,'Chiang Mai, Thailand, IP 58.8.234.176','Chrome 114.0.0.0','Windows',NULL,'2023-06-13 17:52:23','2023-06-13 17:52:23'),(51,79,'Chiang Mai, Thailand, IP 58.8.234.176','Chrome 114.0.0.0','Windows',NULL,'2023-06-13 17:57:54','2023-06-13 17:57:54'),(52,1,'Bangkok, Thailand, IP 149.57.7.33','Chrome 114.0.0.0','Windows',NULL,'2023-06-14 03:24:24','2023-06-14 03:24:24'),(53,79,'Bangkok, Thailand, IP 149.57.7.45','Edge 114.0.1823.43','Windows',NULL,'2023-06-14 03:26:00','2023-06-14 03:26:00'),(54,3,'Bangkok, Thailand, IP 149.57.7.39','Edge 114.0.1823.43','Windows',NULL,'2023-06-14 03:40:25','2023-06-14 03:40:25'),(55,3,'Bangkok, Thailand, IP 149.57.7.58','Edge 114.0.1823.43','Windows',NULL,'2023-06-14 09:41:13','2023-06-14 09:41:13'),(56,1,'Bangkok, Thailand, IP 149.57.7.74','Chrome 114.0.0.0','Windows',NULL,'2023-06-14 10:06:04','2023-06-14 10:06:04'),(57,20,'Bangkok, Thailand, IP 149.57.7.8','Opera 99.0.0.0','Windows',NULL,'2023-06-14 10:51:10','2023-06-14 10:51:10'),(58,79,'Chiang Mai, Thailand, IP 58.8.234.176','Chrome 114.0.0.0','Windows',NULL,'2023-06-14 11:08:06','2023-06-14 11:08:06'),(59,79,'Bangkok, Thailand, IP 149.57.7.72','Edge 114.0.1823.43','Windows',NULL,'2023-06-14 11:25:04','2023-06-14 11:25:04'),(60,79,'Chiang Mai, Thailand, IP 58.8.234.176','Chrome 114.0.0.0','Windows',NULL,'2023-06-14 11:29:19','2023-06-14 11:29:19'),(61,79,'Chiang Mai, Thailand, IP 58.8.234.176','Chrome 114.0.0.0','Windows',NULL,'2023-06-14 11:31:47','2023-06-14 11:31:47'),(62,48,'Bangkok, Thailand, IP 149.57.7.84','Chrome 114.0.0.0','Windows',NULL,'2023-06-14 13:40:01','2023-06-14 13:40:01'),(63,48,'Bangkok, Thailand, IP 149.57.7.17','Chrome 114.0.0.0','Windows',NULL,'2023-06-15 04:03:00','2023-06-15 04:03:00'),(64,NULL,'National Capital Territory of Delhi, India, IP 194.61.40.68','Chrome 114.0.0.0','Windows',NULL,'2023-06-15 05:43:03','2023-06-15 05:43:03'),(65,20,'Bangkok, Thailand, IP 149.57.7.90','Chrome 114.0.0.0','Windows',NULL,'2023-06-15 09:09:13','2023-06-15 09:09:13'),(66,1,'Bangkok, Thailand, IP 149.57.7.15','Chrome 114.0.0.0','Windows',NULL,'2023-06-15 13:10:54','2023-06-15 13:10:54'),(67,79,'California, United States, IP 66.102.0.0','Chrome 114.0.0.0','Windows',NULL,'2023-06-15 14:09:37','2023-06-15 14:09:37'),(68,79,'California, United States, IP 66.102.0.0','Edge 114.0.1823.43','Windows',NULL,'2023-06-15 14:15:41','2023-06-15 14:15:41'),(69,79,'Chiang Mai, Thailand, IP 58.8.234.176','Chrome 114.0.0.0','Windows',NULL,'2023-06-15 14:33:37','2023-06-15 14:33:37'),(70,79,'Chiang Mai, Thailand, IP 58.8.234.176','Chrome 114.0.0.0','Windows',NULL,'2023-06-15 14:37:09','2023-06-15 14:37:09'),(71,79,'Chiang Mai, Thailand, IP 58.8.234.176','Chrome 114.0.0.0','Windows',NULL,'2023-06-15 14:51:25','2023-06-15 14:51:25'),(72,3,'Banteay Meanchey, Cambodia, IP 111.90.186.211','Safari 16.3','OS X',NULL,'2023-06-15 16:18:04','2023-06-15 16:18:04'),(73,1,'California, United States, IP 66.102.0.0','Chrome 114.0.0.0','Windows',NULL,'2023-06-16 03:14:30','2023-06-16 03:14:30'),(74,3,'Bangkok, Thailand, IP 149.57.7.107','Edge 114.0.1823.43','Windows',NULL,'2023-06-16 08:33:01','2023-06-16 08:33:01'),(75,1,'California, United States, IP 66.102.0.0','Chrome 114.0.0.0','Windows',NULL,'2023-06-16 09:03:45','2023-06-16 09:03:45'),(76,53,'National Capital Territory of Delhi, India, IP 194.61.40.28','Chrome 114.0.0.0','Windows',NULL,'2023-06-16 09:48:43','2023-06-16 09:48:43'),(77,53,'California, United States, IP 66.102.0.0','Chrome 114.0.5735.131','AndroidOS',NULL,'2023-06-16 09:52:27','2023-06-16 09:52:27'),(78,53,'Bangkok, Thailand, IP 49.230.236.18','Chrome 114.0.5735.131','AndroidOS',NULL,'2023-06-16 10:42:26','2023-06-16 10:42:26'),(79,53,'Bangkok, Thailand, IP 49.230.236.18','Chrome 114.0.5735.131','AndroidOS',NULL,'2023-06-16 10:48:51','2023-06-16 10:48:51'),(80,53,'Bangkok, Thailand, IP 49.230.236.18','Chrome 114.0.5735.131','AndroidOS',NULL,'2023-06-16 11:06:01','2023-06-16 11:06:01'),(81,53,'Bangkok, Thailand, IP 49.230.236.18','Chrome 114.0.5735.131','AndroidOS',NULL,'2023-06-16 11:20:01','2023-06-16 11:20:01'),(82,53,'Bangkok, Thailand, IP 49.230.236.18','Chrome 114.0.5735.131','AndroidOS',NULL,'2023-06-16 11:32:41','2023-06-16 11:32:41'),(83,62,'Bangkok, Thailand, IP 49.49.245.146','Chrome 114.0.5735.131','AndroidOS',NULL,'2023-06-17 04:15:19','2023-06-17 04:15:19'),(84,3,'Bangkok, Thailand, IP 149.57.7.94','Edge 114.0.1823.43','Windows',NULL,'2023-06-17 06:49:56','2023-06-17 06:49:56'),(85,1,'Bangkok, Thailand, IP 149.57.7.54','Chrome 114.0.0.0','Windows',NULL,'2023-06-17 06:50:39','2023-06-17 06:50:39'),(86,NULL,'Banteay Meanchey, Cambodia, IP 111.90.186.216','Chrome 114.0.0.0','Windows',NULL,'2023-06-17 08:49:25','2023-06-17 08:49:25'),(87,48,'Bangkok, Thailand, IP 149.57.7.105','Chrome 114.0.0.0','Windows',NULL,'2023-06-17 10:50:47','2023-06-17 10:50:47'),(88,1,'Bangkok, Thailand, IP 149.57.7.63','Chrome 114.0.0.0','Windows',NULL,'2023-06-17 11:03:29','2023-06-17 11:03:29'),(89,83,'Bangkok, Thailand, IP 49.230.145.127','Chrome 108.0.5359.128','AndroidOS',NULL,'2023-06-17 11:04:59','2023-06-17 11:04:59'),(90,32,'Bangkok, Thailand, IP 149.57.7.60','Chrome 114.0.0.0','Windows',NULL,'2023-06-17 11:15:51','2023-06-17 11:15:51'),(91,83,'California, United States, IP 66.102.0.0','Chrome 114.0.0.0','Windows',NULL,'2023-06-17 11:44:26','2023-06-17 11:44:26'),(92,1,'Bangkok, Thailand, IP 149.57.7.79','Chrome 114.0.0.0','Windows',NULL,'2023-06-17 11:45:06','2023-06-17 11:45:06'),(93,3,'Bangkok, Thailand, IP 149.57.7.90','Edge 114.0.1823.43','Windows',NULL,'2023-06-17 11:46:53','2023-06-17 11:46:53'),(94,83,'Bangkok, Thailand, IP 49.230.53.6','Chrome 108.0.5359.128','AndroidOS',NULL,'2023-06-17 11:59:50','2023-06-17 11:59:50'),(95,83,'Bangkok, Thailand, IP 49.230.53.6','Chrome 108.0.5359.128','AndroidOS',NULL,'2023-06-17 11:59:52','2023-06-17 11:59:52'),(96,83,'Bangkok, Thailand, IP 49.230.146.27','Chrome 108.0.5359.128','AndroidOS',NULL,'2023-06-17 12:00:22','2023-06-17 12:00:22'),(97,83,'Bangkok, Thailand, IP 49.230.146.27','Chrome 108.0.5359.128','AndroidOS',NULL,'2023-06-17 12:06:20','2023-06-17 12:06:20'),(98,32,'Bangkok, Thailand, IP 149.57.7.54','Chrome 114.0.0.0','Windows',NULL,'2023-06-17 12:14:58','2023-06-17 12:14:58'),(99,83,'Bangkok, Thailand, IP 149.57.7.93','Edge 114.0.1823.43','Windows',NULL,'2023-06-17 12:32:46','2023-06-17 12:32:46'),(100,3,'Bangkok, Thailand, IP 149.57.7.85','Edge 114.0.1823.43','Windows',NULL,'2023-06-17 13:14:08','2023-06-17 13:14:08'),(101,32,'Bangkok, Thailand, IP 149.57.7.94','Chrome 114.0.0.0','Windows',NULL,'2023-06-17 14:10:04','2023-06-17 14:10:04'),(102,20,'Bangkok, Thailand, IP 149.57.7.49','Chrome 114.0.0.0','Windows',NULL,'2023-06-17 14:47:02','2023-06-17 14:47:02'),(103,83,'Bangkok, Thailand, IP 49.230.146.27','Chrome 108.0.5359.128','AndroidOS',NULL,'2023-06-17 14:47:35','2023-06-17 14:47:35'),(104,83,'Bangkok, Thailand, IP 49.230.146.27','Chrome 108.0.5359.128','AndroidOS',NULL,'2023-06-17 14:47:36','2023-06-17 14:47:36'),(105,83,'Bangkok, Thailand, IP 49.230.146.27','Chrome 108.0.5359.128','AndroidOS',NULL,'2023-06-17 14:55:55','2023-06-17 14:55:55'),(106,83,'Bangkok, Thailand, IP 49.230.146.27','Chrome 108.0.5359.128','AndroidOS',NULL,'2023-06-17 14:55:56','2023-06-17 14:55:56'),(107,83,'Bangkok, Thailand, IP 49.230.146.27','Chrome 108.0.5359.128','AndroidOS',NULL,'2023-06-17 15:01:57','2023-06-17 15:01:57'),(108,83,'California, United States, IP 66.102.0.0','Chrome 108.0.5359.128','AndroidOS',NULL,'2023-06-17 15:15:55','2023-06-17 15:15:55'),(109,83,'Bangkok, Thailand, IP 49.230.146.27','Chrome 108.0.5359.128','AndroidOS',NULL,'2023-06-17 15:24:40','2023-06-17 15:24:40'),(110,83,'Bangkok, Thailand, IP 149.57.7.103','Edge 114.0.1823.43','Windows',NULL,'2023-06-17 15:27:47','2023-06-17 15:27:47'),(111,83,'Bangkok, Thailand, IP 49.230.146.27','Chrome 108.0.5359.128','AndroidOS',NULL,'2023-06-17 15:28:20','2023-06-17 15:28:20'),(112,1,'Bangkok, Thailand, IP 149.57.7.85','Chrome 114.0.0.0','Windows',NULL,'2023-06-17 15:28:46','2023-06-17 15:28:46'),(113,83,'Bangkok, Thailand, IP 149.57.7.54','Edge 114.0.1823.43','Windows',NULL,'2023-06-17 15:31:55','2023-06-17 15:31:55'),(114,83,'Bangkok, Thailand, IP 49.230.146.27','Chrome 108.0.5359.128','AndroidOS',NULL,'2023-06-17 15:43:57','2023-06-17 15:43:57'),(115,83,'Bangkok, Thailand, IP 49.230.146.27','Chrome 108.0.5359.128','AndroidOS',NULL,'2023-06-17 15:43:59','2023-06-17 15:43:59'),(116,83,'California, United States, IP 66.102.0.0','Chrome 108.0.5359.128','AndroidOS',NULL,'2023-06-17 15:49:51','2023-06-17 15:49:51'),(117,83,'California, United States, IP 66.102.0.0','Chrome 108.0.5359.128','AndroidOS',NULL,'2023-06-17 15:49:52','2023-06-17 15:49:52'),(118,83,'California, United States, IP 66.102.0.0','Chrome 108.0.5359.128','AndroidOS',NULL,'2023-06-17 15:51:57','2023-06-17 15:51:57'),(119,83,'California, United States, IP 66.102.0.0','Chrome 108.0.5359.128','AndroidOS',NULL,'2023-06-17 15:51:58','2023-06-17 15:51:58'),(120,83,'Bangkok, Thailand, IP 49.230.146.27','Chrome 108.0.5359.128','AndroidOS',NULL,'2023-06-17 15:52:44','2023-06-17 15:52:44'),(121,83,'Bangkok, Thailand, IP 49.230.146.27','Chrome 108.0.5359.128','AndroidOS',NULL,'2023-06-17 16:01:27','2023-06-17 16:01:27'),(122,83,'Bangkok, Thailand, IP 49.230.146.27','Chrome 108.0.5359.128','AndroidOS',NULL,'2023-06-17 16:09:21','2023-06-17 16:09:21'),(123,83,'Bangkok, Thailand, IP 49.230.146.27','Chrome 108.0.5359.128','AndroidOS',NULL,'2023-06-17 16:09:21','2023-06-17 16:09:21'),(124,83,'Bangkok, Thailand, IP 49.230.146.27','Chrome 108.0.5359.128','AndroidOS',NULL,'2023-06-17 16:38:20','2023-06-17 16:38:20'),(125,83,'Bangkok, Thailand, IP 49.230.146.27','Chrome 108.0.5359.128','AndroidOS',NULL,'2023-06-17 16:38:20','2023-06-17 16:38:20'),(126,83,'Bangkok, Thailand, IP 49.230.146.27','Chrome 108.0.5359.128','AndroidOS',NULL,'2023-06-17 17:03:31','2023-06-17 17:03:31'),(127,1,'Bangkok, Thailand, IP 149.57.7.34','Chrome 114.0.0.0','Windows',NULL,'2023-06-18 03:04:11','2023-06-18 03:04:11'),(128,48,'Chiang Mai, Thailand, IP 124.120.84.195','Chrome 114.0.0.0','Windows',NULL,'2023-06-18 03:42:48','2023-06-18 03:42:48'),(129,82,'Bangkok, Thailand, IP 149.57.7.43','Chrome 114.0.0.0','Windows',NULL,'2023-06-18 04:31:00','2023-06-18 04:31:00'),(130,3,'Bangkok, Thailand, IP 149.57.7.41','Edge 114.0.1823.43','Windows',NULL,'2023-06-18 04:36:00','2023-06-18 04:36:00'),(131,83,'Bangkok, Thailand, IP 49.230.146.246','Chrome 108.0.5359.128','AndroidOS',NULL,'2023-06-18 05:04:38','2023-06-18 05:04:38'),(132,83,'California, United States, IP 66.102.0.0','Chrome 108.0.5359.128','AndroidOS',NULL,'2023-06-18 05:12:02','2023-06-18 05:12:02'),(133,83,'California, United States, IP 66.102.0.0','Chrome 108.0.5359.128','AndroidOS',NULL,'2023-06-18 05:12:03','2023-06-18 05:12:03'),(134,83,'California, United States, IP 66.102.0.0','Chrome 108.0.5359.128','AndroidOS',NULL,'2023-06-18 05:15:35','2023-06-18 05:15:35'),(135,83,'Bangkok, Thailand, IP 49.230.146.246','Chrome 108.0.5359.128','AndroidOS',NULL,'2023-06-18 05:19:41','2023-06-18 05:19:41'),(136,20,'Bangkok, Thailand, IP 149.57.7.37','Chrome 114.0.0.0','Windows',NULL,'2023-06-18 05:27:04','2023-06-18 05:27:04'),(137,83,'Bangkok, Thailand, IP 49.230.146.246','Chrome 108.0.5359.128','AndroidOS',NULL,'2023-06-18 05:29:05','2023-06-18 05:29:05'),(138,83,'Bangkok, Thailand, IP 49.230.146.246','Chrome 108.0.5359.128','AndroidOS',NULL,'2023-06-18 05:29:05','2023-06-18 05:29:05'),(139,83,'Bangkok, Thailand, IP 149.57.7.33','Edge 114.0.1823.43','Windows',NULL,'2023-06-18 05:35:52','2023-06-18 05:35:52'),(140,3,'Bangkok, Thailand, IP 149.57.7.33','Edge 114.0.1823.43','Windows',NULL,'2023-06-18 05:36:30','2023-06-18 05:36:30'),(141,83,'Bangkok, Thailand, IP 49.230.146.246','Chrome 108.0.5359.128','AndroidOS',NULL,'2023-06-18 05:39:07','2023-06-18 05:39:07'),(142,83,'Bangkok, Thailand, IP 49.230.144.123','Chrome 108.0.5359.128','AndroidOS',NULL,'2023-06-18 06:29:44','2023-06-18 06:29:44'),(143,83,'Bangkok, Thailand, IP 49.230.144.123','Chrome 108.0.5359.128','AndroidOS',NULL,'2023-06-18 07:01:39','2023-06-18 07:01:39'),(144,83,'Bangkok, Thailand, IP 49.230.144.123','Chrome 108.0.5359.128','AndroidOS',NULL,'2023-06-18 07:05:48','2023-06-18 07:05:48'),(145,82,'Bangkok, Thailand, IP 149.57.7.49','Chrome 114.0.0.0','Windows',NULL,'2023-06-18 08:55:29','2023-06-18 08:55:29'),(146,NULL,'Bangkok, Thailand, IP 149.57.7.33','Edge 114.0.1823.43','Windows',NULL,'2023-06-18 09:13:00','2023-06-18 09:13:00'),(147,1,'Bangkok, Thailand, IP 149.57.7.19','Chrome 114.0.0.0','Windows',NULL,'2023-06-18 09:14:34','2023-06-18 09:14:34'),(148,84,'Phuket, Thailand, IP 110.168.243.175','Mozilla ','iOS',NULL,'2023-06-18 09:15:56','2023-06-18 09:15:56'),(149,3,'Bangkok, Thailand, IP 149.57.7.47','Edge 114.0.1823.51','Windows',NULL,'2023-06-18 10:43:51','2023-06-18 10:43:51'),(150,48,'Banteay Meanchey, Cambodia, IP 111.90.186.197','Chrome 114.0.0.0','Windows',NULL,'2023-06-18 13:00:56','2023-06-18 13:00:56'),(151,NULL,'Bangkok, Thailand, IP 223.24.164.79','Chrome 113.0.5672.77','AndroidOS',NULL,'2023-06-19 04:40:26','2023-06-19 04:40:26'),(152,83,'Bangkok, Thailand, IP 149.57.7.78','Edge 114.0.1823.51','Windows',NULL,'2023-06-19 08:07:50','2023-06-19 08:07:50'),(153,82,'Banteay Meanchey, Cambodia, IP 111.90.186.211','Chrome 114.0.0.0','Windows',NULL,'2023-06-19 08:32:17','2023-06-19 08:32:17'),(154,3,'Bangkok, Thailand, IP 149.57.7.57','Edge 114.0.1823.51','Windows',NULL,'2023-06-19 09:14:06','2023-06-19 09:14:06'),(155,1,'Bangkok, Thailand, IP 149.57.7.106','Chrome 114.0.0.0','Windows',NULL,'2023-06-19 09:20:02','2023-06-19 09:20:02'),(156,1,'Phnom Penh, Cambodia, IP 117.20.117.32','Safari 16.1','iOS',NULL,'2023-06-19 09:24:18','2023-06-19 09:24:18'),(157,48,'California, United States, IP 66.102.0.0','Chrome 114.0.0.0','Windows',NULL,'2023-06-19 10:00:54','2023-06-19 10:00:54'),(158,48,'Banteay Meanchey, Cambodia, IP 111.90.186.197','Chrome 114.0.0.0','Windows',NULL,'2023-06-19 12:27:29','2023-06-19 12:27:29'),(159,32,'California, United States, IP 66.102.0.0','Chrome 114.0.0.0','Windows',NULL,'2023-06-19 12:31:31','2023-06-19 12:31:31'),(160,1,'Bangkok, Thailand, IP 149.57.7.70','Chrome 114.0.0.0','Windows',NULL,'2023-06-19 12:53:16','2023-06-19 12:53:16'),(161,62,'Bangkok, Thailand, IP 49.49.233.101','Chrome 114.0.5735.131','AndroidOS',NULL,'2023-06-20 00:28:39','2023-06-20 00:28:39'),(162,3,'Bangkok, Thailand, IP 149.57.7.209','Edge 114.0.1823.51','Windows',NULL,'2023-06-20 05:47:22','2023-06-20 05:47:22'),(163,1,'Bangkok, Thailand, IP 149.57.7.211','Chrome 114.0.0.0','Windows',NULL,'2023-06-20 05:51:48','2023-06-20 05:51:48'),(164,20,'Bangkok, Thailand, IP 149.57.7.72','Chrome 114.0.0.0','Windows',NULL,'2023-06-20 05:59:11','2023-06-20 05:59:11'),(165,32,'California, United States, IP 66.102.0.0','Chrome 114.0.0.0','Windows',NULL,'2023-06-20 08:17:44','2023-06-20 08:17:44'),(166,1,'Bangkok, Thailand, IP 149.57.7.238','Chrome 114.0.0.0','Windows',NULL,'2023-06-20 09:58:26','2023-06-20 09:58:26'),(167,3,'Bangkok, Thailand, IP 149.57.7.192','Edge 114.0.1823.51','Windows',NULL,'2023-06-20 10:27:55','2023-06-20 10:27:55'),(168,59,'Bangkok, Thailand, IP 149.57.7.239','Edge 114.0.1823.51','Windows',NULL,'2023-06-20 10:48:06','2023-06-20 10:48:06'),(169,59,'Bangkok, Thailand, IP 182.232.234.52','Chrome 113.0.5672.162','AndroidOS',NULL,'2023-06-20 11:04:32','2023-06-20 11:04:32'),(170,59,'Bangkok, Thailand, IP 182.232.234.52','Chrome 113.0.5672.162','AndroidOS',NULL,'2023-06-20 11:13:31','2023-06-20 11:13:31'),(171,59,'Bangkok, Thailand, IP 182.232.234.52','Chrome 113.0.5672.162','AndroidOS',NULL,'2023-06-20 11:23:08','2023-06-20 11:23:08'),(172,20,'California, United States, IP 66.102.0.0','Chrome 114.0.0.0','Windows',NULL,'2023-06-20 12:16:49','2023-06-20 12:16:49'),(173,1,'Bangkok, Thailand, IP 149.57.7.31','Chrome 114.0.0.0','Windows',NULL,'2023-06-20 14:09:22','2023-06-20 14:09:22'),(174,1,'Bangkok, Thailand, IP 149.57.7.17','Chrome 114.0.0.0','Windows',NULL,'2023-06-21 03:22:18','2023-06-21 03:22:18'),(175,1,'Phnom Penh, Cambodia, IP 202.93.153.249','Chrome 114.0.0.0','Windows',NULL,'2023-06-21 08:48:02','2023-06-21 08:48:02'),(176,20,'Bangkok, Thailand, IP 149.57.7.244','Chrome 114.0.0.0','Windows',NULL,'2023-06-21 08:49:19','2023-06-21 08:49:19'),(177,1,'Bangkok, Thailand, IP 149.57.7.98','Chrome 114.0.0.0','Windows',NULL,'2023-06-21 08:50:33','2023-06-21 08:50:33'),(178,3,'Bangkok, Thailand, IP 149.57.7.89','Chrome 114.0.0.0','Windows',NULL,'2023-06-21 09:15:52','2023-06-21 09:15:52'),(179,1,'Phnom Penh, Cambodia, IP 110.74.192.17','Chrome 107.0.0.0','Linux',NULL,'2023-06-21 10:21:24','2023-06-21 10:21:24'),(180,32,'Bangkok, Thailand, IP 149.57.7.204','Chrome 114.0.0.0','Windows',NULL,'2023-06-21 10:31:45','2023-06-21 10:31:45'),(181,1,'California, United States, IP 66.102.0.0','Chrome 114.0.0.0','Windows',NULL,'2023-06-21 10:33:44','2023-06-21 10:33:44'),(182,20,'Bangkok, Thailand, IP 149.57.7.188','Chrome 114.0.0.0','Windows',NULL,'2023-06-21 12:05:00','2023-06-21 12:05:00'),(183,20,'Bangkok, Thailand, IP 149.57.7.188','Chrome 114.0.0.0','Windows',NULL,'2023-06-21 12:05:01','2023-06-21 12:05:01'),(184,3,'Bangkok, Thailand, IP 149.57.7.56','Edge 114.0.1823.51','Windows',NULL,'2023-06-21 12:07:06','2023-06-21 12:07:06'),(185,3,'Bangkok, Thailand, IP 149.57.7.56','Chrome 114.0.0.0','Windows',NULL,'2023-06-21 12:07:49','2023-06-21 12:07:49'),(186,3,'Bangkok, Thailand, IP 149.57.7.96','Opera 99.0.0.0','Windows',NULL,'2023-06-21 12:09:05','2023-06-21 12:09:05'),(187,1,'Phnom Penh, Cambodia, IP 27.109.114.185','Chrome 108.0.0.0','Linux',NULL,'2023-06-21 18:20:43','2023-06-21 18:20:43'),(188,1,'Phnom Penh, Cambodia, IP 202.93.153.249','Safari 16.1','iOS',NULL,'2023-06-21 22:44:53','2023-06-21 22:44:53'),(189,1,'Phnom Penh, Cambodia, IP 202.93.153.249','Safari 16.1','iOS',NULL,'2023-06-21 22:47:49','2023-06-21 22:47:49'),(190,1,'Bangkok, Thailand, IP 149.57.7.69','Chrome 114.0.0.0','Windows',NULL,'2023-06-22 02:48:19','2023-06-22 02:48:19'),(191,1,'Phnom Penh, Cambodia, IP 117.20.117.13','Safari 16.1','iOS',NULL,'2023-06-22 03:12:01','2023-06-22 03:12:01'),(192,1,'Phnom Penh, Cambodia, IP 110.74.192.17','Chrome 107.0.0.0','Linux',NULL,'2023-06-22 04:06:37','2023-06-22 04:06:37'),(193,NULL,'Bangkok, Thailand, IP 149.57.7.190','Opera 99.0.0.0','Windows',NULL,'2023-06-22 04:56:20','2023-06-22 04:56:20'),(194,1,'Bangkok, Thailand, IP 149.57.7.87','Chrome 114.0.0.0','Windows',NULL,'2023-06-22 04:59:18','2023-06-22 04:59:18'),(195,1,'Phnom Penh, Cambodia, IP 202.93.153.249','Safari 16.1','iOS',NULL,'2023-06-22 05:14:27','2023-06-22 05:14:27'),(196,1,'Phnom Penh, Cambodia, IP 110.74.192.17','Chrome 114.0.0.0','Linux',NULL,'2023-06-22 05:23:29','2023-06-22 05:23:29'),(197,15,'Phnom Penh, Cambodia, IP 202.93.153.249','Safari 16.1','iOS',NULL,'2023-06-22 05:37:38','2023-06-22 05:37:38'),(198,1,'Bangkok, Thailand, IP 149.57.7.225','Chrome 114.0.0.0','Windows',NULL,'2023-06-22 06:55:37','2023-06-22 06:55:37'),(199,32,'Bangkok, Thailand, IP 149.57.7.181','Chrome 114.0.0.0','Windows',NULL,'2023-06-22 07:21:39','2023-06-22 07:21:39'),(200,3,'Bangkok, Thailand, IP 149.57.7.78','Opera 99.0.0.0','Windows',NULL,'2023-06-22 08:28:43','2023-06-22 08:28:43'),(201,NULL,'Surin, Thailand, IP 27.145.147.158','Chrome 95.0.4638.74','AndroidOS',NULL,'2023-06-22 09:13:47','2023-06-22 09:13:47'),(202,87,'Surin, Thailand, IP 27.145.147.158','Chrome 70.0.3538.64','AndroidOS',NULL,'2023-06-22 09:26:38','2023-06-22 09:26:38'),(203,20,'Bangkok, Thailand, IP 149.57.7.51','Chrome 114.0.0.0','Windows',NULL,'2023-06-22 09:26:42','2023-06-22 09:26:42'),(204,1,'California, United States, IP 66.102.0.0','Safari 16.1','iOS',NULL,'2023-06-22 10:58:57','2023-06-22 10:58:57'),(205,86,'Bangkok, Thailand, IP 149.57.7.192','Opera 99.0.0.0','Windows',NULL,'2023-06-22 11:22:42','2023-06-22 11:22:42'),(206,86,'Bangkok, Thailand, IP 49.237.43.192','Chrome 114.0.5735.131','AndroidOS',NULL,'2023-06-22 12:01:15','2023-06-22 12:01:15'),(207,86,'California, United States, IP 66.102.0.0','Chrome 114.0.5735.131','AndroidOS',NULL,'2023-06-22 12:04:15','2023-06-22 12:04:15'),(208,86,'Bangkok, Thailand, IP 149.57.7.204','Opera 99.0.0.0','Windows',NULL,'2023-06-22 12:07:38','2023-06-22 12:07:38'),(209,86,'Bangkok, Thailand, IP 49.237.43.192','Chrome 114.0.5735.131','AndroidOS',NULL,'2023-06-22 12:09:22','2023-06-22 12:09:22'),(210,86,'Bangkok, Thailand, IP 49.237.43.192','Chrome 114.0.5735.131','AndroidOS',NULL,'2023-06-22 12:14:45','2023-06-22 12:14:45'),(211,1,'California, United States, IP 66.102.0.0','Chrome 114.0.0.0','Windows',NULL,'2023-06-22 12:27:36','2023-06-22 12:27:36'),(212,3,'Bangkok, Thailand, IP 149.57.7.65','Opera 99.0.0.0','Windows',NULL,'2023-06-22 13:37:33','2023-06-22 13:37:33'),(213,1,'Phnom Penh, Cambodia, IP 202.93.153.249','Safari 16.1','iOS',NULL,'2023-06-23 02:18:09','2023-06-23 02:18:09'),(214,86,'Bangkok, Thailand, IP 149.57.7.41','Opera 99.0.0.0','Windows',NULL,'2023-06-23 04:10:31','2023-06-23 04:10:31'),(215,20,'Bangkok, Thailand, IP 149.57.7.28','Chrome 114.0.0.0','Windows',NULL,'2023-06-23 04:11:05','2023-06-23 04:11:05'),(216,1,'Bangkok, Thailand, IP 149.57.7.23','Chrome 114.0.0.0','Windows',NULL,'2023-06-23 04:13:11','2023-06-23 04:13:11'),(217,85,'Bangkok, Thailand, IP 223.24.146.233','Chrome 113.0.5672.77','AndroidOS',NULL,'2023-06-23 04:22:08','2023-06-23 04:22:08'),(218,85,'Bangkok, Thailand, IP 223.24.146.233','Chrome 113.0.5672.77','AndroidOS',NULL,'2023-06-23 04:25:56','2023-06-23 04:25:56'),(219,48,'Bangkok, Thailand, IP 149.57.7.177','Chrome 114.0.0.0','Windows',NULL,'2023-06-23 04:26:04','2023-06-23 04:26:04'),(220,85,'Bangkok, Thailand, IP 223.24.146.233','Chrome 113.0.5672.77','AndroidOS',NULL,'2023-06-23 04:31:51','2023-06-23 04:31:51'),(221,86,'Bangkok, Thailand, IP 223.24.149.56','Chrome 70.0.3538.110','AndroidOS',NULL,'2023-06-23 04:56:06','2023-06-23 04:56:06'),(222,86,'California, United States, IP 66.102.0.0','Opera 99.0.0.0','Windows',NULL,'2023-06-23 05:03:13','2023-06-23 05:03:13'),(223,86,'Bangkok, Thailand, IP 223.24.149.56','Chrome 70.0.3538.110','AndroidOS',NULL,'2023-06-23 05:04:24','2023-06-23 05:04:24'),(224,85,'Bangkok, Thailand, IP 223.24.188.10','Chrome 87.0.4280.141','AndroidOS',NULL,'2023-06-23 05:20:58','2023-06-23 05:20:58'),(225,3,'Bangkok, Thailand, IP 149.57.7.32','Firefox 111.0','Windows',NULL,'2023-06-23 05:23:55','2023-06-23 05:23:55'),(226,85,'Bangkok, Thailand, IP 223.24.188.10','Chrome 87.0.4280.141','AndroidOS',NULL,'2023-06-23 05:24:30','2023-06-23 05:24:30'),(227,1,'Phnom Penh, Cambodia, IP 202.93.153.249','Safari 16.1','iOS',NULL,'2023-06-23 05:30:20','2023-06-23 05:30:20'),(228,85,'Bangkok, Thailand, IP 223.24.188.10','Chrome 87.0.4280.141','AndroidOS',NULL,'2023-06-23 05:41:18','2023-06-23 05:41:18'),(229,85,'Bangkok, Thailand, IP 223.24.188.10','Chrome 87.0.4280.141','AndroidOS',NULL,'2023-06-23 05:43:41','2023-06-23 05:43:41'),(230,1,'Phnom Penh, Cambodia, IP 202.93.153.249','Safari 16.1','iOS',NULL,'2023-06-23 05:47:11','2023-06-23 05:47:11'),(231,32,'Bangkok, Thailand, IP 149.57.7.20','Chrome 114.0.0.0','Windows',NULL,'2023-06-23 05:54:04','2023-06-23 05:54:04'),(232,85,'Bangkok, Thailand, IP 223.24.188.10','Chrome 87.0.4280.141','AndroidOS',NULL,'2023-06-23 06:18:48','2023-06-23 06:18:48'),(233,85,'Bangkok, Thailand, IP 223.24.188.10','Chrome 87.0.4280.141','AndroidOS',NULL,'2023-06-23 06:24:36','2023-06-23 06:24:36'),(234,3,'Bangkok, Thailand, IP 149.57.7.39','Safari 14.0.3','iOS',NULL,'2023-06-23 06:42:44','2023-06-23 06:42:44'),(235,85,'Bangkok, Thailand, IP 223.24.188.10','Chrome 87.0.4280.141','AndroidOS',NULL,'2023-06-23 06:43:28','2023-06-23 06:43:28'),(236,85,'Bangkok, Thailand, IP 223.24.188.10','Chrome 87.0.4280.141','AndroidOS',NULL,'2023-06-23 06:51:18','2023-06-23 06:51:18'),(237,86,'Bangkok, Thailand, IP 149.57.7.8','Opera 99.0.0.0','Windows',NULL,'2023-06-23 06:52:59','2023-06-23 06:52:59'),(238,88,'Bangkok, Thailand, IP 124.120.2.60','Chrome 114.0.5735.131','AndroidOS',NULL,'2023-06-23 06:56:18','2023-06-23 06:56:18'),(239,3,'Bangkok, Thailand, IP 118.175.131.200','Chrome 114.0.5735.130','AndroidOS',NULL,'2023-06-23 06:56:25','2023-06-23 06:56:25'),(240,3,'Songkhla, Thailand, IP 180.180.159.47','Chrome 114.0.5735.130','AndroidOS',NULL,'2023-06-23 06:58:59','2023-06-23 06:58:59'),(241,88,'Bangkok, Thailand, IP 124.120.2.60','Chrome 114.0.5735.131','AndroidOS',NULL,'2023-06-23 07:02:46','2023-06-23 07:02:46'),(242,88,'California, United States, IP 66.102.0.0','Opera 99.0.0.0','Windows',NULL,'2023-06-23 07:05:51','2023-06-23 07:05:51'),(243,85,'Bangkok, Thailand, IP 223.24.188.10','Chrome 87.0.4280.141','AndroidOS',NULL,'2023-06-23 07:06:35','2023-06-23 07:06:35'),(244,88,'California, United States, IP 66.102.0.0','Chrome 114.0.5735.131','AndroidOS',NULL,'2023-06-23 07:07:27','2023-06-23 07:07:27'),(245,3,'Songkhla, Thailand, IP 180.180.159.47','Chrome 114.0.0.0','AndroidOS',NULL,'2023-06-23 07:09:02','2023-06-23 07:09:02'),(246,32,'Bangkok, Thailand, IP 149.57.7.211','Chrome 114.0.0.0','Windows',NULL,'2023-06-23 07:18:59','2023-06-23 07:18:59'),(247,NULL,'Bangkok, Thailand, IP 149.57.7.2','Safari 14.0.3','iOS',NULL,'2023-06-23 07:58:56','2023-06-23 07:58:56'),(248,86,'California, United States, IP 66.102.0.0','Opera 99.0.0.0','Windows',NULL,'2023-06-23 08:11:19','2023-06-23 08:11:19'),(249,3,'Bangkok, Thailand, IP 149.57.7.35','Safari 14.0.3','iOS',NULL,'2023-06-23 08:13:50','2023-06-23 08:13:50'),(250,32,'California, United States, IP 66.102.0.0','Chrome 114.0.5735.130','AndroidOS',NULL,'2023-06-23 08:22:28','2023-06-23 08:22:28'),(251,3,'Nakhon Sawan, Thailand, IP 223.207.220.213','Chrome 114.0.5735.130','AndroidOS',NULL,'2023-06-23 08:31:29','2023-06-23 08:31:29'),(252,NULL,'California, United States, IP 66.102.0.0','Chrome 104.0.5112.97','AndroidOS',NULL,'2023-06-23 09:05:34','2023-06-23 09:05:34'),(253,90,'Bangkok, Thailand, IP 1.46.24.224','Chrome 104.0.5112.97','AndroidOS',NULL,'2023-06-23 09:13:44','2023-06-23 09:13:44'),(254,NULL,'Bangkok, Thailand, IP 149.57.7.16','Opera 99.0.0.0','Windows',NULL,'2023-06-23 09:41:39','2023-06-23 09:41:39'),(255,92,'Bangkok, Thailand, IP 27.55.76.99','Mozilla ','iOS',NULL,'2023-06-23 09:44:27','2023-06-23 09:44:27'),(256,85,'Bangkok, Thailand, IP 223.24.188.10','Chrome 87.0.4280.141','AndroidOS',NULL,'2023-06-23 09:48:42','2023-06-23 09:48:42'),(257,92,'Bangkok, Thailand, IP 27.55.76.99','Mozilla ','iOS',NULL,'2023-06-23 09:55:35','2023-06-23 09:55:35'),(258,NULL,'Bangkok, Thailand, IP 149.57.7.23','Opera 99.0.0.0','Windows',NULL,'2023-06-23 09:57:26','2023-06-23 09:57:26'),(259,85,'Bangkok, Thailand, IP 223.24.188.10','Chrome 87.0.4280.141','AndroidOS',NULL,'2023-06-23 09:57:33','2023-06-23 09:57:33'),(260,NULL,'Bangkok, Thailand, IP 149.57.7.32','Safari 14.1.2','iOS',NULL,'2023-06-23 12:06:27','2023-06-23 12:06:27'),(261,94,'Bangkok, Thailand, IP 149.57.7.32','Safari 14.1.2','iOS',NULL,'2023-06-23 12:07:07','2023-06-23 12:07:07'),(262,94,'Nakhon Sawan, Thailand, IP 223.207.220.213','Chrome 114.0.5735.130','AndroidOS',NULL,'2023-06-23 12:11:06','2023-06-23 12:11:06'),(263,NULL,'Bangkok, Thailand, IP 149.57.7.225','Chrome 114.0.0.0','Windows',NULL,'2023-06-23 12:42:19','2023-06-23 12:42:19'),(264,1,'Banteay Meanchey, Cambodia, IP 111.90.186.197','Safari 16.1','iOS',NULL,'2023-06-23 13:26:22','2023-06-23 13:26:22'),(265,85,'Bangkok, Thailand, IP 223.24.153.47','Chrome 87.0.4280.141','AndroidOS',NULL,'2023-06-24 00:02:20','2023-06-24 00:02:20'),(266,85,'Bangkok, Thailand, IP 223.24.148.248','Chrome 87.0.4280.141','AndroidOS',NULL,'2023-06-24 02:14:48','2023-06-24 02:14:48'),(267,85,'Bangkok, Thailand, IP 223.24.148.248','Chrome 87.0.4280.141','AndroidOS',NULL,'2023-06-24 02:21:06','2023-06-24 02:21:06'),(268,85,'Bangkok, Thailand, IP 223.24.148.248','Chrome 87.0.4280.141','AndroidOS',NULL,'2023-06-24 02:32:15','2023-06-24 02:32:15'),(269,1,'Phnom Penh, Cambodia, IP 202.93.153.249','Safari 16.1','iOS',NULL,'2023-06-24 03:24:23','2023-06-24 03:24:23'),(270,85,'Bangkok, Thailand, IP 223.24.148.248','Chrome 87.0.4280.141','AndroidOS',NULL,'2023-06-24 03:27:25','2023-06-24 03:27:25'),(271,1,'Bangkok, Thailand, IP 149.57.7.67','Chrome 114.0.0.0','Windows',NULL,'2023-06-24 03:28:59','2023-06-24 03:28:59'),(272,85,'Bangkok, Thailand, IP 223.24.148.248','Chrome 87.0.4280.141','AndroidOS',NULL,'2023-06-24 03:29:03','2023-06-24 03:29:03'),(273,95,'California, United States, IP 66.102.0.0','Chrome 114.0.0.0','Windows',NULL,'2023-06-24 04:11:47','2023-06-24 04:11:47'),(274,85,'Bangkok, Thailand, IP 223.24.148.248','Chrome 87.0.4280.141','AndroidOS',NULL,'2023-06-24 04:15:19','2023-06-24 04:15:19'),(275,86,'Bangkok, Thailand, IP 149.57.7.188','Opera 99.0.0.0','Windows',NULL,'2023-06-24 04:15:21','2023-06-24 04:15:21'),(276,95,'Bangkok, Thailand, IP 149.57.7.198','Chrome 114.0.0.0','Windows',NULL,'2023-06-24 04:34:04','2023-06-24 04:34:04'),(277,NULL,'Bangkok, Thailand, IP 149.57.7.60','Edge 114.0.1823.51','Windows',NULL,'2023-06-24 04:45:47','2023-06-24 04:45:47'),(278,94,'Nakhon Sawan, Thailand, IP 223.207.220.213','Chrome 114.0.5735.130','AndroidOS',NULL,'2023-06-24 04:50:06','2023-06-24 04:50:06'),(279,85,'Bangkok, Thailand, IP 223.24.148.248','Chrome 87.0.4280.141','AndroidOS',NULL,'2023-06-24 05:39:59','2023-06-24 05:39:59'),(280,85,'Bangkok, Thailand, IP 223.24.148.248','Chrome 87.0.4280.141','AndroidOS',NULL,'2023-06-24 05:41:50','2023-06-24 05:41:50'),(281,85,'Bangkok, Thailand, IP 223.24.148.248','Chrome 87.0.4280.141','AndroidOS',NULL,'2023-06-24 05:46:15','2023-06-24 05:46:15'),(282,1,'Phnom Penh, Cambodia, IP 202.93.153.249','Chrome 114.0.0.0','Windows',NULL,'2023-06-24 06:00:46','2023-06-24 06:00:46'),(283,15,'Phnom Penh, Cambodia, IP 202.93.153.249','Safari 16.1','iOS',NULL,'2023-06-24 06:08:48','2023-06-24 06:08:48'),(284,15,'Phnom Penh, Cambodia, IP 202.93.153.249','Safari 16.1','iOS',NULL,'2023-06-24 06:08:55','2023-06-24 06:08:55'),(285,15,'Phnom Penh, Cambodia, IP 202.93.153.249','Safari 16.1','iOS',NULL,'2023-06-24 06:09:45','2023-06-24 06:09:45'),(286,1,'California, United States, IP 66.102.0.0','Chrome 114.0.0.0','Windows',NULL,'2023-06-24 07:18:55','2023-06-24 07:18:55'),(287,85,'Bangkok, Thailand, IP 223.24.148.248','Chrome 87.0.4280.141','AndroidOS',NULL,'2023-06-24 07:42:43','2023-06-24 07:42:43'),(288,15,'Phnom Penh, Cambodia, IP 117.20.113.70','Chrome 114.0.0.0','Linux',NULL,'2023-06-24 07:43:53','2023-06-24 07:43:53'),(289,1,'Phnom Penh, Cambodia, IP 117.20.113.70','Chrome 108.0.0.0','Linux',NULL,'2023-06-24 07:47:51','2023-06-24 07:47:51');

--
-- Table structure for table `vip_packages`
--

CREATE TABLE `vip_packages` (
  `id` bigint unsigned NOT NULL AUTO_INCREMENT,
  `customer_vip_id` int NOT NULL,
  `product_id` int NOT NULL,
  `percent` int NOT NULL DEFAULT '0',
  `created_at` timestamp NULL DEFAULT NULL,
  `updated_at` timestamp NULL DEFAULT NULL,
  PRIMARY KEY (`id`)
) ENGINE=InnoDB AUTO_INCREMENT=10290 DEFAULT CHARSET=utf8mb4 COLLATE=utf8mb4_unicode_ci ROW_FORMAT=DYNAMIC;

--
-- Dumping data for table `vip_packages`
--

INSERT INTO `vip_packages` VALUES (3279,13,419,0,'2023-05-16 11:01:25','2023-05-16 11:01:25'),(3280,13,420,0,'2023-05-16 11:01:25','2023-05-16 11:01:25'),(3281,13,421,0,'2023-05-16 11:01:25','2023-05-16 11:01:25'),(3282,13,422,0,'2023-05-16 11:01:25','2023-05-16 11:01:25'),(3283,13,423,0,'2023-05-16 11:01:25','2023-05-16 11:01:25'),(3284,13,424,0,'2023-05-16 11:01:25','2023-05-16 11:01:25'),(3285,13,425,0,'2023-05-16 11:01:25','2023-05-16 11:01:25'),(3286,13,426,0,'2023-05-16 11:01:25','2023-05-16 11:01:25'),(3287,13,427,0,'2023-05-16 11:01:25','2023-05-16 11:01:25'),(3288,13,428,0,'2023-05-16 11:01:25','2023-05-16 11:01:25'),(3289,13,429,0,'2023-05-16 11:01:25','2023-05-16 11:01:25'),(3290,13,430,0,'2023-05-16 11:01:25','2023-05-16 11:01:25'),(3291,13,431,0,'2023-05-16 11:01:25','2023-05-16 11:01:25'),(3292,13,432,0,'2023-05-16 11:01:25','2023-05-16 11:01:25'),(3293,13,433,0,'2023-05-16 11:01:25','2023-05-16 11:01:25'),(3294,13,434,0,'2023-05-16 11:01:25','2023-05-16 11:01:25'),(3295,13,435,0,'2023-05-16 11:01:25','2023-05-16 11:01:25'),(3296,13,436,0,'2023-05-16 11:01:25','2023-05-16 11:01:25'),(3297,13,437,0,'2023-05-16 11:01:25','2023-05-16 11:01:25'),(3298,13,438,0,'2023-05-16 11:01:25','2023-05-16 11:01:25'),(3299,13,439,0,'2023-05-16 11:01:25','2023-05-16 11:01:25'),(3300,13,440,0,'2023-05-16 11:01:25','2023-05-16 11:01:25'),(3301,13,441,0,'2023-05-16 11:01:25','2023-05-16 11:01:25'),(3302,13,442,0,'2023-05-16 11:01:25','2023-05-16 11:01:25'),(3303,13,443,0,'2023-05-16 11:01:25','2023-05-16 11:01:25'),(3304,13,444,0,'2023-05-16 11:01:25','2023-05-16 11:01:25'),(3305,13,445,0,'2023-05-16 11:01:25','2023-05-16 11:01:25'),(3306,13,446,0,'2023-05-16 11:01:25','2023-05-16 11:01:25'),(3307,13,447,0,'2023-05-16 11:01:25','2023-05-16 11:01:25'),(3308,13,448,0,'2023-05-16 11:01:25','2023-05-16 11:01:25'),(3309,13,449,0,'2023-05-16 11:01:25','2023-05-16 11:01:25'),(3310,13,450,0,'2023-05-16 11:01:25','2023-05-16 11:01:25'),(3311,13,451,0,'2023-05-16 11:01:25','2023-05-16 11:01:25'),(3312,13,452,0,'2023-05-16 11:01:25','2023-05-16 11:01:25'),(3313,13,453,0,'2023-05-16 11:01:25','2023-05-16 11:01:25'),(3314,13,454,0,'2023-05-16 11:01:25','2023-05-16 11:01:25'),(3315,13,455,0,'2023-05-16 11:01:25','2023-05-16 11:01:25'),(3316,13,456,0,'2023-05-16 11:01:25','2023-05-16 11:01:25'),(3317,13,457,0,'2023-05-16 11:01:25','2023-05-16 11:01:25'),(3318,13,458,0,'2023-05-16 11:01:25','2023-05-16 11:01:25'),(3319,13,459,0,'2023-05-16 11:01:25','2023-05-16 11:01:25'),(3320,13,460,0,'2023-05-16 11:01:25','2023-05-16 11:01:25'),(3321,13,461,0,'2023-05-16 11:01:25','2023-05-16 11:01:25'),(3322,13,462,0,'2023-05-16 11:01:25','2023-05-16 11:01:25'),(3323,13,463,0,'2023-05-16 11:01:25','2023-05-16 11:01:25'),(3324,13,464,0,'2023-05-16 11:01:25','2023-05-16 11:01:25'),(3325,13,465,0,'2023-05-16 11:01:25','2023-05-16 11:01:25'),(3326,13,466,0,'2023-05-16 11:01:25','2023-05-16 11:01:25'),(3327,13,467,0,'2023-05-16 11:01:25','2023-05-16 11:01:25'),(3328,13,468,0,'2023-05-16 11:01:25','2023-05-16 11:01:25'),(3329,13,469,0,'2023-05-16 11:01:25','2023-05-16 11:01:25'),(3330,13,470,0,'2023-05-16 11:01:25','2023-05-16 11:01:25'),(3331,13,471,0,'2023-05-16 11:01:25','2023-05-16 11:01:25'),(3332,13,472,0,'2023-05-16 11:01:25','2023-05-16 11:01:25'),(3333,13,473,0,'2023-05-16 11:01:25','2023-05-16 11:01:25'),(3334,13,474,0,'2023-05-16 11:01:25','2023-05-16 11:01:25'),(3335,13,475,0,'2023-05-16 11:01:25','2023-05-16 11:01:25'),(3336,13,477,0,'2023-05-16 11:01:25','2023-05-16 11:01:25'),(3337,13,478,0,'2023-05-16 11:01:25','2023-05-16 11:01:25'),(3338,13,479,0,'2023-05-16 11:01:25','2023-05-16 11:01:25'),(3339,13,480,0,'2023-05-16 11:01:25','2023-05-16 11:01:25'),(3340,13,481,0,'2023-05-16 11:01:25','2023-05-16 11:01:25'),(3341,13,482,0,'2023-05-16 11:01:25','2023-05-16 11:01:25'),(3342,13,483,0,'2023-05-16 11:01:25','2023-05-16 11:01:25'),(3343,13,484,0,'2023-05-16 11:01:25','2023-05-16 11:01:25'),(3344,13,485,0,'2023-05-16 11:01:25','2023-05-16 11:01:25'),(3345,13,486,0,'2023-05-16 11:01:25','2023-05-16 11:01:25'),(3346,13,487,0,'2023-05-16 11:01:25','2023-05-16 11:01:25'),(3347,13,488,0,'2023-05-16 11:01:25','2023-05-16 11:01:25'),(3348,13,489,0,'2023-05-16 11:01:25','2023-05-16 11:01:25'),(3349,13,490,0,'2023-05-16 11:01:25','2023-05-16 11:01:25'),(3350,13,491,0,'2023-05-16 11:01:25','2023-05-16 11:01:25'),(3351,13,492,0,'2023-05-16 11:01:25','2023-05-16 11:01:25'),(3352,13,493,0,'2023-05-16 11:01:25','2023-05-16 11:01:25'),(3353,13,494,0,'2023-05-16 11:01:25','2023-05-16 11:01:25'),(3354,13,495,0,'2023-05-16 11:01:25','2023-05-16 11:01:25'),(3355,13,496,0,'2023-05-16 11:01:25','2023-05-16 11:01:25'),(3442,15,583,0,'2023-05-16 11:02:11','2023-05-16 11:02:11'),(3443,15,584,0,'2023-05-16 11:02:11','2023-05-16 11:02:11'),(3444,15,585,0,'2023-05-16 11:02:11','2023-05-16 11:02:11'),(3445,15,586,0,'2023-05-16 11:02:11','2023-05-16 11:02:11'),(3446,15,587,0,'2023-05-16 11:02:11','2023-05-16 11:02:11'),(3447,15,588,0,'2023-05-16 11:02:11','2023-05-16 11:02:11'),(3448,15,589,0,'2023-05-16 11:02:11','2023-05-16 11:02:11'),(3449,15,590,0,'2023-05-16 11:02:11','2023-05-16 11:02:11'),(3450,15,591,0,'2023-05-16 11:02:11','2023-05-16 11:02:11'),(3451,15,592,0,'2023-05-16 11:02:11','2023-05-16 11:02:11'),(3452,15,593,0,'2023-05-16 11:02:11','2023-05-16 11:02:11'),(3453,15,594,0,'2023-05-16 11:02:11','2023-05-16 11:02:11'),(3454,15,595,0,'2023-05-16 11:02:11','2023-05-16 11:02:11'),(3455,15,596,0,'2023-05-16 11:02:11','2023-05-16 11:02:11'),(3456,15,597,0,'2023-05-16 11:02:11','2023-05-16 11:02:11'),(3457,15,598,0,'2023-05-16 11:02:11','2023-05-16 11:02:11'),(3458,15,599,0,'2023-05-16 11:02:11','2023-05-16 11:02:11'),(3459,15,600,0,'2023-05-16 11:02:11','2023-05-16 11:02:11'),(3460,15,601,0,'2023-05-16 11:02:11','2023-05-16 11:02:11'),(3461,15,602,0,'2023-05-16 11:02:11','2023-05-16 11:02:11'),(3462,15,603,0,'2023-05-16 11:02:11','2023-05-16 11:02:11'),(3463,15,604,0,'2023-05-16 11:02:11','2023-05-16 11:02:11'),(3464,15,605,0,'2023-05-16 11:02:11','2023-05-16 11:02:11'),(3465,15,606,0,'2023-05-16 11:02:11','2023-05-16 11:02:11'),(3466,15,607,0,'2023-05-16 11:02:11','2023-05-16 11:02:11'),(3467,15,608,0,'2023-05-16 11:02:11','2023-05-16 11:02:11'),(3468,15,609,0,'2023-05-16 11:02:11','2023-05-16 11:02:11'),(3469,15,610,0,'2023-05-16 11:02:11','2023-05-16 11:02:11'),(3470,15,611,0,'2023-05-16 11:02:11','2023-05-16 11:02:11'),(3471,15,612,0,'2023-05-16 11:02:11','2023-05-16 11:02:11'),(3472,15,613,0,'2023-05-16 11:02:11','2023-05-16 11:02:11'),(3473,15,614,0,'2023-05-16 11:02:11','2023-05-16 11:02:11'),(3474,15,615,0,'2023-05-16 11:02:11','2023-05-16 11:02:11'),(3475,15,616,0,'2023-05-16 11:02:11','2023-05-16 11:02:11'),(3476,15,617,0,'2023-05-16 11:02:11','2023-05-16 11:02:11'),(3477,15,618,0,'2023-05-16 11:02:11','2023-05-16 11:02:11'),(3478,15,619,0,'2023-05-16 11:02:11','2023-05-16 11:02:11'),(3479,15,620,0,'2023-05-16 11:02:11','2023-05-16 11:02:11'),(3480,15,621,0,'2023-05-16 11:02:11','2023-05-16 11:02:11'),(3481,15,622,0,'2023-05-16 11:02:11','2023-05-16 11:02:11'),(3482,15,623,0,'2023-05-16 11:02:11','2023-05-16 11:02:11'),(3483,15,624,0,'2023-05-16 11:02:11','2023-05-16 11:02:11'),(3484,15,625,0,'2023-05-16 11:02:11','2023-05-16 11:02:11'),(3485,15,626,0,'2023-05-16 11:02:11','2023-05-16 11:02:11'),(3486,15,627,0,'2023-05-16 11:02:11','2023-05-16 11:02:11'),(3487,15,628,0,'2023-05-16 11:02:11','2023-05-16 11:02:11'),(3488,15,630,0,'2023-05-16 11:02:11','2023-05-16 11:02:11'),(3489,15,631,0,'2023-05-16 11:02:11','2023-05-16 11:02:11'),(3490,15,632,0,'2023-05-16 11:02:11','2023-05-16 11:02:11'),(3491,15,633,0,'2023-05-16 11:02:11','2023-05-16 11:02:11'),(3492,15,634,0,'2023-05-16 11:02:11','2023-05-16 11:02:11'),(3493,15,635,0,'2023-05-16 11:02:11','2023-05-16 11:02:11'),(3494,15,636,0,'2023-05-16 11:02:11','2023-05-16 11:02:11'),(3495,15,637,0,'2023-05-16 11:02:11','2023-05-16 11:02:11'),(3496,15,638,0,'2023-05-16 11:02:11','2023-05-16 11:02:11'),(3497,15,639,0,'2023-05-16 11:02:11','2023-05-16 11:02:11'),(3498,15,640,0,'2023-05-16 11:02:11','2023-05-16 11:02:11'),(3499,15,641,0,'2023-05-16 11:02:11','2023-05-16 11:02:11'),(3500,15,642,0,'2023-05-16 11:02:11','2023-05-16 11:02:11'),(3501,15,643,0,'2023-05-16 11:02:11','2023-05-16 11:02:11'),(3502,15,644,0,'2023-05-16 11:02:11','2023-05-16 11:02:11'),(3503,15,645,0,'2023-05-16 11:02:11','2023-05-16 11:02:11'),(3504,15,646,0,'2023-05-16 11:02:11','2023-05-16 11:02:11'),(3505,15,647,0,'2023-05-16 11:02:11','2023-05-16 11:02:11'),(3506,15,648,0,'2023-05-16 11:02:11','2023-05-16 11:02:11'),(3507,15,649,0,'2023-05-16 11:02:11','2023-05-16 11:02:11'),(3508,15,650,0,'2023-05-16 11:02:11','2023-05-16 11:02:11'),(3509,15,651,0,'2023-05-16 11:02:11','2023-05-16 11:02:11'),(3510,15,652,0,'2023-05-16 11:02:11','2023-05-16 11:02:11'),(3511,15,653,0,'2023-05-16 11:02:11','2023-05-16 11:02:11'),(3512,15,654,0,'2023-05-16 11:02:11','2023-05-16 11:02:11'),(3513,15,655,0,'2023-05-16 11:02:11','2023-05-16 11:02:11'),(3514,15,656,0,'2023-05-16 11:02:11','2023-05-16 11:02:11'),(3515,15,657,0,'2023-05-16 11:02:11','2023-05-16 11:02:11'),(3516,15,658,0,'2023-05-16 11:02:11','2023-05-16 11:02:11'),(3517,15,659,0,'2023-05-16 11:02:11','2023-05-16 11:02:11'),(3518,15,660,0,'2023-05-16 11:02:11','2023-05-16 11:02:11'),(3519,15,661,0,'2023-05-16 11:02:11','2023-05-16 11:02:11'),(3520,15,662,0,'2023-05-16 11:02:11','2023-05-16 11:02:11'),(3521,15,663,0,'2023-05-16 11:02:11','2023-05-16 11:02:11'),(3522,15,664,0,'2023-05-16 11:02:11','2023-05-16 11:02:11'),(3523,15,665,0,'2023-05-16 11:02:11','2023-05-16 11:02:11'),(3524,15,666,0,'2023-05-16 11:02:11','2023-05-16 11:02:11'),(3525,15,667,0,'2023-05-16 11:02:11','2023-05-16 11:02:11'),(3526,15,668,0,'2023-05-16 11:02:11','2023-05-16 11:02:11'),(3527,15,669,0,'2023-05-16 11:02:11','2023-05-16 11:02:11'),(3528,15,670,0,'2023-05-16 11:02:12','2023-05-16 11:02:12'),(3529,15,671,0,'2023-05-16 11:02:12','2023-05-16 11:02:12'),(3530,15,672,0,'2023-05-16 11:02:12','2023-05-16 11:02:12'),(3531,15,673,0,'2023-05-16 11:02:12','2023-05-16 11:02:12'),(3532,15,674,0,'2023-05-16 11:02:12','2023-05-16 11:02:12'),(3533,15,675,0,'2023-05-16 11:02:12','2023-05-16 11:02:12'),(3534,15,676,0,'2023-05-16 11:02:12','2023-05-16 11:02:12'),(3535,15,677,0,'2023-05-16 11:02:12','2023-05-16 11:02:12'),(3536,15,678,0,'2023-05-16 11:02:12','2023-05-16 11:02:12'),(3537,15,679,0,'2023-05-16 11:02:12','2023-05-16 11:02:12'),(3538,15,680,0,'2023-05-16 11:02:12','2023-05-16 11:02:12'),(3539,15,681,0,'2023-05-16 11:02:12','2023-05-16 11:02:12'),(3540,15,682,0,'2023-05-16 11:02:12','2023-05-16 11:02:12'),(3541,15,683,0,'2023-05-16 11:02:12','2023-05-16 11:02:12'),(3542,15,684,0,'2023-05-16 11:02:12','2023-05-16 11:02:12'),(3543,15,685,0,'2023-05-16 11:02:12','2023-05-16 11:02:12'),(3544,16,686,0,'2023-05-16 11:02:43','2023-05-16 11:02:43'),(3545,16,687,0,'2023-05-16 11:02:43','2023-05-16 11:02:43'),(3546,16,688,0,'2023-05-16 11:02:43','2023-05-16 11:02:43'),(3547,16,689,0,'2023-05-16 11:02:43','2023-05-16 11:02:43'),(3548,16,736,0,'2023-05-16 11:02:43','2023-05-16 11:02:43'),(3549,16,691,0,'2023-05-16 11:02:43','2023-05-16 11:02:43'),(3550,16,692,0,'2023-05-16 11:02:43','2023-05-16 11:02:43'),(3551,16,693,0,'2023-05-16 11:02:43','2023-05-16 11:02:43'),(3552,16,694,0,'2023-05-16 11:02:43','2023-05-16 11:02:43'),(3553,16,695,0,'2023-05-16 11:02:43','2023-05-16 11:02:43'),(3554,16,696,0,'2023-05-16 11:02:43','2023-05-16 11:02:43'),(3555,16,697,0,'2023-05-16 11:02:43','2023-05-16 11:02:43'),(3556,16,698,0,'2023-05-16 11:02:43','2023-05-16 11:02:43'),(3557,16,699,0,'2023-05-16 11:02:43','2023-05-16 11:02:43'),(3558,16,700,0,'2023-05-16 11:02:43','2023-05-16 11:02:43'),(3559,16,702,0,'2023-05-16 11:02:43','2023-05-16 11:02:43'),(3560,16,703,0,'2023-05-16 11:02:43','2023-05-16 11:02:43'),(3561,16,704,0,'2023-05-16 11:02:43','2023-05-16 11:02:43'),(3562,16,705,0,'2023-05-16 11:02:43','2023-05-16 11:02:43'),(3563,16,706,0,'2023-05-16 11:02:43','2023-05-16 11:02:43'),(3564,16,707,0,'2023-05-16 11:02:43','2023-05-16 11:02:43'),(3565,16,708,0,'2023-05-16 11:02:43','2023-05-16 11:02:43'),(3566,16,709,0,'2023-05-16 11:02:43','2023-05-16 11:02:43'),(3567,16,710,0,'2023-05-16 11:02:43','2023-05-16 11:02:43'),(3568,16,711,0,'2023-05-16 11:02:43','2023-05-16 11:02:43'),(3569,16,712,0,'2023-05-16 11:02:43','2023-05-16 11:02:43'),(3570,16,713,0,'2023-05-16 11:02:43','2023-05-16 11:02:43'),(3571,16,714,0,'2023-05-16 11:02:43','2023-05-16 11:02:43'),(3572,16,715,0,'2023-05-16 11:02:43','2023-05-16 11:02:43'),(3573,16,716,0,'2023-05-16 11:02:43','2023-05-16 11:02:43'),(3574,16,717,0,'2023-05-16 11:02:43','2023-05-16 11:02:43'),(3575,16,718,0,'2023-05-16 11:02:43','2023-05-16 11:02:43'),(3576,16,719,0,'2023-05-16 11:02:43','2023-05-16 11:02:43'),(3577,16,720,0,'2023-05-16 11:02:43','2023-05-16 11:02:43'),(3578,16,721,0,'2023-05-16 11:02:43','2023-05-16 11:02:43'),(3579,16,722,0,'2023-05-16 11:02:43','2023-05-16 11:02:43'),(3580,16,723,0,'2023-05-16 11:02:43','2023-05-16 11:02:43'),(3581,16,724,0,'2023-05-16 11:02:43','2023-05-16 11:02:43'),(3582,16,725,0,'2023-05-16 11:02:43','2023-05-16 11:02:43'),(3583,16,726,0,'2023-05-16 11:02:43','2023-05-16 11:02:43'),(3584,16,727,0,'2023-05-16 11:02:43','2023-05-16 11:02:43'),(3585,16,728,0,'2023-05-16 11:02:43','2023-05-16 11:02:43'),(3586,16,729,0,'2023-05-16 11:02:43','2023-05-16 11:02:43'),(3587,16,730,0,'2023-05-16 11:02:43','2023-05-16 11:02:43'),(3588,16,731,0,'2023-05-16 11:02:43','2023-05-16 11:02:43'),(3589,16,732,0,'2023-05-16 11:02:43','2023-05-16 11:02:43'),(3590,16,733,0,'2023-05-16 11:02:43','2023-05-16 11:02:43'),(3591,16,734,0,'2023-05-16 11:02:43','2023-05-16 11:02:43'),(3592,16,735,0,'2023-05-16 11:02:43','2023-05-16 11:02:43'),(3593,16,736,0,'2023-05-16 11:02:43','2023-05-16 11:02:43'),(3594,16,737,0,'2023-05-16 11:02:43','2023-05-16 11:02:43'),(3595,16,738,0,'2023-05-16 11:02:43','2023-05-16 11:02:43'),(3596,16,739,0,'2023-05-16 11:02:43','2023-05-16 11:02:43'),(3597,16,740,0,'2023-05-16 11:02:43','2023-05-16 11:02:43'),(3598,16,741,0,'2023-05-16 11:02:43','2023-05-16 11:02:43'),(3599,16,742,0,'2023-05-16 11:02:43','2023-05-16 11:02:43'),(3600,16,743,0,'2023-05-16 11:02:43','2023-05-16 11:02:43'),(3601,16,744,0,'2023-05-16 11:02:43','2023-05-16 11:02:43'),(3602,16,745,0,'2023-05-16 11:02:43','2023-05-16 11:02:43'),(3603,16,746,0,'2023-05-16 11:02:43','2023-05-16 11:02:43'),(3604,16,747,0,'2023-05-16 11:02:43','2023-05-16 11:02:43'),(3605,16,748,0,'2023-05-16 11:02:43','2023-05-16 11:02:43'),(3606,16,749,0,'2023-05-16 11:02:43','2023-05-16 11:02:43'),(3607,16,750,0,'2023-05-16 11:02:43','2023-05-16 11:02:43'),(3608,16,751,0,'2023-05-16 11:02:43','2023-05-16 11:02:43'),(3609,16,752,0,'2023-05-16 11:02:43','2023-05-16 11:02:43'),(3610,16,753,0,'2023-05-16 11:02:43','2023-05-16 11:02:43'),(3611,16,754,0,'2023-05-16 11:02:43','2023-05-16 11:02:43'),(3612,16,755,0,'2023-05-16 11:02:43','2023-05-16 11:02:43'),(3613,16,756,0,'2023-05-16 11:02:43','2023-05-16 11:02:43'),(3614,16,757,0,'2023-05-16 11:02:43','2023-05-16 11:02:43'),(3615,16,758,0,'2023-05-16 11:02:43','2023-05-16 11:02:43'),(3616,16,759,0,'2023-05-16 11:02:43','2023-05-16 11:02:43'),(3617,16,760,0,'2023-05-16 11:02:43','2023-05-16 11:02:43'),(3618,16,761,0,'2023-05-16 11:02:43','2023-05-16 11:02:43'),(3619,16,762,0,'2023-05-16 11:02:43','2023-05-16 11:02:43'),(3620,16,764,0,'2023-05-16 11:02:43','2023-05-16 11:02:43'),(3621,16,765,0,'2023-05-16 11:02:43','2023-05-16 11:02:43'),(3622,16,766,0,'2023-05-16 11:02:43','2023-05-16 11:02:43'),(3623,16,767,0,'2023-05-16 11:02:43','2023-05-16 11:02:43'),(3624,16,768,0,'2023-05-16 11:02:43','2023-05-16 11:02:43'),(3625,16,769,0,'2023-05-16 11:02:43','2023-05-16 11:02:43'),(3626,16,770,0,'2023-05-16 11:02:43','2023-05-16 11:02:43'),(3627,16,771,0,'2023-05-16 11:02:43','2023-05-16 11:02:43'),(3628,16,772,0,'2023-05-16 11:02:43','2023-05-16 11:02:43'),(3629,16,773,0,'2023-05-16 11:02:43','2023-05-16 11:02:43'),(3630,16,774,0,'2023-05-16 11:02:43','2023-05-16 11:02:43'),(3631,16,776,0,'2023-05-16 11:02:43','2023-05-16 11:02:43'),(3632,16,777,0,'2023-05-16 11:02:43','2023-05-16 11:02:43'),(3633,16,778,0,'2023-05-16 11:02:43','2023-05-16 11:02:43'),(3634,16,779,0,'2023-05-16 11:02:43','2023-05-16 11:02:43'),(3635,16,780,0,'2023-05-16 11:02:43','2023-05-16 11:02:43'),(3636,16,781,0,'2023-05-16 11:02:43','2023-05-16 11:02:43'),(3637,16,782,0,'2023-05-16 11:02:43','2023-05-16 11:02:43'),(3638,16,783,0,'2023-05-16 11:02:43','2023-05-16 11:02:43'),(3639,16,784,0,'2023-05-16 11:02:43','2023-05-16 11:02:43'),(3640,16,785,0,'2023-05-16 11:02:43','2023-05-16 11:02:43'),(3641,16,786,0,'2023-05-16 11:02:43','2023-05-16 11:02:43'),(3642,16,787,0,'2023-05-16 11:02:43','2023-05-16 11:02:43'),(3643,16,788,0,'2023-05-16 11:02:43','2023-05-16 11:02:43'),(3644,16,789,0,'2023-05-16 11:02:43','2023-05-16 11:02:43'),(3645,16,790,0,'2023-05-16 11:02:43','2023-05-16 11:02:43'),(3646,16,791,0,'2023-05-16 11:02:43','2023-05-16 11:02:43'),(3647,16,792,0,'2023-05-16 11:02:43','2023-05-16 11:02:43'),(3648,16,793,0,'2023-05-16 11:02:43','2023-05-16 11:02:43'),(3649,16,794,0,'2023-05-16 11:02:43','2023-05-16 11:02:43'),(3650,16,795,0,'2023-05-16 11:02:43','2023-05-16 11:02:43'),(3651,16,796,0,'2023-05-16 11:02:43','2023-05-16 11:02:43'),(3652,16,797,0,'2023-05-16 11:02:43','2023-05-16 11:02:43'),(3653,16,798,0,'2023-05-16 11:02:43','2023-05-16 11:02:43'),(3654,16,799,0,'2023-05-16 11:02:43','2023-05-16 11:02:43'),(3655,16,800,0,'2023-05-16 11:02:43','2023-05-16 11:02:43'),(3656,16,801,0,'2023-05-16 11:02:43','2023-05-16 11:02:43'),(3657,16,802,0,'2023-05-16 11:02:43','2023-05-16 11:02:43'),(3658,16,803,0,'2023-05-16 11:02:43','2023-05-16 11:02:43'),(3659,16,804,0,'2023-05-16 11:02:43','2023-05-16 11:02:43'),(3660,17,160,0,'2023-05-16 11:03:12','2023-05-16 11:03:12'),(3661,17,161,0,'2023-05-16 11:03:12','2023-05-16 11:03:12'),(3662,17,162,0,'2023-05-16 11:03:12','2023-05-16 11:03:12'),(3663,17,163,0,'2023-05-16 11:03:12','2023-05-16 11:03:12'),(3664,17,164,0,'2023-05-16 11:03:12','2023-05-16 11:03:12'),(3665,17,165,0,'2023-05-16 11:03:12','2023-05-16 11:03:12'),(3666,17,166,0,'2023-05-16 11:03:12','2023-05-16 11:03:12'),(3667,17,167,0,'2023-05-16 11:03:12','2023-05-16 11:03:12'),(3668,17,168,0,'2023-05-16 11:03:12','2023-05-16 11:03:12'),(3669,17,169,0,'2023-05-16 11:03:12','2023-05-16 11:03:12'),(3670,17,170,0,'2023-05-16 11:03:12','2023-05-16 11:03:12'),(3671,17,171,0,'2023-05-16 11:03:12','2023-05-16 11:03:12'),(3672,17,173,0,'2023-05-16 11:03:12','2023-05-16 11:03:12'),(3673,17,174,0,'2023-05-16 11:03:12','2023-05-16 11:03:12'),(3674,17,175,0,'2023-05-16 11:03:12','2023-05-16 11:03:12'),(3675,17,176,0,'2023-05-16 11:03:12','2023-05-16 11:03:12'),(3676,17,177,0,'2023-05-16 11:03:12','2023-05-16 11:03:12'),(3677,17,178,0,'2023-05-16 11:03:12','2023-05-16 11:03:12'),(3678,17,179,0,'2023-05-16 11:03:12','2023-05-16 11:03:12'),(3679,17,180,0,'2023-05-16 11:03:12','2023-05-16 11:03:12'),(3680,17,181,0,'2023-05-16 11:03:12','2023-05-16 11:03:12'),(3681,17,182,0,'2023-05-16 11:03:12','2023-05-16 11:03:12'),(3682,17,183,0,'2023-05-16 11:03:12','2023-05-16 11:03:12'),(3683,17,184,0,'2023-05-16 11:03:12','2023-05-16 11:03:12'),(3684,17,185,0,'2023-05-16 11:03:12','2023-05-16 11:03:12'),(3685,17,186,0,'2023-05-16 11:03:12','2023-05-16 11:03:12'),(3686,17,187,0,'2023-05-16 11:03:12','2023-05-16 11:03:12'),(3687,17,188,0,'2023-05-16 11:03:12','2023-05-16 11:03:12'),(3688,17,189,0,'2023-05-16 11:03:12','2023-05-16 11:03:12'),(3689,17,190,0,'2023-05-16 11:03:12','2023-05-16 11:03:12'),(3690,17,191,0,'2023-05-16 11:03:12','2023-05-16 11:03:12'),(3691,17,192,0,'2023-05-16 11:03:12','2023-05-16 11:03:12'),(3692,17,193,0,'2023-05-16 11:03:12','2023-05-16 11:03:12'),(3693,17,194,0,'2023-05-16 11:03:12','2023-05-16 11:03:12'),(3694,17,196,0,'2023-05-16 11:03:12','2023-05-16 11:03:12'),(3695,17,197,0,'2023-05-16 11:03:12','2023-05-16 11:03:12'),(3696,17,198,0,'2023-05-16 11:03:12','2023-05-16 11:03:12'),(3697,17,199,0,'2023-05-16 11:03:12','2023-05-16 11:03:12'),(3698,17,200,0,'2023-05-16 11:03:12','2023-05-16 11:03:12'),(3699,17,201,0,'2023-05-16 11:03:12','2023-05-16 11:03:12'),(3700,17,202,0,'2023-05-16 11:03:12','2023-05-16 11:03:12'),(3701,17,203,0,'2023-05-16 11:03:12','2023-05-16 11:03:12'),(3702,17,204,0,'2023-05-16 11:03:12','2023-05-16 11:03:12'),(3703,17,205,0,'2023-05-16 11:03:12','2023-05-16 11:03:12'),(3704,17,206,0,'2023-05-16 11:03:12','2023-05-16 11:03:12'),(3705,17,207,0,'2023-05-16 11:03:12','2023-05-16 11:03:12'),(3706,17,208,0,'2023-05-16 11:03:12','2023-05-16 11:03:12'),(3707,17,209,0,'2023-05-16 11:03:12','2023-05-16 11:03:12'),(3708,17,210,0,'2023-05-16 11:03:12','2023-05-16 11:03:12'),(3709,17,211,0,'2023-05-16 11:03:12','2023-05-16 11:03:12'),(3710,17,212,0,'2023-05-16 11:03:12','2023-05-16 11:03:12'),(3711,17,213,0,'2023-05-16 11:03:12','2023-05-16 11:03:12'),(3712,17,214,0,'2023-05-16 11:03:12','2023-05-16 11:03:12'),(3713,17,215,0,'2023-05-16 11:03:12','2023-05-16 11:03:12'),(3714,17,216,0,'2023-05-16 11:03:12','2023-05-16 11:03:12'),(3715,17,217,0,'2023-05-16 11:03:12','2023-05-16 11:03:12'),(3716,17,218,0,'2023-05-16 11:03:12','2023-05-16 11:03:12'),(3717,17,219,0,'2023-05-16 11:03:12','2023-05-16 11:03:12'),(3718,17,805,0,'2023-05-16 11:03:12','2023-05-16 11:03:12'),(3719,17,806,0,'2023-05-16 11:03:12','2023-05-16 11:03:12'),(3720,17,807,0,'2023-05-16 11:03:12','2023-05-16 11:03:12'),(3721,17,808,0,'2023-05-16 11:03:12','2023-05-16 11:03:12'),(3722,17,809,0,'2023-05-16 11:03:12','2023-05-16 11:03:12'),(3723,17,810,0,'2023-05-16 11:03:12','2023-05-16 11:03:12'),(3724,17,811,0,'2023-05-16 11:03:12','2023-05-16 11:03:12'),(3725,17,812,0,'2023-05-16 11:03:12','2023-05-16 11:03:12'),(3726,17,813,0,'2023-05-16 11:03:12','2023-05-16 11:03:12'),(3727,17,814,0,'2023-05-16 11:03:12','2023-05-16 11:03:12'),(3728,17,629,0,'2023-05-16 11:03:12','2023-05-16 11:03:12'),(3729,17,701,0,'2023-05-16 11:03:12','2023-05-16 11:03:12'),(3730,17,172,0,'2023-05-16 11:03:12','2023-05-16 11:03:12'),(3731,17,195,0,'2023-05-16 11:03:12','2023-05-16 11:03:12'),(3732,17,818,0,'2023-05-16 11:03:12','2023-05-16 11:03:12'),(3733,17,819,0,'2023-05-16 11:03:12','2023-05-16 11:03:12'),(3734,17,820,0,'2023-05-16 11:03:12','2023-05-16 11:03:12'),(3735,17,821,0,'2023-05-16 11:03:12','2023-05-16 11:03:12'),(3736,17,815,0,'2023-05-16 11:03:12','2023-05-16 11:03:12'),(3737,17,822,0,'2023-05-16 11:03:12','2023-05-16 11:03:12'),(3738,17,823,0,'2023-05-16 11:03:12','2023-05-16 11:03:12'),(3739,17,824,0,'2023-05-16 11:03:12','2023-05-16 11:03:12'),(3740,17,825,0,'2023-05-16 11:03:12','2023-05-16 11:03:12'),(3741,17,826,0,'2023-05-16 11:03:12','2023-05-16 11:03:12'),(3742,17,827,0,'2023-05-16 11:03:12','2023-05-16 11:03:12'),(3743,17,828,0,'2023-05-16 11:03:12','2023-05-16 11:03:12'),(3744,17,829,0,'2023-05-16 11:03:12','2023-05-16 11:03:12'),(3745,17,830,0,'2023-05-16 11:03:12','2023-05-16 11:03:12'),(3746,17,831,0,'2023-05-16 11:03:12','2023-05-16 11:03:12'),(3747,17,832,0,'2023-05-16 11:03:12','2023-05-16 11:03:12'),(3748,17,833,0,'2023-05-16 11:03:12','2023-05-16 11:03:12'),(3749,17,834,0,'2023-05-16 11:03:12','2023-05-16 11:03:12'),(3750,17,835,0,'2023-05-16 11:03:12','2023-05-16 11:03:12'),(3751,17,836,0,'2023-05-16 11:03:12','2023-05-16 11:03:12'),(3752,17,837,0,'2023-05-16 11:03:12','2023-05-16 11:03:12'),(3753,17,838,0,'2023-05-16 11:03:12','2023-05-16 11:03:12'),(3754,17,839,0,'2023-05-16 11:03:12','2023-05-16 11:03:12'),(3755,17,840,0,'2023-05-16 11:03:12','2023-05-16 11:03:12'),(3756,17,841,0,'2023-05-16 11:03:12','2023-05-16 11:03:12'),(3757,17,842,0,'2023-05-16 11:03:12','2023-05-16 11:03:12'),(3758,17,843,0,'2023-05-16 11:03:12','2023-05-16 11:03:12'),(3759,17,844,0,'2023-05-16 11:03:12','2023-05-16 11:03:12'),(3760,17,845,0,'2023-05-16 11:03:12','2023-05-16 11:03:12'),(3761,17,846,0,'2023-05-16 11:03:12','2023-05-16 11:03:12'),(3762,17,847,0,'2023-05-16 11:03:12','2023-05-16 11:03:12'),(3763,17,848,0,'2023-05-16 11:03:12','2023-05-16 11:03:12'),(3764,17,849,0,'2023-05-16 11:03:12','2023-05-16 11:03:12'),(3765,17,850,0,'2023-05-16 11:03:12','2023-05-16 11:03:12'),(3766,17,851,0,'2023-05-16 11:03:12','2023-05-16 11:03:12'),(3767,17,852,0,'2023-05-16 11:03:12','2023-05-16 11:03:12'),(3768,17,853,0,'2023-05-16 11:03:12','2023-05-16 11:03:12'),(3769,17,854,0,'2023-05-16 11:03:12','2023-05-16 11:03:12'),(3770,17,855,0,'2023-05-16 11:03:12','2023-05-16 11:03:12'),(3771,17,856,0,'2023-05-16 11:03:12','2023-05-16 11:03:12'),(3772,17,857,0,'2023-05-16 11:03:12','2023-05-16 11:03:12'),(3773,17,858,0,'2023-05-16 11:03:12','2023-05-16 11:03:12'),(3774,17,859,0,'2023-05-16 11:03:12','2023-05-16 11:03:12'),(3775,17,860,0,'2023-05-16 11:03:12','2023-05-16 11:03:12'),(3776,17,861,0,'2023-05-16 11:03:12','2023-05-16 11:03:12'),(3777,17,862,0,'2023-05-16 11:03:12','2023-05-16 11:03:12'),(3778,17,863,0,'2023-05-16 11:03:12','2023-05-16 11:03:12'),(3779,17,864,0,'2023-05-16 11:03:12','2023-05-16 11:03:12'),(3780,17,865,0,'2023-05-16 11:03:12','2023-05-16 11:03:12'),(3781,17,866,0,'2023-05-16 11:03:12','2023-05-16 11:03:12'),(3782,17,867,0,'2023-05-16 11:03:12','2023-05-16 11:03:12'),(3783,17,868,0,'2023-05-16 11:03:12','2023-05-16 11:03:12'),(3784,17,869,0,'2023-05-16 11:03:12','2023-05-16 11:03:12'),(3785,17,870,0,'2023-05-16 11:03:12','2023-05-16 11:03:12'),(3786,17,871,0,'2023-05-16 11:03:12','2023-05-16 11:03:12'),(3787,17,872,0,'2023-05-16 11:03:12','2023-05-16 11:03:12'),(3788,17,873,0,'2023-05-16 11:03:12','2023-05-16 11:03:12'),(3789,17,874,0,'2023-05-16 11:03:12','2023-05-16 11:03:12'),(3790,17,875,0,'2023-05-16 11:03:12','2023-05-16 11:03:12'),(3791,17,876,0,'2023-05-16 11:03:12','2023-05-16 11:03:12'),(3792,17,877,0,'2023-05-16 11:03:12','2023-05-16 11:03:12'),(3793,17,878,0,'2023-05-16 11:03:12','2023-05-16 11:03:12'),(3794,17,879,0,'2023-05-16 11:03:12','2023-05-16 11:03:12'),(3795,17,880,0,'2023-05-16 11:03:12','2023-05-16 11:03:12'),(3796,17,881,0,'2023-05-16 11:03:12','2023-05-16 11:03:12'),(3797,17,881,0,'2023-05-16 11:03:12','2023-05-16 11:03:12'),(3798,17,882,0,'2023-05-16 11:03:12','2023-05-16 11:03:12'),(3799,17,883,0,'2023-05-16 11:03:12','2023-05-16 11:03:12'),(3800,17,884,0,'2023-05-16 11:03:12','2023-05-16 11:03:12'),(3801,17,885,0,'2023-05-16 11:03:12','2023-05-16 11:03:12'),(3802,17,886,0,'2023-05-16 11:03:12','2023-05-16 11:03:12'),(3803,17,887,0,'2023-05-16 11:03:12','2023-05-16 11:03:12'),(3804,17,888,0,'2023-05-16 11:03:12','2023-05-16 11:03:12'),(3805,17,889,0,'2023-05-16 11:03:12','2023-05-16 11:03:12'),(3806,17,890,0,'2023-05-16 11:03:12','2023-05-16 11:03:12'),(3807,17,891,0,'2023-05-16 11:03:12','2023-05-16 11:03:12'),(3808,17,892,0,'2023-05-16 11:03:12','2023-05-16 11:03:12'),(3809,17,893,0,'2023-05-16 11:03:12','2023-05-16 11:03:12'),(3810,17,894,0,'2023-05-16 11:03:12','2023-05-16 11:03:12'),(3811,17,895,0,'2023-05-16 11:03:12','2023-05-16 11:03:12'),(3812,17,896,0,'2023-05-16 11:03:12','2023-05-16 11:03:12'),(3813,17,897,0,'2023-05-16 11:03:12','2023-05-16 11:03:12'),(3814,17,898,0,'2023-05-16 11:03:12','2023-05-16 11:03:12'),(3815,17,899,0,'2023-05-16 11:03:12','2023-05-16 11:03:12'),(3816,17,900,0,'2023-05-16 11:03:12','2023-05-16 11:03:12'),(3817,17,901,0,'2023-05-16 11:03:12','2023-05-16 11:03:12'),(3818,17,902,0,'2023-05-16 11:03:12','2023-05-16 11:03:12'),(3819,17,903,0,'2023-05-16 11:03:12','2023-05-16 11:03:12'),(3820,17,904,0,'2023-05-16 11:03:12','2023-05-16 11:03:12'),(3821,17,905,0,'2023-05-16 11:03:12','2023-05-16 11:03:12'),(3822,17,906,0,'2023-05-16 11:03:12','2023-05-16 11:03:12'),(3860,21,128,0,'2023-05-16 11:05:29','2023-05-16 11:05:29'),(3862,19,128,0,'2023-05-16 11:05:58','2023-05-16 11:05:58'),(3865,22,128,0,'2023-05-16 11:06:40','2023-05-16 11:06:40'),(3866,23,128,0,'2023-05-16 11:06:55','2023-05-16 11:06:55'),(3867,24,128,0,'2023-05-16 11:07:07','2023-05-16 11:07:07'),(3868,25,128,0,'2023-05-16 11:07:19','2023-05-16 11:07:19'),(4872,11,281,0,'2023-05-26 13:23:14','2023-05-26 13:23:14'),(4873,11,282,0,'2023-05-26 13:23:14','2023-05-26 13:23:14'),(4874,11,283,0,'2023-05-26 13:23:14','2023-05-26 13:23:14'),(4875,11,284,0,'2023-05-26 13:23:14','2023-05-26 13:23:14'),(4876,11,286,0,'2023-05-26 13:23:14','2023-05-26 13:23:14'),(4877,11,287,0,'2023-05-26 13:23:14','2023-05-26 13:23:14'),(4878,11,288,0,'2023-05-26 13:23:14','2023-05-26 13:23:14'),(4879,11,289,0,'2023-05-26 13:23:14','2023-05-26 13:23:14'),(4880,11,290,0,'2023-05-26 13:23:14','2023-05-26 13:23:14'),(4881,11,291,0,'2023-05-26 13:23:14','2023-05-26 13:23:14'),(4882,11,292,0,'2023-05-26 13:23:14','2023-05-26 13:23:14'),(4883,11,293,0,'2023-05-26 13:23:14','2023-05-26 13:23:14'),(4884,11,294,0,'2023-05-26 13:23:14','2023-05-26 13:23:14'),(4885,11,295,0,'2023-05-26 13:23:14','2023-05-26 13:23:14'),(4886,11,296,0,'2023-05-26 13:23:14','2023-05-26 13:23:14'),(4887,11,297,0,'2023-05-26 13:23:14','2023-05-26 13:23:14'),(4888,11,298,0,'2023-05-26 13:23:14','2023-05-26 13:23:14'),(4889,11,299,0,'2023-05-26 13:23:14','2023-05-26 13:23:14'),(4890,11,300,0,'2023-05-26 13:23:14','2023-05-26 13:23:14'),(4891,11,301,0,'2023-05-26 13:23:14','2023-05-26 13:23:14'),(4892,11,302,0,'2023-05-26 13:23:14','2023-05-26 13:23:14'),(4893,11,303,0,'2023-05-26 13:23:14','2023-05-26 13:23:14'),(4894,11,304,0,'2023-05-26 13:23:14','2023-05-26 13:23:14'),(4895,11,305,0,'2023-05-26 13:23:14','2023-05-26 13:23:14'),(4896,11,306,0,'2023-05-26 13:23:14','2023-05-26 13:23:14'),(4897,11,307,0,'2023-05-26 13:23:14','2023-05-26 13:23:14'),(4898,11,308,0,'2023-05-26 13:23:14','2023-05-26 13:23:14'),(4899,11,309,0,'2023-05-26 13:23:14','2023-05-26 13:23:14'),(4900,11,310,0,'2023-05-26 13:23:14','2023-05-26 13:23:14'),(4901,11,311,0,'2023-05-26 13:23:14','2023-05-26 13:23:14'),(4902,11,312,0,'2023-05-26 13:23:14','2023-05-26 13:23:14'),(4903,11,313,0,'2023-05-26 13:23:14','2023-05-26 13:23:14'),(4904,11,314,0,'2023-05-26 13:23:14','2023-05-26 13:23:14'),(4905,11,318,0,'2023-05-26 13:23:14','2023-05-26 13:23:14'),(4906,11,319,0,'2023-05-26 13:23:14','2023-05-26 13:23:14'),(4907,11,320,0,'2023-05-26 13:23:14','2023-05-26 13:23:14'),(4908,11,320,0,'2023-05-26 13:23:14','2023-05-26 13:23:14'),(4909,11,321,0,'2023-05-26 13:23:14','2023-05-26 13:23:14'),(4910,11,322,0,'2023-05-26 13:23:14','2023-05-26 13:23:14'),(4911,11,323,0,'2023-05-26 13:23:14','2023-05-26 13:23:14'),(4912,11,324,0,'2023-05-26 13:23:14','2023-05-26 13:23:14'),(4913,11,325,0,'2023-05-26 13:23:14','2023-05-26 13:23:14'),(4914,11,326,0,'2023-05-26 13:23:14','2023-05-26 13:23:14'),(4915,11,327,0,'2023-05-26 13:23:14','2023-05-26 13:23:14'),(4916,11,328,0,'2023-05-26 13:23:14','2023-05-26 13:23:14'),(4917,11,329,0,'2023-05-26 13:23:14','2023-05-26 13:23:14'),(4918,11,330,0,'2023-05-26 13:23:14','2023-05-26 13:23:14'),(4919,11,331,0,'2023-05-26 13:23:14','2023-05-26 13:23:14'),(4920,11,332,0,'2023-05-26 13:23:14','2023-05-26 13:23:14'),(4921,11,333,0,'2023-05-26 13:23:14','2023-05-26 13:23:14'),(4922,11,334,0,'2023-05-26 13:23:14','2023-05-26 13:23:14'),(4923,11,335,0,'2023-05-26 13:23:14','2023-05-26 13:23:14'),(4924,11,336,0,'2023-05-26 13:23:14','2023-05-26 13:23:14'),(4925,11,337,0,'2023-05-26 13:23:14','2023-05-26 13:23:14'),(4926,11,338,0,'2023-05-26 13:23:14','2023-05-26 13:23:14'),(4927,11,339,0,'2023-05-26 13:23:14','2023-05-26 13:23:14'),(4928,11,340,0,'2023-05-26 13:23:14','2023-05-26 13:23:14'),(4929,11,341,0,'2023-05-26 13:23:14','2023-05-26 13:23:14'),(4930,11,347,0,'2023-05-26 13:23:14','2023-05-26 13:23:14'),(4931,11,342,0,'2023-05-26 13:23:15','2023-05-26 13:23:15'),(4932,11,11,0,'2023-05-26 13:23:15','2023-05-26 13:23:15'),(4933,11,345,0,'2023-05-26 13:23:15','2023-05-26 13:23:15'),(4934,11,346,0,'2023-05-26 13:23:15','2023-05-26 13:23:15'),(4935,11,343,0,'2023-05-26 13:23:15','2023-05-26 13:23:15'),(4936,11,285,0,'2023-05-26 13:23:15','2023-05-26 13:23:15'),(4937,11,221,0,'2023-05-26 13:23:15','2023-05-26 13:23:15'),(4938,20,128,0,'2023-05-27 12:42:31','2023-05-27 12:42:31'),(4939,20,293,0,'2023-05-27 12:42:31','2023-05-27 12:42:31'),(4940,20,327,0,'2023-05-27 12:42:31','2023-05-27 12:42:31'),(4941,20,342,0,'2023-05-27 12:42:31','2023-05-27 12:42:31'),(4942,20,361,0,'2023-05-27 12:42:31','2023-05-27 12:42:31'),(4943,20,376,0,'2023-05-27 12:42:31','2023-05-27 12:42:31'),(4944,20,907,0,'2023-05-27 12:42:31','2023-05-27 12:42:31'),(4945,20,118,0,'2023-05-27 12:42:31','2023-05-27 12:42:31'),(4946,20,583,0,'2023-05-27 12:42:31','2023-05-27 12:42:31'),(4947,20,585,0,'2023-05-27 12:42:31','2023-05-27 12:42:31'),(4948,20,78,0,'2023-05-27 12:42:31','2023-05-27 12:42:31'),(4949,20,599,0,'2023-05-27 12:42:31','2023-05-27 12:42:31'),(4950,20,13,0,'2023-05-27 12:42:31','2023-05-27 12:42:31'),(4951,20,912,0,'2023-05-27 12:42:31','2023-05-27 12:42:31'),(4952,20,416,0,'2023-05-27 12:42:31','2023-05-27 12:42:31'),(4953,20,683,0,'2023-05-27 12:42:31','2023-05-27 12:42:31'),(4954,20,121,0,'2023-05-27 12:42:31','2023-05-27 12:42:31'),(4955,20,198,0,'2023-05-27 12:42:31','2023-05-27 12:42:31'),(4956,20,163,0,'2023-05-27 12:42:31','2023-05-27 12:42:31'),(4957,20,284,0,'2023-05-27 12:42:31','2023-05-27 12:42:31'),(4958,20,39,0,'2023-05-27 12:42:31','2023-05-27 12:42:31'),(4959,20,109,0,'2023-05-27 12:42:31','2023-05-27 12:42:31'),(4960,20,587,0,'2023-05-27 12:42:31','2023-05-27 12:42:31'),(4961,20,40,0,'2023-05-27 12:42:31','2023-05-27 12:42:31'),(4962,20,423,0,'2023-05-27 12:42:31','2023-05-27 12:42:31'),(4963,20,40,0,'2023-05-27 12:42:31','2023-05-27 12:42:31'),(4964,20,425,0,'2023-05-27 12:42:31','2023-05-27 12:42:31'),(4965,20,168,0,'2023-05-27 12:42:31','2023-05-27 12:42:31'),(4966,20,424,0,'2023-05-27 12:42:31','2023-05-27 12:42:31'),(4967,20,14,0,'2023-05-27 12:42:31','2023-05-27 12:42:31'),(4968,20,167,0,'2023-05-27 12:42:32','2023-05-27 12:42:32'),(4969,20,659,0,'2023-05-27 12:42:32','2023-05-27 12:42:32'),(4970,20,425,0,'2023-05-27 12:42:32','2023-05-27 12:42:32'),(4971,20,74,0,'2023-05-27 12:42:32','2023-05-27 12:42:32'),(4972,20,636,0,'2023-05-27 12:42:32','2023-05-27 12:42:32'),(4973,20,835,0,'2023-05-27 12:42:32','2023-05-27 12:42:32'),(4974,20,204,0,'2023-05-27 12:42:32','2023-05-27 12:42:32'),(4975,20,66,0,'2023-05-27 12:42:32','2023-05-27 12:42:32'),(4976,20,486,0,'2023-05-27 12:42:32','2023-05-27 12:42:32'),(4977,20,410,0,'2023-05-27 12:42:32','2023-05-27 12:42:32'),(4978,20,312,0,'2023-05-27 12:42:32','2023-05-27 12:42:32'),(4979,20,382,0,'2023-05-27 12:42:32','2023-05-27 12:42:32'),(4980,20,365,0,'2023-05-27 12:42:32','2023-05-27 12:42:32'),(4981,20,610,0,'2023-05-27 12:42:32','2023-05-27 12:42:32'),(4982,20,38,0,'2023-05-27 12:42:32','2023-05-27 12:42:32'),(4983,20,932,0,'2023-05-27 12:42:32','2023-05-27 12:42:32'),(4984,20,467,0,'2023-05-27 12:42:32','2023-05-27 12:42:32'),(4985,20,537,0,'2023-05-27 12:42:32','2023-05-27 12:42:32'),(4986,20,177,0,'2023-05-27 12:42:32','2023-05-27 12:42:32'),(4987,20,250,0,'2023-05-27 12:42:32','2023-05-27 12:42:32'),(4988,20,402,0,'2023-05-27 12:42:32','2023-05-27 12:42:32'),(4989,20,489,0,'2023-05-27 12:42:32','2023-05-27 12:42:32'),(4990,20,414,0,'2023-05-27 12:42:32','2023-05-27 12:42:32'),(4991,20,415,0,'2023-05-27 12:42:32','2023-05-27 12:42:32'),(4992,20,838,0,'2023-05-27 12:42:32','2023-05-27 12:42:32'),(4993,20,735,0,'2023-05-27 12:42:32','2023-05-27 12:42:32'),(4994,20,838,0,'2023-05-27 12:42:32','2023-05-27 12:42:32'),(4995,20,685,0,'2023-05-27 12:42:32','2023-05-27 12:42:32'),(4996,20,818,0,'2023-05-27 12:42:32','2023-05-27 12:42:32'),(4997,20,765,0,'2023-05-27 12:42:32','2023-05-27 12:42:32'),(4998,20,481,0,'2023-05-27 12:42:32','2023-05-27 12:42:32'),(4999,20,211,0,'2023-05-27 12:42:32','2023-05-27 12:42:32'),(5000,20,35,0,'2023-05-27 12:42:32','2023-05-27 12:42:32'),(5001,20,71,0,'2023-05-27 12:42:32','2023-05-27 12:42:32'),(5002,20,527,0,'2023-05-27 12:42:32','2023-05-27 12:42:32'),(5003,20,721,0,'2023-05-27 12:42:32','2023-05-27 12:42:32'),(5004,20,383,0,'2023-05-27 12:42:32','2023-05-27 12:42:32'),(5005,20,480,0,'2023-05-27 12:42:32','2023-05-27 12:42:32'),(5006,20,190,0,'2023-05-27 12:42:32','2023-05-27 12:42:32'),(5007,20,799,0,'2023-05-27 12:42:32','2023-05-27 12:42:32'),(5008,20,738,0,'2023-05-27 12:42:32','2023-05-27 12:42:32'),(5009,20,636,0,'2023-05-27 12:42:32','2023-05-27 12:42:32'),(5010,20,634,0,'2023-05-27 12:42:32','2023-05-27 12:42:32'),(5011,20,212,0,'2023-05-27 12:42:32','2023-05-27 12:42:32'),(5012,20,759,0,'2023-05-27 12:42:32','2023-05-27 12:42:32'),(5013,20,465,0,'2023-05-27 12:42:32','2023-05-27 12:42:32'),(5679,9,128,0,'2023-05-29 11:46:50','2023-05-29 11:46:50'),(5680,9,128,0,'2023-05-29 11:46:51','2023-05-29 11:46:51'),(5681,9,327,0,'2023-05-29 11:46:51','2023-05-29 11:46:51'),(5682,9,366,0,'2023-05-29 11:46:51','2023-05-29 11:46:51'),(5683,9,10,0,'2023-05-29 11:46:51','2023-05-29 11:46:51'),(5684,9,281,0,'2023-05-29 11:46:51','2023-05-29 11:46:51'),(5685,9,908,0,'2023-05-29 11:46:51','2023-05-29 11:46:51'),(5686,9,284,0,'2023-05-29 11:46:51','2023-05-29 11:46:51'),(5687,9,352,0,'2023-05-29 11:46:51','2023-05-29 11:46:51'),(5688,9,120,0,'2023-05-29 11:46:51','2023-05-29 11:46:51'),(5689,9,423,0,'2023-05-29 11:46:51','2023-05-29 11:46:51'),(5690,9,287,0,'2023-05-29 11:46:51','2023-05-29 11:46:51'),(5691,9,359,0,'2023-05-29 11:46:51','2023-05-29 11:46:51'),(5692,9,358,0,'2023-05-29 11:46:51','2023-05-29 11:46:51'),(5693,9,82,0,'2023-05-29 11:46:51','2023-05-29 11:46:51'),(5694,9,1,0,'2023-05-29 11:46:51','2023-05-29 11:46:51'),(5695,9,21,0,'2023-05-29 11:46:51','2023-05-29 11:46:51'),(5696,9,850,0,'2023-05-29 11:46:51','2023-05-29 11:46:51'),(5697,9,390,0,'2023-05-29 11:46:51','2023-05-29 11:46:51'),(5698,9,635,0,'2023-05-29 11:46:51','2023-05-29 11:46:51'),(5699,9,643,0,'2023-05-29 11:46:51','2023-05-29 11:46:51'),(5700,9,763,0,'2023-05-29 11:46:51','2023-05-29 11:46:51'),(5701,9,397,0,'2023-05-29 11:46:51','2023-05-29 11:46:51'),(5702,9,335,0,'2023-05-29 11:46:51','2023-05-29 11:46:51'),(5703,9,871,0,'2023-05-29 11:46:51','2023-05-29 11:46:51'),(5704,9,5,0,'2023-05-29 11:46:51','2023-05-29 11:46:51'),(5705,9,98,0,'2023-05-29 11:46:51','2023-05-29 11:46:51'),(5706,9,762,0,'2023-05-29 11:46:51','2023-05-29 11:46:51'),(5707,9,715,0,'2023-05-29 11:46:51','2023-05-29 11:46:51'),(5708,9,905,0,'2023-05-29 11:46:51','2023-05-29 11:46:51'),(5709,9,904,0,'2023-05-29 11:46:51','2023-05-29 11:46:51'),(5710,9,903,0,'2023-05-29 11:46:51','2023-05-29 11:46:51'),(5711,9,902,0,'2023-05-29 11:46:51','2023-05-29 11:46:51'),(5712,9,901,0,'2023-05-29 11:46:51','2023-05-29 11:46:51'),(5713,9,899,0,'2023-05-29 11:46:51','2023-05-29 11:46:51'),(5714,9,896,0,'2023-05-29 11:46:51','2023-05-29 11:46:51'),(5715,9,895,0,'2023-05-29 11:46:51','2023-05-29 11:46:51'),(5716,9,893,0,'2023-05-29 11:46:51','2023-05-29 11:46:51'),(5717,9,875,0,'2023-05-29 11:46:51','2023-05-29 11:46:51'),(5718,9,800,0,'2023-05-29 11:46:51','2023-05-29 11:46:51'),(5719,9,335,0,'2023-05-29 11:46:51','2023-05-29 11:46:51'),(5720,9,272,0,'2023-05-29 11:46:51','2023-05-29 11:46:51'),(5721,9,215,0,'2023-05-29 11:46:51','2023-05-29 11:46:51'),(5722,9,31,0,'2023-05-29 11:46:51','2023-05-29 11:46:51'),(5723,9,395,0,'2023-05-29 11:46:51','2023-05-29 11:46:51'),(5724,9,217,0,'2023-05-29 11:46:51','2023-05-29 11:46:51'),(5725,9,339,0,'2023-05-29 11:46:51','2023-05-29 11:46:51'),(5943,14,497,0,'2023-05-31 05:16:23','2023-05-31 05:16:23'),(5944,14,498,0,'2023-05-31 05:16:23','2023-05-31 05:16:23'),(5945,14,499,0,'2023-05-31 05:16:23','2023-05-31 05:16:23'),(5946,14,500,0,'2023-05-31 05:16:23','2023-05-31 05:16:23'),(5947,14,501,0,'2023-05-31 05:16:23','2023-05-31 05:16:23'),(5948,14,502,0,'2023-05-31 05:16:23','2023-05-31 05:16:23'),(5949,14,503,0,'2023-05-31 05:16:23','2023-05-31 05:16:23'),(5950,14,504,0,'2023-05-31 05:16:23','2023-05-31 05:16:23'),(5951,14,505,0,'2023-05-31 05:16:23','2023-05-31 05:16:23'),(5952,14,506,0,'2023-05-31 05:16:23','2023-05-31 05:16:23'),(5953,14,507,0,'2023-05-31 05:16:23','2023-05-31 05:16:23'),(5954,14,508,0,'2023-05-31 05:16:23','2023-05-31 05:16:23'),(5955,14,509,0,'2023-05-31 05:16:23','2023-05-31 05:16:23'),(5956,14,510,0,'2023-05-31 05:16:23','2023-05-31 05:16:23'),(5957,14,511,0,'2023-05-31 05:16:23','2023-05-31 05:16:23'),(5958,14,512,0,'2023-05-31 05:16:23','2023-05-31 05:16:23'),(5959,14,513,0,'2023-05-31 05:16:23','2023-05-31 05:16:23'),(5960,14,514,0,'2023-05-31 05:16:23','2023-05-31 05:16:23'),(5961,14,515,0,'2023-05-31 05:16:23','2023-05-31 05:16:23'),(5962,14,516,0,'2023-05-31 05:16:23','2023-05-31 05:16:23'),(5963,14,517,0,'2023-05-31 05:16:23','2023-05-31 05:16:23'),(5964,14,518,0,'2023-05-31 05:16:23','2023-05-31 05:16:23'),(5965,14,519,0,'2023-05-31 05:16:23','2023-05-31 05:16:23'),(5966,14,520,0,'2023-05-31 05:16:23','2023-05-31 05:16:23'),(5967,14,521,0,'2023-05-31 05:16:23','2023-05-31 05:16:23'),(5968,14,522,0,'2023-05-31 05:16:23','2023-05-31 05:16:23'),(5969,14,523,0,'2023-05-31 05:16:23','2023-05-31 05:16:23'),(5970,14,524,0,'2023-05-31 05:16:23','2023-05-31 05:16:23'),(5971,14,525,0,'2023-05-31 05:16:23','2023-05-31 05:16:23'),(5972,14,526,0,'2023-05-31 05:16:23','2023-05-31 05:16:23'),(5973,14,527,0,'2023-05-31 05:16:23','2023-05-31 05:16:23'),(5974,14,528,0,'2023-05-31 05:16:23','2023-05-31 05:16:23'),(5975,14,529,0,'2023-05-31 05:16:23','2023-05-31 05:16:23'),(5976,14,530,0,'2023-05-31 05:16:23','2023-05-31 05:16:23'),(5977,14,531,0,'2023-05-31 05:16:23','2023-05-31 05:16:23'),(5978,14,532,0,'2023-05-31 05:16:23','2023-05-31 05:16:23'),(5979,14,533,0,'2023-05-31 05:16:23','2023-05-31 05:16:23'),(5980,14,534,0,'2023-05-31 05:16:23','2023-05-31 05:16:23'),(5981,14,535,0,'2023-05-31 05:16:23','2023-05-31 05:16:23'),(5982,14,536,0,'2023-05-31 05:16:23','2023-05-31 05:16:23'),(5983,14,537,0,'2023-05-31 05:16:23','2023-05-31 05:16:23'),(5984,14,538,0,'2023-05-31 05:16:23','2023-05-31 05:16:23'),(5985,14,539,0,'2023-05-31 05:16:23','2023-05-31 05:16:23'),(5986,14,540,0,'2023-05-31 05:16:23','2023-05-31 05:16:23'),(5987,14,541,0,'2023-05-31 05:16:23','2023-05-31 05:16:23'),(5988,14,542,0,'2023-05-31 05:16:23','2023-05-31 05:16:23'),(5989,14,543,0,'2023-05-31 05:16:23','2023-05-31 05:16:23'),(5990,14,544,0,'2023-05-31 05:16:23','2023-05-31 05:16:23'),(5991,14,545,0,'2023-05-31 05:16:23','2023-05-31 05:16:23'),(5992,14,546,0,'2023-05-31 05:16:23','2023-05-31 05:16:23'),(5993,14,547,0,'2023-05-31 05:16:23','2023-05-31 05:16:23'),(5994,14,548,0,'2023-05-31 05:16:23','2023-05-31 05:16:23'),(5995,14,549,0,'2023-05-31 05:16:23','2023-05-31 05:16:23'),(5996,14,550,0,'2023-05-31 05:16:23','2023-05-31 05:16:23'),(5997,14,551,0,'2023-05-31 05:16:23','2023-05-31 05:16:23'),(5998,14,552,0,'2023-05-31 05:16:23','2023-05-31 05:16:23'),(5999,14,553,0,'2023-05-31 05:16:23','2023-05-31 05:16:23'),(6000,14,554,0,'2023-05-31 05:16:23','2023-05-31 05:16:23'),(6001,14,555,0,'2023-05-31 05:16:23','2023-05-31 05:16:23'),(6002,14,556,0,'2023-05-31 05:16:23','2023-05-31 05:16:23'),(6003,14,557,0,'2023-05-31 05:16:23','2023-05-31 05:16:23'),(6004,14,558,0,'2023-05-31 05:16:23','2023-05-31 05:16:23'),(6005,14,559,0,'2023-05-31 05:16:23','2023-05-31 05:16:23'),(6006,14,560,0,'2023-05-31 05:16:23','2023-05-31 05:16:23'),(6007,14,561,0,'2023-05-31 05:16:23','2023-05-31 05:16:23'),(6008,14,562,0,'2023-05-31 05:16:23','2023-05-31 05:16:23'),(6009,14,563,0,'2023-05-31 05:16:23','2023-05-31 05:16:23'),(6010,14,564,0,'2023-05-31 05:16:23','2023-05-31 05:16:23'),(6011,14,565,0,'2023-05-31 05:16:23','2023-05-31 05:16:23'),(6012,14,566,0,'2023-05-31 05:16:23','2023-05-31 05:16:23'),(6013,14,567,0,'2023-05-31 05:16:23','2023-05-31 05:16:23'),(6014,14,568,0,'2023-05-31 05:16:23','2023-05-31 05:16:23'),(6015,14,569,0,'2023-05-31 05:16:23','2023-05-31 05:16:23'),(6016,14,570,0,'2023-05-31 05:16:23','2023-05-31 05:16:23'),(6017,14,571,0,'2023-05-31 05:16:23','2023-05-31 05:16:23'),(6018,14,572,0,'2023-05-31 05:16:23','2023-05-31 05:16:23'),(6019,14,573,0,'2023-05-31 05:16:23','2023-05-31 05:16:23'),(6020,14,574,0,'2023-05-31 05:16:23','2023-05-31 05:16:23'),(6021,14,575,0,'2023-05-31 05:16:23','2023-05-31 05:16:23'),(6022,14,576,0,'2023-05-31 05:16:23','2023-05-31 05:16:23'),(6023,14,577,0,'2023-05-31 05:16:23','2023-05-31 05:16:23'),(6024,14,578,0,'2023-05-31 05:16:23','2023-05-31 05:16:23'),(6025,14,579,0,'2023-05-31 05:16:23','2023-05-31 05:16:23'),(6026,14,580,0,'2023-05-31 05:16:23','2023-05-31 05:16:23'),(6027,14,581,0,'2023-05-31 05:16:23','2023-05-31 05:16:23'),(6028,14,582,0,'2023-05-31 05:16:23','2023-05-31 05:16:23'),(6029,14,899,0,'2023-05-31 05:16:23','2023-05-31 05:16:23'),(6030,14,679,0,'2023-05-31 05:16:23','2023-05-31 05:16:23'),(6031,14,277,0,'2023-05-31 05:16:23','2023-05-31 05:16:23'),(6032,14,404,0,'2023-05-31 05:16:23','2023-05-31 05:16:23'),(6408,18,128,0,'2023-06-01 03:56:03','2023-06-01 03:56:03'),(6409,18,905,0,'2023-06-01 03:56:03','2023-06-01 03:56:03'),(6410,18,36,0,'2023-06-01 03:56:03','2023-06-01 03:56:03'),(6411,18,342,0,'2023-06-01 03:56:03','2023-06-01 03:56:03'),(6412,18,37,0,'2023-06-01 03:56:03','2023-06-01 03:56:03'),(6413,18,907,0,'2023-06-01 03:56:03','2023-06-01 03:56:03'),(6414,18,221,0,'2023-06-01 03:56:03','2023-06-01 03:56:03'),(6415,18,584,0,'2023-06-01 03:56:03','2023-06-01 03:56:03'),(6416,18,421,0,'2023-06-01 03:56:03','2023-06-01 03:56:03'),(6417,18,221,0,'2023-06-01 03:56:03','2023-06-01 03:56:03'),(6418,18,223,0,'2023-06-01 03:56:03','2023-06-01 03:56:03'),(6419,18,423,0,'2023-06-01 03:56:03','2023-06-01 03:56:03'),(6420,18,908,0,'2023-06-01 03:56:03','2023-06-01 03:56:03'),(6421,18,618,0,'2023-06-01 03:56:03','2023-06-01 03:56:03'),(6422,18,452,0,'2023-06-01 03:56:03','2023-06-01 03:56:03'),(6423,18,394,0,'2023-06-01 03:56:03','2023-06-01 03:56:03'),(6424,18,389,0,'2023-06-01 03:56:03','2023-06-01 03:56:03'),(6425,18,106,0,'2023-06-01 03:56:03','2023-06-01 03:56:03'),(6426,18,317,0,'2023-06-01 03:56:03','2023-06-01 03:56:03'),(6427,18,924,0,'2023-06-01 03:56:03','2023-06-01 03:56:03'),(6428,18,915,0,'2023-06-01 03:56:03','2023-06-01 03:56:03'),(6429,18,7,0,'2023-06-01 03:56:03','2023-06-01 03:56:03'),(6430,18,36,0,'2023-06-01 03:56:03','2023-06-01 03:56:03'),(6431,18,647,0,'2023-06-01 03:56:03','2023-06-01 03:56:03'),(6432,18,217,0,'2023-06-01 03:56:03','2023-06-01 03:56:03'),(6433,18,668,0,'2023-06-01 03:56:03','2023-06-01 03:56:03'),(6434,18,328,0,'2023-06-01 03:56:03','2023-06-01 03:56:03'),(6435,18,617,0,'2023-06-01 03:56:03','2023-06-01 03:56:03'),(6436,18,717,0,'2023-06-01 03:56:03','2023-06-01 03:56:03'),(6437,18,558,0,'2023-06-01 03:56:03','2023-06-01 03:56:03'),(6438,18,718,0,'2023-06-01 03:56:03','2023-06-01 03:56:03'),(6439,18,927,0,'2023-06-01 03:56:03','2023-06-01 03:56:03'),(6440,18,16,0,'2023-06-01 03:56:03','2023-06-01 03:56:03'),(6441,18,921,0,'2023-06-01 03:56:03','2023-06-01 03:56:03'),(6442,18,421,0,'2023-06-01 03:56:03','2023-06-01 03:56:03'),(6443,18,220,0,'2023-06-01 03:56:03','2023-06-01 03:56:03'),(6444,18,160,0,'2023-06-01 03:56:03','2023-06-01 03:56:03'),(6445,18,421,0,'2023-06-01 03:56:03','2023-06-01 03:56:03'),(6446,18,426,0,'2023-06-01 03:56:03','2023-06-01 03:56:03'),(6447,18,880,0,'2023-06-01 03:56:03','2023-06-01 03:56:03'),(6448,18,855,0,'2023-06-01 03:56:03','2023-06-01 03:56:03'),(6449,18,659,0,'2023-06-01 03:56:03','2023-06-01 03:56:03'),(6450,18,539,0,'2023-06-01 03:56:03','2023-06-01 03:56:03'),(6451,18,770,0,'2023-06-01 03:56:03','2023-06-01 03:56:03'),(6452,18,486,0,'2023-06-01 03:56:03','2023-06-01 03:56:03'),(6453,18,720,0,'2023-06-01 03:56:03','2023-06-01 03:56:03'),(6454,18,560,0,'2023-06-01 03:56:03','2023-06-01 03:56:03'),(6455,18,638,0,'2023-06-01 03:56:03','2023-06-01 03:56:03'),(6456,18,336,0,'2023-06-01 03:56:03','2023-06-01 03:56:03'),(6457,18,468,0,'2023-06-01 03:56:03','2023-06-01 03:56:03'),(6458,18,251,0,'2023-06-01 03:56:03','2023-06-01 03:56:03'),(6459,18,923,0,'2023-06-01 03:56:03','2023-06-01 03:56:03'),(6460,18,920,0,'2023-06-01 03:56:03','2023-06-01 03:56:03'),(6461,18,922,0,'2023-06-01 03:56:03','2023-06-01 03:56:03'),(6462,18,924,0,'2023-06-01 03:56:03','2023-06-01 03:56:03'),(6463,18,925,0,'2023-06-01 03:56:03','2023-06-01 03:56:03'),(6464,18,419,0,'2023-06-01 03:56:03','2023-06-01 03:56:03'),(6465,18,686,0,'2023-06-01 03:56:03','2023-06-01 03:56:03'),(6466,18,190,0,'2023-06-01 03:56:03','2023-06-01 03:56:03'),(6467,18,212,0,'2023-06-01 03:56:03','2023-06-01 03:56:03'),(6468,18,584,0,'2023-06-01 03:56:03','2023-06-01 03:56:03'),(6469,18,37,0,'2023-06-01 03:56:03','2023-06-01 03:56:03'),(6470,18,281,0,'2023-06-01 03:56:03','2023-06-01 03:56:03'),(6471,18,420,0,'2023-06-01 03:56:03','2023-06-01 03:56:03'),(6472,18,535,0,'2023-06-01 03:56:03','2023-06-01 03:56:03'),(6473,18,376,0,'2023-06-01 03:56:03','2023-06-01 03:56:03'),(6474,18,498,0,'2023-06-01 03:56:03','2023-06-01 03:56:03'),(6475,18,910,0,'2023-06-01 03:56:03','2023-06-01 03:56:03'),(6476,18,160,0,'2023-06-01 03:56:03','2023-06-01 03:56:03'),(6477,18,220,0,'2023-06-01 03:56:03','2023-06-01 03:56:03'),(6478,18,118,0,'2023-06-01 03:56:03','2023-06-01 03:56:03'),(7481,28,293,0,'2023-06-01 13:36:00','2023-06-01 13:36:00'),(7482,28,128,0,'2023-06-01 13:36:00','2023-06-01 13:36:00'),(7483,28,327,0,'2023-06-01 13:36:00','2023-06-01 13:36:00'),(7484,28,7,0,'2023-06-01 13:36:00','2023-06-01 13:36:00'),(7485,28,118,0,'2023-06-01 13:36:00','2023-06-01 13:36:00'),(7486,28,9,0,'2023-06-01 13:36:00','2023-06-01 13:36:00'),(7487,28,119,0,'2023-06-01 13:36:00','2023-06-01 13:36:00'),(7488,28,120,0,'2023-06-01 13:36:00','2023-06-01 13:36:00'),(7489,28,121,0,'2023-06-01 13:36:00','2023-06-01 13:36:00'),(7490,28,122,0,'2023-06-01 13:36:00','2023-06-01 13:36:00'),(7491,28,123,0,'2023-06-01 13:36:00','2023-06-01 13:36:00'),(7492,28,124,0,'2023-06-01 13:36:00','2023-06-01 13:36:00'),(7493,28,125,0,'2023-06-01 13:36:00','2023-06-01 13:36:00'),(7494,28,130,0,'2023-06-01 13:36:00','2023-06-01 13:36:00'),(7495,28,131,0,'2023-06-01 13:36:00','2023-06-01 13:36:00'),(7496,28,132,0,'2023-06-01 13:36:00','2023-06-01 13:36:00'),(7497,28,133,0,'2023-06-01 13:36:00','2023-06-01 13:36:00'),(7498,28,140,0,'2023-06-01 13:36:00','2023-06-01 13:36:00'),(7499,28,139,0,'2023-06-01 13:36:00','2023-06-01 13:36:00'),(7500,28,141,0,'2023-06-01 13:36:00','2023-06-01 13:36:00'),(7501,28,142,0,'2023-06-01 13:36:00','2023-06-01 13:36:00'),(7502,28,143,0,'2023-06-01 13:36:00','2023-06-01 13:36:00'),(7503,28,144,0,'2023-06-01 13:36:00','2023-06-01 13:36:00'),(7504,28,145,0,'2023-06-01 13:36:00','2023-06-01 13:36:00'),(7505,28,146,0,'2023-06-01 13:36:00','2023-06-01 13:36:00'),(7506,28,147,0,'2023-06-01 13:36:00','2023-06-01 13:36:00'),(7507,28,148,0,'2023-06-01 13:36:00','2023-06-01 13:36:00'),(7508,28,149,0,'2023-06-01 13:36:00','2023-06-01 13:36:00'),(7509,28,914,0,'2023-06-01 13:36:00','2023-06-01 13:36:00'),(7510,28,151,0,'2023-06-01 13:36:00','2023-06-01 13:36:00'),(7511,28,159,0,'2023-06-01 13:36:00','2023-06-01 13:36:00'),(7512,28,152,0,'2023-06-01 13:36:00','2023-06-01 13:36:00'),(7513,28,153,0,'2023-06-01 13:36:00','2023-06-01 13:36:00'),(7514,28,154,0,'2023-06-01 13:36:00','2023-06-01 13:36:00'),(7515,28,155,0,'2023-06-01 13:36:00','2023-06-01 13:36:00'),(7516,28,156,0,'2023-06-01 13:36:00','2023-06-01 13:36:00'),(7517,28,44,0,'2023-06-01 13:36:00','2023-06-01 13:36:00'),(7518,28,207,0,'2023-06-01 13:36:00','2023-06-01 13:36:00'),(7519,28,54,0,'2023-06-01 13:36:00','2023-06-01 13:36:00'),(7520,28,41,0,'2023-06-01 13:36:00','2023-06-01 13:36:00'),(7795,27,16,0,'2023-06-04 12:12:23','2023-06-04 12:12:23'),(7796,27,3,0,'2023-06-04 12:12:23','2023-06-04 12:12:23'),(7797,27,4,0,'2023-06-04 12:12:23','2023-06-04 12:12:23'),(7798,27,348,0,'2023-06-04 12:12:23','2023-06-04 12:12:23'),(7799,27,349,0,'2023-06-04 12:12:23','2023-06-04 12:12:23'),(7800,27,14,0,'2023-06-04 12:12:23','2023-06-04 12:12:23'),(7801,27,18,0,'2023-06-04 12:12:23','2023-06-04 12:12:23'),(7802,27,15,0,'2023-06-04 12:12:23','2023-06-04 12:12:23'),(7803,27,19,0,'2023-06-04 12:12:23','2023-06-04 12:12:23'),(7804,27,20,0,'2023-06-04 12:12:23','2023-06-04 12:12:23'),(7805,27,35,0,'2023-06-04 12:12:23','2023-06-04 12:12:23'),(7806,27,34,0,'2023-06-04 12:12:23','2023-06-04 12:12:23'),(7807,27,33,0,'2023-06-04 12:12:23','2023-06-04 12:12:23'),(7808,27,32,0,'2023-06-04 12:12:23','2023-06-04 12:12:23'),(7809,27,31,0,'2023-06-04 12:12:23','2023-06-04 12:12:23'),(7810,27,30,0,'2023-06-04 12:12:23','2023-06-04 12:12:23'),(7811,27,907,0,'2023-06-04 12:12:23','2023-06-04 12:12:23'),(7812,27,28,0,'2023-06-04 12:12:23','2023-06-04 12:12:23'),(7813,27,27,0,'2023-06-04 12:12:23','2023-06-04 12:12:23'),(7814,27,26,0,'2023-06-04 12:12:23','2023-06-04 12:12:23'),(7815,27,25,0,'2023-06-04 12:12:23','2023-06-04 12:12:23'),(7816,27,67,0,'2023-06-04 12:12:23','2023-06-04 12:12:23'),(7817,27,9,0,'2023-06-04 12:12:23','2023-06-04 12:12:23'),(7818,27,21,0,'2023-06-04 12:12:23','2023-06-04 12:12:23'),(7819,27,816,0,'2023-06-04 12:12:23','2023-06-04 12:12:23'),(8343,4,7,0,'2023-06-15 14:25:48','2023-06-15 14:25:48'),(8344,4,118,0,'2023-06-15 14:25:48','2023-06-15 14:25:48'),(8345,4,9,0,'2023-06-15 14:25:48','2023-06-15 14:25:48'),(8346,4,119,0,'2023-06-15 14:25:48','2023-06-15 14:25:48'),(8347,4,120,0,'2023-06-15 14:25:48','2023-06-15 14:25:48'),(8348,4,121,0,'2023-06-15 14:25:48','2023-06-15 14:25:48'),(8349,4,122,0,'2023-06-15 14:25:48','2023-06-15 14:25:48'),(8350,4,123,0,'2023-06-15 14:25:48','2023-06-15 14:25:48'),(8351,4,124,0,'2023-06-15 14:25:48','2023-06-15 14:25:48'),(8352,4,125,0,'2023-06-15 14:25:48','2023-06-15 14:25:48'),(8353,4,126,0,'2023-06-15 14:25:48','2023-06-15 14:25:48'),(8354,4,127,0,'2023-06-15 14:25:48','2023-06-15 14:25:48'),(8355,4,128,0,'2023-06-15 14:25:48','2023-06-15 14:25:48'),(8356,4,129,0,'2023-06-15 14:25:48','2023-06-15 14:25:48'),(8357,4,130,0,'2023-06-15 14:25:48','2023-06-15 14:25:48'),(8358,4,131,0,'2023-06-15 14:25:48','2023-06-15 14:25:48'),(8359,4,132,0,'2023-06-15 14:25:48','2023-06-15 14:25:48'),(8360,4,133,0,'2023-06-15 14:25:48','2023-06-15 14:25:48'),(8361,4,134,0,'2023-06-15 14:25:48','2023-06-15 14:25:48'),(8362,4,135,0,'2023-06-15 14:25:48','2023-06-15 14:25:48'),(8363,4,136,0,'2023-06-15 14:25:48','2023-06-15 14:25:48'),(8364,4,137,0,'2023-06-15 14:25:48','2023-06-15 14:25:48'),(8365,4,138,0,'2023-06-15 14:25:48','2023-06-15 14:25:48'),(8366,4,139,0,'2023-06-15 14:25:48','2023-06-15 14:25:48'),(8367,4,140,0,'2023-06-15 14:25:48','2023-06-15 14:25:48'),(8368,4,141,0,'2023-06-15 14:25:48','2023-06-15 14:25:48'),(8369,4,142,0,'2023-06-15 14:25:48','2023-06-15 14:25:48'),(8370,4,143,0,'2023-06-15 14:25:48','2023-06-15 14:25:48'),(8371,4,144,0,'2023-06-15 14:25:48','2023-06-15 14:25:48'),(8372,4,145,0,'2023-06-15 14:25:48','2023-06-15 14:25:48'),(8373,4,146,0,'2023-06-15 14:25:48','2023-06-15 14:25:48'),(8374,4,147,0,'2023-06-15 14:25:48','2023-06-15 14:25:48'),(8375,4,148,0,'2023-06-15 14:25:48','2023-06-15 14:25:48'),(8376,4,149,0,'2023-06-15 14:25:48','2023-06-15 14:25:48'),(8377,4,150,0,'2023-06-15 14:25:48','2023-06-15 14:25:48'),(8378,4,151,0,'2023-06-15 14:25:48','2023-06-15 14:25:48'),(8379,4,152,0,'2023-06-15 14:25:48','2023-06-15 14:25:48'),(8380,4,153,0,'2023-06-15 14:25:48','2023-06-15 14:25:48'),(8381,4,154,0,'2023-06-15 14:25:48','2023-06-15 14:25:48'),(8382,4,155,0,'2023-06-15 14:25:48','2023-06-15 14:25:48'),(8383,4,156,0,'2023-06-15 14:25:48','2023-06-15 14:25:48'),(8384,4,157,0,'2023-06-15 14:25:48','2023-06-15 14:25:48'),(8385,4,158,0,'2023-06-15 14:25:48','2023-06-15 14:25:48'),(8386,4,159,0,'2023-06-15 14:25:48','2023-06-15 14:25:48'),(8387,4,674,0,'2023-06-15 14:25:48','2023-06-15 14:25:48'),(8388,5,7,0,'2023-06-16 12:09:26','2023-06-16 12:09:26'),(8389,5,16,0,'2023-06-16 12:09:26','2023-06-16 12:09:26'),(8390,5,3,0,'2023-06-16 12:09:26','2023-06-16 12:09:26'),(8391,5,9,0,'2023-06-16 12:09:26','2023-06-16 12:09:26'),(8392,5,20,0,'2023-06-16 12:09:26','2023-06-16 12:09:26'),(8393,5,147,0,'2023-06-16 12:09:26','2023-06-16 12:09:26'),(8394,5,60,0,'2023-06-16 12:09:26','2023-06-16 12:09:26'),(8395,5,25,0,'2023-06-16 12:09:26','2023-06-16 12:09:26'),(8396,5,31,0,'2023-06-16 12:09:26','2023-06-16 12:09:26'),(8397,5,639,0,'2023-06-16 12:09:26','2023-06-16 12:09:26'),(8398,5,907,0,'2023-06-16 12:09:26','2023-06-16 12:09:26'),(8399,5,849,0,'2023-06-16 12:09:26','2023-06-16 12:09:26'),(8400,5,642,0,'2023-06-16 12:09:26','2023-06-16 12:09:26'),(8401,5,640,0,'2023-06-16 12:09:26','2023-06-16 12:09:26'),(8402,5,400,0,'2023-06-16 12:09:26','2023-06-16 12:09:26'),(8403,5,156,0,'2023-06-16 12:09:26','2023-06-16 12:09:26'),(8404,5,914,0,'2023-06-16 12:09:26','2023-06-16 12:09:26'),(8405,5,276,0,'2023-06-16 12:09:26','2023-06-16 12:09:26'),(8406,5,908,0,'2023-06-16 12:09:26','2023-06-16 12:09:26'),(8407,5,43,0,'2023-06-16 12:09:26','2023-06-16 12:09:26'),(8408,5,909,0,'2023-06-16 12:09:26','2023-06-16 12:09:26'),(8409,5,911,0,'2023-06-16 12:09:26','2023-06-16 12:09:26'),(8410,5,914,0,'2023-06-16 12:09:26','2023-06-16 12:09:26'),(8411,5,919,0,'2023-06-16 12:09:26','2023-06-16 12:09:26'),(8412,5,913,0,'2023-06-16 12:09:26','2023-06-16 12:09:26'),(8439,8,10,0,'2023-06-17 14:58:37','2023-06-17 14:58:37'),(8440,8,11,0,'2023-06-17 14:58:37','2023-06-17 14:58:37'),(8441,8,12,0,'2023-06-17 14:58:37','2023-06-17 14:58:37'),(8442,8,13,0,'2023-06-17 14:58:37','2023-06-17 14:58:37'),(8443,8,78,0,'2023-06-17 14:58:37','2023-06-17 14:58:37'),(8444,8,79,0,'2023-06-17 14:58:37','2023-06-17 14:58:37'),(8445,8,80,0,'2023-06-17 14:58:37','2023-06-17 14:58:37'),(8446,8,128,0,'2023-06-17 14:58:37','2023-06-17 14:58:37'),(8447,8,81,0,'2023-06-17 14:58:37','2023-06-17 14:58:37'),(8448,8,82,0,'2023-06-17 14:58:37','2023-06-17 14:58:37'),(8449,8,83,0,'2023-06-17 14:58:37','2023-06-17 14:58:37'),(8450,8,84,0,'2023-06-17 14:58:37','2023-06-17 14:58:37'),(8451,8,85,0,'2023-06-17 14:58:37','2023-06-17 14:58:37'),(8452,8,86,0,'2023-06-17 14:58:37','2023-06-17 14:58:37'),(8453,8,87,0,'2023-06-17 14:58:37','2023-06-17 14:58:37'),(8454,8,88,0,'2023-06-17 14:58:37','2023-06-17 14:58:37'),(8455,8,89,0,'2023-06-17 14:58:37','2023-06-17 14:58:37'),(8456,8,90,0,'2023-06-17 14:58:37','2023-06-17 14:58:37'),(8457,8,91,0,'2023-06-17 14:58:37','2023-06-17 14:58:37'),(8458,8,92,0,'2023-06-17 14:58:37','2023-06-17 14:58:37'),(8459,8,93,0,'2023-06-17 14:58:37','2023-06-17 14:58:37'),(8460,8,94,0,'2023-06-17 14:58:37','2023-06-17 14:58:37'),(8461,8,95,0,'2023-06-17 14:58:37','2023-06-17 14:58:37'),(8462,8,96,0,'2023-06-17 14:58:37','2023-06-17 14:58:37'),(8463,8,97,0,'2023-06-17 14:58:37','2023-06-17 14:58:37'),(8464,8,98,0,'2023-06-17 14:58:37','2023-06-17 14:58:37'),(8465,8,99,0,'2023-06-17 14:58:37','2023-06-17 14:58:37'),(8466,8,100,0,'2023-06-17 14:58:37','2023-06-17 14:58:37'),(8467,8,101,0,'2023-06-17 14:58:37','2023-06-17 14:58:37'),(8468,8,102,0,'2023-06-17 14:58:37','2023-06-17 14:58:37'),(8469,8,103,0,'2023-06-17 14:58:37','2023-06-17 14:58:37'),(8470,8,104,0,'2023-06-17 14:58:37','2023-06-17 14:58:37'),(8471,8,105,0,'2023-06-17 14:58:37','2023-06-17 14:58:37'),(8472,8,106,0,'2023-06-17 14:58:37','2023-06-17 14:58:37'),(8473,8,107,0,'2023-06-17 14:58:37','2023-06-17 14:58:37'),(8474,8,108,0,'2023-06-17 14:58:37','2023-06-17 14:58:37'),(8475,8,109,0,'2023-06-17 14:58:37','2023-06-17 14:58:37'),(8476,8,110,0,'2023-06-17 14:58:37','2023-06-17 14:58:37'),(8477,8,111,0,'2023-06-17 14:58:37','2023-06-17 14:58:37'),(8478,8,112,0,'2023-06-17 14:58:37','2023-06-17 14:58:37'),(8479,8,113,0,'2023-06-17 14:58:37','2023-06-17 14:58:37'),(8480,8,114,0,'2023-06-17 14:58:37','2023-06-17 14:58:37'),(8481,8,115,0,'2023-06-17 14:58:37','2023-06-17 14:58:37'),(8482,8,116,0,'2023-06-17 14:58:37','2023-06-17 14:58:37'),(8483,8,117,0,'2023-06-17 14:58:37','2023-06-17 14:58:37'),(8484,10,220,0,'2023-06-17 14:59:03','2023-06-17 14:59:03'),(8485,10,221,0,'2023-06-17 14:59:03','2023-06-17 14:59:03'),(8486,10,222,0,'2023-06-17 14:59:03','2023-06-17 14:59:03'),(8487,10,223,0,'2023-06-17 14:59:03','2023-06-17 14:59:03'),(8488,10,224,0,'2023-06-17 14:59:03','2023-06-17 14:59:03'),(8489,10,225,0,'2023-06-17 14:59:03','2023-06-17 14:59:03'),(8490,10,226,0,'2023-06-17 14:59:03','2023-06-17 14:59:03'),(8491,10,227,0,'2023-06-17 14:59:03','2023-06-17 14:59:03'),(8492,10,228,0,'2023-06-17 14:59:03','2023-06-17 14:59:03'),(8493,10,229,0,'2023-06-17 14:59:03','2023-06-17 14:59:03'),(8494,10,231,0,'2023-06-17 14:59:03','2023-06-17 14:59:03'),(8495,10,232,0,'2023-06-17 14:59:03','2023-06-17 14:59:03'),(8496,10,233,0,'2023-06-17 14:59:03','2023-06-17 14:59:03'),(8497,10,234,0,'2023-06-17 14:59:03','2023-06-17 14:59:03'),(8498,10,235,0,'2023-06-17 14:59:03','2023-06-17 14:59:03'),(8499,10,236,0,'2023-06-17 14:59:03','2023-06-17 14:59:03'),(8500,10,237,0,'2023-06-17 14:59:03','2023-06-17 14:59:03'),(8501,10,238,0,'2023-06-17 14:59:03','2023-06-17 14:59:03'),(8502,10,239,0,'2023-06-17 14:59:03','2023-06-17 14:59:03'),(8503,10,240,0,'2023-06-17 14:59:03','2023-06-17 14:59:03'),(8504,10,241,0,'2023-06-17 14:59:03','2023-06-17 14:59:03'),(8505,10,242,0,'2023-06-17 14:59:03','2023-06-17 14:59:03'),(8506,10,243,0,'2023-06-17 14:59:03','2023-06-17 14:59:03'),(8507,10,244,0,'2023-06-17 14:59:03','2023-06-17 14:59:03'),(8508,10,245,0,'2023-06-17 14:59:03','2023-06-17 14:59:03'),(8509,10,246,0,'2023-06-17 14:59:03','2023-06-17 14:59:03'),(8510,10,247,0,'2023-06-17 14:59:03','2023-06-17 14:59:03'),(8511,10,248,0,'2023-06-17 14:59:03','2023-06-17 14:59:03'),(8512,10,249,0,'2023-06-17 14:59:03','2023-06-17 14:59:03'),(8513,10,250,0,'2023-06-17 14:59:03','2023-06-17 14:59:03'),(8514,10,251,0,'2023-06-17 14:59:03','2023-06-17 14:59:03'),(8515,10,252,0,'2023-06-17 14:59:03','2023-06-17 14:59:03'),(8516,10,253,0,'2023-06-17 14:59:03','2023-06-17 14:59:03'),(8517,10,254,0,'2023-06-17 14:59:03','2023-06-17 14:59:03'),(8518,10,255,0,'2023-06-17 14:59:03','2023-06-17 14:59:03'),(8519,10,256,0,'2023-06-17 14:59:03','2023-06-17 14:59:03'),(8520,10,257,0,'2023-06-17 14:59:03','2023-06-17 14:59:03'),(8521,10,258,0,'2023-06-17 14:59:03','2023-06-17 14:59:03'),(8522,10,259,0,'2023-06-17 14:59:03','2023-06-17 14:59:03'),(8523,10,260,0,'2023-06-17 14:59:03','2023-06-17 14:59:03'),(8524,10,261,0,'2023-06-17 14:59:03','2023-06-17 14:59:03'),(8525,10,262,0,'2023-06-17 14:59:03','2023-06-17 14:59:03'),(8526,10,263,0,'2023-06-17 14:59:03','2023-06-17 14:59:03'),(8527,10,264,0,'2023-06-17 14:59:03','2023-06-17 14:59:03'),(8528,10,265,0,'2023-06-17 14:59:03','2023-06-17 14:59:03'),(8529,10,266,0,'2023-06-17 14:59:03','2023-06-17 14:59:03'),(8530,10,267,0,'2023-06-17 14:59:03','2023-06-17 14:59:03'),(8531,10,268,0,'2023-06-17 14:59:03','2023-06-17 14:59:03'),(8532,10,269,0,'2023-06-17 14:59:03','2023-06-17 14:59:03'),(8533,10,270,0,'2023-06-17 14:59:03','2023-06-17 14:59:03'),(8534,10,271,0,'2023-06-17 14:59:03','2023-06-17 14:59:03'),(8535,10,272,0,'2023-06-17 14:59:03','2023-06-17 14:59:03'),(8536,10,273,0,'2023-06-17 14:59:03','2023-06-17 14:59:03'),(8537,10,274,0,'2023-06-17 14:59:03','2023-06-17 14:59:03'),(8538,10,275,0,'2023-06-17 14:59:03','2023-06-17 14:59:03'),(8539,10,276,0,'2023-06-17 14:59:03','2023-06-17 14:59:03'),(8540,10,277,0,'2023-06-17 14:59:03','2023-06-17 14:59:03'),(8541,10,278,0,'2023-06-17 14:59:03','2023-06-17 14:59:03'),(8542,10,279,0,'2023-06-17 14:59:03','2023-06-17 14:59:03'),(8543,10,280,0,'2023-06-17 14:59:03','2023-06-17 14:59:03'),(8734,7,4,0,'2023-06-17 16:30:12','2023-06-17 16:30:12'),(8735,7,3,0,'2023-06-17 16:30:12','2023-06-17 16:30:12'),(8736,7,128,0,'2023-06-17 16:30:12','2023-06-17 16:30:12'),(8737,7,14,0,'2023-06-17 16:30:12','2023-06-17 16:30:12'),(8738,7,128,0,'2023-06-17 16:30:12','2023-06-17 16:30:12'),(8739,7,128,0,'2023-06-17 16:30:12','2023-06-17 16:30:12'),(8740,7,77,0,'2023-06-17 16:30:12','2023-06-17 16:30:12'),(8741,7,13,0,'2023-06-17 16:30:12','2023-06-17 16:30:12'),(8742,7,76,0,'2023-06-17 16:30:12','2023-06-17 16:30:12'),(8743,7,3,0,'2023-06-17 16:30:12','2023-06-17 16:30:12'),(8744,7,3,0,'2023-06-17 16:30:12','2023-06-17 16:30:12'),(8745,7,285,0,'2023-06-17 16:30:12','2023-06-17 16:30:12'),(8746,7,39,0,'2023-06-17 16:30:12','2023-06-17 16:30:12'),(8747,7,589,0,'2023-06-17 16:30:12','2023-06-17 16:30:12'),(8748,7,926,0,'2023-06-17 16:30:12','2023-06-17 16:30:12'),(8749,7,13,0,'2023-06-17 16:30:12','2023-06-17 16:30:12'),(8750,7,248,0,'2023-06-17 16:30:12','2023-06-17 16:30:12'),(8751,7,311,0,'2023-06-17 16:30:12','2023-06-17 16:30:12'),(8752,7,326,0,'2023-06-17 16:30:12','2023-06-17 16:30:12'),(8753,7,124,0,'2023-06-17 16:30:12','2023-06-17 16:30:12'),(8754,7,774,0,'2023-06-17 16:30:12','2023-06-17 16:30:12'),(8755,7,637,0,'2023-06-17 16:30:12','2023-06-17 16:30:12'),(8756,7,245,0,'2023-06-17 16:30:12','2023-06-17 16:30:12'),(8757,7,385,0,'2023-06-17 16:30:12','2023-06-17 16:30:12'),(8758,7,118,0,'2023-06-17 16:30:12','2023-06-17 16:30:12'),(8759,7,910,0,'2023-06-17 16:30:12','2023-06-17 16:30:12'),(8760,7,221,0,'2023-06-17 16:30:12','2023-06-17 16:30:12'),(8761,7,9,0,'2023-06-17 16:30:12','2023-06-17 16:30:12'),(8762,7,352,0,'2023-06-17 16:30:12','2023-06-17 16:30:12'),(8763,7,224,0,'2023-06-17 16:30:12','2023-06-17 16:30:12'),(8764,7,689,0,'2023-06-17 16:30:12','2023-06-17 16:30:12'),(8765,7,43,0,'2023-06-17 16:30:12','2023-06-17 16:30:12'),(8766,7,291,0,'2023-06-17 16:30:12','2023-06-17 16:30:12'),(8767,7,86,0,'2023-06-17 16:30:12','2023-06-17 16:30:12'),(8768,7,723,0,'2023-06-17 16:30:12','2023-06-17 16:30:12'),(8769,7,547,0,'2023-06-17 16:30:12','2023-06-17 16:30:12'),(8770,7,173,0,'2023-06-17 16:30:12','2023-06-17 16:30:12'),(8771,7,745,0,'2023-06-17 16:30:12','2023-06-17 16:30:12'),(8772,7,913,0,'2023-06-17 16:30:12','2023-06-17 16:30:12'),(8773,7,190,0,'2023-06-17 16:30:12','2023-06-17 16:30:12'),(9349,1,16,0,'2023-06-23 07:04:23','2023-06-23 07:04:23'),(9350,1,3,0,'2023-06-23 07:04:23','2023-06-23 07:04:23'),(9351,1,4,0,'2023-06-23 07:04:23','2023-06-23 07:04:23'),(9352,1,348,0,'2023-06-23 07:04:23','2023-06-23 07:04:23'),(9353,1,349,0,'2023-06-23 07:04:23','2023-06-23 07:04:23'),(9354,1,14,0,'2023-06-23 07:04:23','2023-06-23 07:04:23'),(9355,1,18,0,'2023-06-23 07:04:23','2023-06-23 07:04:23'),(9356,1,15,0,'2023-06-23 07:04:23','2023-06-23 07:04:23'),(9357,1,19,0,'2023-06-23 07:04:23','2023-06-23 07:04:23'),(9358,1,20,0,'2023-06-23 07:04:23','2023-06-23 07:04:23'),(9359,1,21,0,'2023-06-23 07:04:23','2023-06-23 07:04:23'),(9360,1,22,0,'2023-06-23 07:04:23','2023-06-23 07:04:23'),(9361,1,23,0,'2023-06-23 07:04:23','2023-06-23 07:04:23'),(9362,1,22,0,'2023-06-23 07:04:23','2023-06-23 07:04:23'),(9363,1,25,0,'2023-06-23 07:04:23','2023-06-23 07:04:23'),(9364,1,26,0,'2023-06-23 07:04:23','2023-06-23 07:04:23'),(9365,1,27,0,'2023-06-23 07:04:23','2023-06-23 07:04:23'),(9366,1,28,0,'2023-06-23 07:04:23','2023-06-23 07:04:23'),(9367,1,29,0,'2023-06-23 07:04:23','2023-06-23 07:04:23'),(9368,1,30,0,'2023-06-23 07:04:23','2023-06-23 07:04:23'),(9369,1,139,0,'2023-06-23 07:04:23','2023-06-23 07:04:23'),(9370,1,32,0,'2023-06-23 07:04:23','2023-06-23 07:04:23'),(9371,1,33,0,'2023-06-23 07:04:23','2023-06-23 07:04:23'),(9372,1,348,0,'2023-06-23 07:04:23','2023-06-23 07:04:23'),(9373,1,35,0,'2023-06-23 07:04:23','2023-06-23 07:04:23'),(9409,12,351,0,'2023-06-23 09:52:22','2023-06-23 09:52:22'),(9410,12,350,0,'2023-06-23 09:52:22','2023-06-23 09:52:22'),(9411,12,352,0,'2023-06-23 09:52:22','2023-06-23 09:52:22'),(9412,12,353,0,'2023-06-23 09:52:22','2023-06-23 09:52:22'),(9413,12,354,0,'2023-06-23 09:52:22','2023-06-23 09:52:22'),(9414,12,355,0,'2023-06-23 09:52:22','2023-06-23 09:52:22'),(9415,12,356,0,'2023-06-23 09:52:22','2023-06-23 09:52:22'),(9416,12,357,0,'2023-06-23 09:52:22','2023-06-23 09:52:22'),(9417,12,358,0,'2023-06-23 09:52:22','2023-06-23 09:52:22'),(9418,12,359,0,'2023-06-23 09:52:22','2023-06-23 09:52:22'),(9419,12,360,0,'2023-06-23 09:52:22','2023-06-23 09:52:22'),(9420,12,361,0,'2023-06-23 09:52:22','2023-06-23 09:52:22'),(9421,12,362,0,'2023-06-23 09:52:22','2023-06-23 09:52:22'),(9422,12,363,0,'2023-06-23 09:52:22','2023-06-23 09:52:22'),(9423,12,364,0,'2023-06-23 09:52:22','2023-06-23 09:52:22'),(9424,12,365,0,'2023-06-23 09:52:22','2023-06-23 09:52:22'),(9425,12,366,0,'2023-06-23 09:52:22','2023-06-23 09:52:22'),(9426,12,367,0,'2023-06-23 09:52:22','2023-06-23 09:52:22'),(9427,12,368,0,'2023-06-23 09:52:22','2023-06-23 09:52:22'),(9428,12,369,0,'2023-06-23 09:52:22','2023-06-23 09:52:22'),(9429,12,370,0,'2023-06-23 09:52:22','2023-06-23 09:52:22'),(9430,12,371,0,'2023-06-23 09:52:22','2023-06-23 09:52:22'),(9431,12,372,0,'2023-06-23 09:52:22','2023-06-23 09:52:22'),(9432,12,373,0,'2023-06-23 09:52:22','2023-06-23 09:52:22'),(9433,12,374,0,'2023-06-23 09:52:22','2023-06-23 09:52:22'),(9434,12,375,0,'2023-06-23 09:52:22','2023-06-23 09:52:22'),(9435,12,376,0,'2023-06-23 09:52:22','2023-06-23 09:52:22'),(9436,12,12,0,'2023-06-23 09:52:22','2023-06-23 09:52:22'),(9437,12,378,0,'2023-06-23 09:52:22','2023-06-23 09:52:22'),(9438,12,379,0,'2023-06-23 09:52:22','2023-06-23 09:52:22'),(9439,12,380,0,'2023-06-23 09:52:22','2023-06-23 09:52:22'),(9440,12,381,0,'2023-06-23 09:52:22','2023-06-23 09:52:22'),(9441,12,382,0,'2023-06-23 09:52:22','2023-06-23 09:52:22'),(9442,12,383,0,'2023-06-23 09:52:22','2023-06-23 09:52:22'),(9443,12,421,0,'2023-06-23 09:52:22','2023-06-23 09:52:22'),(9444,12,385,0,'2023-06-23 09:52:22','2023-06-23 09:52:22'),(9445,12,386,0,'2023-06-23 09:52:22','2023-06-23 09:52:22'),(9446,12,387,0,'2023-06-23 09:52:22','2023-06-23 09:52:22'),(9447,12,388,0,'2023-06-23 09:52:22','2023-06-23 09:52:22'),(9448,12,389,0,'2023-06-23 09:52:22','2023-06-23 09:52:22'),(9449,12,390,0,'2023-06-23 09:52:22','2023-06-23 09:52:22'),(9450,12,391,0,'2023-06-23 09:52:22','2023-06-23 09:52:22'),(9451,12,392,0,'2023-06-23 09:52:22','2023-06-23 09:52:22'),(9452,12,393,0,'2023-06-23 09:52:22','2023-06-23 09:52:22'),(9453,12,394,0,'2023-06-23 09:52:22','2023-06-23 09:52:22'),(9454,12,395,0,'2023-06-23 09:52:22','2023-06-23 09:52:22'),(9455,12,396,0,'2023-06-23 09:52:22','2023-06-23 09:52:22'),(9456,12,397,0,'2023-06-23 09:52:22','2023-06-23 09:52:22'),(9457,12,398,0,'2023-06-23 09:52:22','2023-06-23 09:52:22'),(9458,12,399,0,'2023-06-23 09:52:22','2023-06-23 09:52:22'),(9459,12,400,0,'2023-06-23 09:52:22','2023-06-23 09:52:22'),(9460,12,401,0,'2023-06-23 09:52:22','2023-06-23 09:52:22'),(9461,12,402,0,'2023-06-23 09:52:22','2023-06-23 09:52:22'),(9462,12,403,0,'2023-06-23 09:52:22','2023-06-23 09:52:22'),(9463,12,404,0,'2023-06-23 09:52:22','2023-06-23 09:52:22'),(9464,12,405,0,'2023-06-23 09:52:22','2023-06-23 09:52:22'),(9465,12,406,0,'2023-06-23 09:52:22','2023-06-23 09:52:22'),(9466,12,407,0,'2023-06-23 09:52:22','2023-06-23 09:52:22'),(9467,12,408,0,'2023-06-23 09:52:22','2023-06-23 09:52:22'),(9468,12,409,0,'2023-06-23 09:52:22','2023-06-23 09:52:22'),(9469,12,410,0,'2023-06-23 09:52:22','2023-06-23 09:52:22'),(9470,12,411,0,'2023-06-23 09:52:22','2023-06-23 09:52:22'),(9471,12,412,0,'2023-06-23 09:52:22','2023-06-23 09:52:22'),(9472,12,413,0,'2023-06-23 09:52:22','2023-06-23 09:52:22'),(9473,12,414,0,'2023-06-23 09:52:22','2023-06-23 09:52:22'),(9474,12,415,0,'2023-06-23 09:52:22','2023-06-23 09:52:22'),(9475,12,416,0,'2023-06-23 09:52:22','2023-06-23 09:52:22'),(9476,12,417,0,'2023-06-23 09:52:22','2023-06-23 09:52:22'),(9477,12,418,0,'2023-06-23 09:52:22','2023-06-23 09:52:22'),(9478,12,817,0,'2023-06-23 09:52:22','2023-06-23 09:52:22'),(9869,26,7,0,'2023-06-24 05:41:53','2023-06-24 05:41:53'),(9870,26,16,0,'2023-06-24 05:41:53','2023-06-24 05:41:53'),(9871,26,36,0,'2023-06-24 05:41:53','2023-06-24 05:41:53'),(9872,26,907,0,'2023-06-24 05:41:53','2023-06-24 05:41:53'),(9873,26,904,0,'2023-06-24 05:41:53','2023-06-24 05:41:53'),(9874,26,11,0,'2023-06-24 05:41:53','2023-06-24 05:41:53'),(9875,26,37,0,'2023-06-24 05:41:53','2023-06-24 05:41:53'),(9876,26,916,0,'2023-06-24 05:41:53','2023-06-24 05:41:53'),(9877,26,9,0,'2023-06-24 05:41:53','2023-06-24 05:41:53'),(9878,26,38,0,'2023-06-24 05:41:53','2023-06-24 05:41:53'),(9879,26,4,0,'2023-06-24 05:41:53','2023-06-24 05:41:53'),(9880,26,39,0,'2023-06-24 05:41:53','2023-06-24 05:41:53'),(9881,26,40,0,'2023-06-24 05:41:53','2023-06-24 05:41:53'),(9882,26,348,0,'2023-06-24 05:41:53','2023-06-24 05:41:53'),(9883,26,121,0,'2023-06-24 05:41:53','2023-06-24 05:41:53'),(9884,26,286,0,'2023-06-24 05:41:53','2023-06-24 05:41:53'),(9885,26,904,0,'2023-06-24 05:41:53','2023-06-24 05:41:53'),(9886,26,349,0,'2023-06-24 05:41:53','2023-06-24 05:41:53'),(9887,26,588,0,'2023-06-24 05:41:53','2023-06-24 05:41:53'),(9888,26,685,0,'2023-06-24 05:41:53','2023-06-24 05:41:53'),(9889,26,920,0,'2023-06-24 05:41:53','2023-06-24 05:41:53'),(9890,26,15,0,'2023-06-24 05:41:53','2023-06-24 05:41:53'),(9891,26,44,0,'2023-06-24 05:41:53','2023-06-24 05:41:53'),(9892,26,81,0,'2023-06-24 05:41:53','2023-06-24 05:41:53'),(9893,26,460,0,'2023-06-24 05:41:53','2023-06-24 05:41:53'),(9894,26,19,0,'2023-06-24 05:41:54','2023-06-24 05:41:54'),(9895,26,283,0,'2023-06-24 05:41:54','2023-06-24 05:41:54'),(9896,26,82,0,'2023-06-24 05:41:54','2023-06-24 05:41:54'),(9897,26,125,0,'2023-06-24 05:41:54','2023-06-24 05:41:54'),(9898,26,20,0,'2023-06-24 05:41:54','2023-06-24 05:41:54'),(9899,26,48,0,'2023-06-24 05:41:54','2023-06-24 05:41:54'),(9900,26,46,0,'2023-06-24 05:41:54','2023-06-24 05:41:54'),(9901,26,84,0,'2023-06-24 05:41:54','2023-06-24 05:41:54'),(9902,26,127,0,'2023-06-24 05:41:54','2023-06-24 05:41:54'),(9903,26,515,0,'2023-06-24 05:41:54','2023-06-24 05:41:54'),(9904,26,816,0,'2023-06-24 05:41:54','2023-06-24 05:41:54'),(10185,3,36,0,'2023-06-24 06:22:52','2023-06-24 06:22:52'),(10186,3,37,0,'2023-06-24 06:22:52','2023-06-24 06:22:52'),(10187,3,38,0,'2023-06-24 06:22:52','2023-06-24 06:22:52'),(10188,3,39,0,'2023-06-24 06:22:52','2023-06-24 06:22:52'),(10189,3,40,0,'2023-06-24 06:22:52','2023-06-24 06:22:52'),(10190,3,41,0,'2023-06-24 06:22:52','2023-06-24 06:22:52'),(10191,3,42,0,'2023-06-24 06:22:52','2023-06-24 06:22:52'),(10192,3,920,0,'2023-06-24 06:22:52','2023-06-24 06:22:52'),(10193,3,44,0,'2023-06-24 06:22:52','2023-06-24 06:22:52'),(10194,3,45,0,'2023-06-24 06:22:52','2023-06-24 06:22:52'),(10195,3,46,0,'2023-06-24 06:22:52','2023-06-24 06:22:52'),(10196,3,47,0,'2023-06-24 06:22:52','2023-06-24 06:22:52'),(10197,3,48,0,'2023-06-24 06:22:52','2023-06-24 06:22:52'),(10198,3,49,0,'2023-06-24 06:22:52','2023-06-24 06:22:52'),(10199,3,50,0,'2023-06-24 06:22:52','2023-06-24 06:22:52'),(10200,3,51,0,'2023-06-24 06:22:52','2023-06-24 06:22:52'),(10201,3,52,0,'2023-06-24 06:22:52','2023-06-24 06:22:52'),(10202,3,668,0,'2023-06-24 06:22:52','2023-06-24 06:22:52'),(10203,3,54,0,'2023-06-24 06:22:52','2023-06-24 06:22:52'),(10204,3,55,0,'2023-06-24 06:22:52','2023-06-24 06:22:52'),(10205,3,909,0,'2023-06-24 06:22:52','2023-06-24 06:22:52'),(10206,3,349,0,'2023-06-24 06:22:52','2023-06-24 06:22:52'),(10207,3,58,0,'2023-06-24 06:22:52','2023-06-24 06:22:52'),(10208,3,59,0,'2023-06-24 06:22:52','2023-06-24 06:22:52'),(10209,3,187,0,'2023-06-24 06:22:52','2023-06-24 06:22:52'),(10210,3,61,0,'2023-06-24 06:22:52','2023-06-24 06:22:52'),(10211,3,62,0,'2023-06-24 06:22:52','2023-06-24 06:22:52'),(10212,3,63,0,'2023-06-24 06:22:52','2023-06-24 06:22:52'),(10213,3,919,0,'2023-06-24 06:22:52','2023-06-24 06:22:52'),(10214,3,65,0,'2023-06-24 06:22:52','2023-06-24 06:22:52'),(10215,3,193,0,'2023-06-24 06:22:52','2023-06-24 06:22:52'),(10216,3,602,0,'2023-06-24 06:22:52','2023-06-24 06:22:52'),(10217,3,68,0,'2023-06-24 06:22:52','2023-06-24 06:22:52'),(10218,3,706,0,'2023-06-24 06:22:52','2023-06-24 06:22:52'),(10219,3,190,0,'2023-06-24 06:22:52','2023-06-24 06:22:52'),(10255,6,7,0,'2023-06-24 07:20:29','2023-06-24 07:20:29'),(10256,6,9,0,'2023-06-24 07:20:29','2023-06-24 07:20:29'),(10257,6,4,0,'2023-06-24 07:20:29','2023-06-24 07:20:29'),(10258,6,42,0,'2023-06-24 07:20:29','2023-06-24 07:20:29'),(10259,6,20,0,'2023-06-24 07:20:29','2023-06-24 07:20:29'),(10260,6,132,0,'2023-06-24 07:20:29','2023-06-24 07:20:29'),(10261,6,25,0,'2023-06-24 07:20:29','2023-06-24 07:20:29'),(10262,6,27,0,'2023-06-24 07:20:29','2023-06-24 07:20:29'),(10263,6,22,0,'2023-06-24 07:20:29','2023-06-24 07:20:29'),(10264,6,23,0,'2023-06-24 07:20:29','2023-06-24 07:20:29'),(10265,6,135,0,'2023-06-24 07:20:29','2023-06-24 07:20:29'),(10266,6,909,0,'2023-06-24 07:20:29','2023-06-24 07:20:29'),(10267,6,68,0,'2023-06-24 07:20:29','2023-06-24 07:20:29'),(10268,6,907,0,'2023-06-24 07:20:29','2023-06-24 07:20:29'),(10269,6,44,0,'2023-06-24 07:20:29','2023-06-24 07:20:29'),(10270,6,143,0,'2023-06-24 07:20:29','2023-06-24 07:20:29'),(10271,6,147,0,'2023-06-24 07:20:29','2023-06-24 07:20:29'),(10272,6,183,0,'2023-06-24 07:20:29','2023-06-24 07:20:29'),(10273,6,914,0,'2023-06-24 07:20:29','2023-06-24 07:20:29'),(10274,6,930,0,'2023-06-24 07:20:29','2023-06-24 07:20:29'),(10275,6,668,0,'2023-06-24 07:20:29','2023-06-24 07:20:29'),(10276,6,907,0,'2023-06-24 07:20:29','2023-06-24 07:20:29'),(10277,6,43,0,'2023-06-24 07:20:29','2023-06-24 07:20:29'),(10278,6,910,0,'2023-06-24 07:20:29','2023-06-24 07:20:29'),(10279,6,908,0,'2023-06-24 07:20:29','2023-06-24 07:20:29'),(10280,6,76,0,'2023-06-24 07:20:29','2023-06-24 07:20:29'),(10281,6,212,0,'2023-06-24 07:20:29','2023-06-24 07:20:29'),(10282,6,286,0,'2023-06-24 07:20:29','2023-06-24 07:20:29'),(10283,6,587,0,'2023-06-24 07:20:29','2023-06-24 07:20:29'),(10284,6,912,0,'2023-06-24 07:20:29','2023-06-24 07:20:29'),(10285,6,907,0,'2023-06-24 07:20:29','2023-06-24 07:20:29'),(10286,6,908,0,'2023-06-24 07:20:29','2023-06-24 07:20:29'),(10287,6,920,0,'2023-06-24 07:20:29','2023-06-24 07:20:29'),(10288,6,913,0,'2023-06-24 07:20:29','2023-06-24 07:20:29'),(10289,6,913,0,'2023-06-24 07:20:29','2023-06-24 07:20:29');

--
-- Table structure for table `withdraw_setting`
--

CREATE TABLE `withdraw_setting` (
  `id` bigint unsigned NOT NULL AUTO_INCREMENT,
  `is_open` int NOT NULL DEFAULT '0',
  `continue_send` int NOT NULL DEFAULT '0',
  `customer_id` int NOT NULL,
  `user_id` int NOT NULL,
  `description` varchar(191) CHARACTER SET utf8mb4 COLLATE utf8mb4_unicode_ci DEFAULT NULL,
  `created_at` timestamp NULL DEFAULT NULL,
  `updated_at` timestamp NULL DEFAULT NULL,
  PRIMARY KEY (`id`)
) ENGINE=InnoDB AUTO_INCREMENT=4 DEFAULT CHARSET=utf8mb4 COLLATE=utf8mb4_unicode_ci ROW_FORMAT=DYNAMIC;

--
-- Dumping data for table `withdraw_setting`
--

INSERT INTO `withdraw_setting` VALUES (1,0,0,13,1,'คุณต้องอัพระดับงาน5','2023-05-06 06:31:59','2023-06-24 06:12:24'),(2,0,0,2,1,'ยังทำรายการถอนไม่ได้เพราะลูกค้าที่แนะนำทำงานยังไม่เสร็จ','2023-05-27 12:09:38','2023-05-28 05:32:53'),(3,0,0,44,1,'ลูกค้าต้องทำการอัพเกรตร้าน9ก่อนนะคะถึงจะทำการถอนเงินได้ค่ะ','2023-05-29 07:50:14','2023-05-29 13:04:53');

--
-- Table structure for table `withdraws`
--

CREATE TABLE `withdraws` (
  `id` bigint unsigned NOT NULL AUTO_INCREMENT,
  `customer_id` int NOT NULL,
  `creator_id` tinyint NOT NULL DEFAULT '0',
  `user_id` int NOT NULL,
  `amount_withdraw` double NOT NULL,
  `credit_amount` double DEFAULT '0',
  `is_approve` tinyint NOT NULL DEFAULT '0',
  `is_withdrawal` tinyint NOT NULL DEFAULT '0',
  `reject` tinyint NOT NULL DEFAULT '0',
  `description` varchar(225) CHARACTER SET utf8mb4 COLLATE utf8mb4_unicode_ci DEFAULT NULL,
  `created_at` timestamp NULL DEFAULT NULL,
  `updated_at` timestamp NULL DEFAULT NULL,
  PRIMARY KEY (`id`)
) ENGINE=MyISAM AUTO_INCREMENT=230 DEFAULT CHARSET=utf8mb4 COLLATE=utf8mb4_unicode_ci;

--
-- Dumping data for table `withdraws`
--

INSERT INTO `withdraws` VALUES (1,2,0,1,100,0,0,0,1,NULL,'2023-04-22 23:48:54','2023-04-26 05:18:17'),(2,2,0,1,100,0,0,0,1,NULL,'2023-04-23 00:28:38','2023-04-26 05:18:19'),(3,4,0,1,240,0,0,0,1,NULL,'2023-04-26 23:49:30','2023-04-27 00:08:30'),(4,4,0,1,234,0.66000000000003,1,1,0,NULL,'2023-04-27 09:40:26','2023-04-27 09:40:43'),(5,2,0,1,172.49,0,1,1,0,NULL,'2023-04-28 21:16:59','2023-04-28 21:17:13'),(6,6,0,1,1500,29.6,1,1,0,NULL,'2023-04-28 23:16:13','2023-04-28 23:16:24'),(7,3,0,1,182,-149.74,1,1,0,NULL,'2023-04-28 23:18:00','2023-04-28 23:21:37'),(8,3,0,1,150,32.26,1,1,0,NULL,'2023-04-28 23:21:03','2023-04-28 23:21:34'),(9,4,1,1,240,0,1,0,0,'','2023-04-29 01:21:54','2023-04-29 01:21:54'),(10,10,0,1,5189.36,0,1,1,0,NULL,'2023-04-29 01:43:16','2023-04-29 01:43:29'),(11,15,0,1,64882.08,-37.110000000001,1,1,0,NULL,'2023-05-02 13:18:03','2023-05-02 13:18:15'),(12,16,1,1,150,0,1,0,0,NULL,'2023-05-03 10:25:39','2023-05-03 10:25:39'),(13,17,0,1,250.34,0,1,1,0,NULL,'2023-05-04 06:49:01','2023-05-04 06:49:18'),(14,12,0,1,604352.72,0.040000000037253,1,1,0,NULL,'2023-05-04 07:02:55','2023-05-04 07:03:08'),(15,12,0,1,177.23,-27.229999999963,1,1,0,NULL,'2023-05-04 07:07:45','2023-05-04 07:16:20'),(16,12,0,1,177.23,0.00000000003726086106326,1,1,0,NULL,'2023-05-04 07:07:46','2023-05-04 07:09:06'),(17,17,0,1,228.92,0,1,1,0,NULL,'2023-05-04 07:16:00','2023-05-04 07:16:13'),(18,12,0,1,256.9,0.000000000037005065678386,1,1,0,NULL,'2023-05-04 07:26:34','2023-05-04 07:26:47'),(19,12,0,1,181.13,0.000000000037005065678386,1,1,0,NULL,'2023-05-04 07:30:32','2023-05-04 07:31:58'),(20,12,0,1,150,-149.99999999996,1,1,0,NULL,'2023-05-04 07:31:05','2023-05-04 07:32:00'),(21,13,0,1,99194,-27.610000000015,1,1,0,NULL,'2023-05-04 09:23:59','2023-05-04 09:24:11'),(22,17,0,1,615,0.83999999999992,1,1,0,NULL,'2023-05-04 10:12:57','2023-05-04 10:13:14'),(23,18,0,1,580,0,0,0,1,NULL,'2023-05-04 10:18:37','2023-05-07 05:37:22'),(24,12,0,1,1587.23,0.000000000040017766878009,1,1,0,NULL,'2023-05-04 10:52:35','2023-05-04 10:53:23'),(25,15,0,1,4971,0.46999999999935,1,1,0,NULL,'2023-05-05 05:09:15','2023-05-05 05:09:26'),(26,17,0,1,1608,0.83999999999992,1,1,0,NULL,'2023-05-05 09:05:48','2023-05-05 09:05:57'),(27,17,0,1,1614.62,0,1,1,0,NULL,'2023-05-05 09:14:23','2023-05-05 09:14:36'),(28,22,0,1,2651.43,0,1,1,0,NULL,'2023-05-05 12:19:40','2023-05-05 12:27:35'),(29,22,0,1,1002848.4,0,1,1,0,NULL,'2023-05-06 03:57:26','2023-05-06 03:57:38'),(30,22,0,1,4186.48,0.40000000000055,1,1,0,NULL,'2023-05-06 04:13:50','2023-05-06 04:14:04'),(31,13,0,1,500,49571.52,1,1,0,NULL,'2023-05-06 06:33:03','2023-05-06 06:33:23'),(32,2,0,1,10552.23,0,1,1,0,NULL,'2023-05-07 03:05:36','2023-05-07 03:05:49'),(33,2,0,1,178.38,0,1,1,0,NULL,'2023-05-07 03:11:23','2023-05-07 03:11:42'),(34,2,0,1,179.48,0,1,1,0,NULL,'2023-05-07 03:27:32','2023-05-07 03:27:46'),(35,2,0,1,180.59,0,1,1,0,NULL,'2023-05-07 03:35:59','2023-05-07 03:36:09'),(36,2,0,1,1220.98,0,1,1,0,NULL,'2023-05-07 04:22:45','2023-05-07 04:24:27'),(37,22,0,1,4000,219.31,1,1,0,NULL,'2023-05-07 04:30:51','2023-05-07 04:31:04'),(38,2,0,1,1615.67,0,1,1,0,NULL,'2023-05-07 04:37:46','2023-05-07 04:37:57'),(39,2,0,1,4151.43,0,1,1,0,NULL,'2023-05-07 04:56:25','2023-05-07 04:56:39'),(40,22,0,1,80000,0,0,0,1,NULL,'2023-05-07 05:28:49','2023-05-07 05:37:32'),(41,2,0,1,4271.94,0,1,1,0,NULL,'2023-05-07 05:29:03','2023-05-07 05:29:21'),(42,22,0,1,80000,2269.97,1,1,0,NULL,'2023-05-07 05:29:09','2023-05-07 05:29:31'),(43,22,0,1,2269.97,0,1,1,0,NULL,'2023-05-07 05:30:04','2023-05-07 05:30:21'),(44,18,0,1,582.23,0,1,1,0,NULL,'2023-05-07 05:36:53','2023-05-07 05:37:18'),(45,18,0,1,5851,11.06,1,1,0,NULL,'2023-05-07 07:05:02','2023-05-07 07:05:24'),(46,18,0,1,11,0.06,1,1,0,NULL,'2023-05-07 07:05:51','2023-05-07 07:06:06'),(47,2,0,1,8436,0.86999999999898,1,1,0,NULL,'2023-05-07 07:08:58','2023-05-07 07:09:10'),(48,18,0,1,15440,83.75,1,1,0,NULL,'2023-05-07 07:22:04','2023-05-07 07:40:09'),(49,2,0,1,35691,0.23999999999796,1,1,0,NULL,'2023-05-07 07:45:47','2023-05-07 07:45:59'),(50,2,0,1,71032,0.88999999998487,1,1,0,NULL,'2023-05-07 09:07:31','2023-05-07 09:07:42'),(51,18,0,1,51084,0.30999999999767,1,1,0,NULL,'2023-05-07 10:13:31','2023-05-07 10:13:44'),(52,18,0,1,4257,0.24999999999727,1,1,0,NULL,'2023-05-07 10:31:25','2023-05-07 10:31:47'),(53,2,0,1,102739,17.089999999982,1,1,0,NULL,'2023-05-07 16:07:13','2023-05-07 16:07:25'),(54,2,0,1,103803,0.56999999997788,1,1,0,NULL,'2023-05-08 02:33:20','2023-05-08 02:33:33'),(55,2,0,1,103826,0.24999999998545,1,1,0,NULL,'2023-05-08 02:58:10','2023-05-08 02:58:21'),(56,18,0,1,51000,0.80999999999767,1,1,0,NULL,'2023-05-08 03:47:18','2023-05-08 04:03:46'),(57,2,0,1,71679,0.19999999998254,1,1,0,NULL,'2023-05-08 04:03:34','2023-05-08 04:03:54'),(58,2,0,1,100000,0.19999999998254,1,1,0,NULL,'2023-05-09 07:34:08','2023-05-09 07:34:24'),(59,22,0,1,70000,1678.95,1,1,0,NULL,'2023-05-09 09:19:51','2023-05-09 09:20:16'),(60,2,0,1,2000,100.19999999998,1,1,0,NULL,'2023-05-09 12:46:02','2023-05-09 12:46:18'),(61,31,0,1,181,0.63999999999999,1,1,0,NULL,'2023-05-09 14:59:59','2023-05-09 15:02:01'),(62,31,0,1,43748,0.94999999999709,1,1,0,NULL,'2023-05-09 15:32:38','2023-05-09 15:32:52'),(63,18,0,1,4267,0.74999999999727,1,1,0,NULL,'2023-05-10 14:48:17','2023-05-11 10:55:41'),(64,18,1,1,5,0,0,0,1,NULL,'2023-05-12 06:37:29','2023-05-12 08:50:28'),(65,18,0,1,1,0,0,0,1,NULL,'2023-05-12 06:38:06','2023-05-12 08:50:32'),(66,18,0,1,100,0,0,0,1,NULL,'2023-05-12 06:42:36','2023-05-12 08:50:34'),(67,22,0,1,4944,0.96000000000004,1,1,0,NULL,'2023-05-17 06:15:00','2023-05-17 10:45:47'),(68,2,1,1,6377.56,0,1,0,0,NULL,'2023-05-17 07:40:16','2023-05-17 07:40:16'),(69,38,0,1,5855,0.64999999999964,1,1,0,NULL,'2023-05-17 10:46:06','2023-05-17 10:46:23'),(70,38,0,1,5887,0.31999999999971,1,1,0,NULL,'2023-05-17 11:16:12','2023-05-17 11:16:25'),(71,38,1,1,8461,0,1,0,0,NULL,'2023-05-19 07:31:03','2023-05-19 07:31:03'),(72,38,1,1,461,0,1,0,0,NULL,'2023-05-19 07:32:32','2023-05-19 07:32:32'),(73,39,0,1,608,0,0,0,1,NULL,'2023-05-19 08:06:49','2023-05-29 06:43:18'),(74,39,0,1,608,0,0,0,1,NULL,'2023-05-19 08:07:09','2023-05-29 06:43:20'),(75,18,1,1,2037,0,1,0,0,NULL,'2023-05-23 05:04:25','2023-05-23 05:04:25'),(76,2,0,1,6000,653.67,1,1,0,NULL,'2023-05-24 03:54:49','2023-05-24 03:55:06'),(77,2,0,1,653,0.66999999999996,1,1,0,NULL,'2023-05-24 03:55:55','2023-05-24 03:56:11'),(78,2,0,1,5000,3117.51,1,1,0,NULL,'2023-05-24 06:05:08','2023-05-24 06:44:26'),(79,2,0,1,3117,0.51000000000022,1,1,0,NULL,'2023-05-24 06:44:59','2023-05-24 06:45:15'),(80,2,0,1,0.51,0.00000000000022004620348071,1,1,0,NULL,'2023-05-24 06:46:42','2023-05-24 06:47:03'),(81,38,0,1,11358,0.94000000000051,1,1,0,NULL,'2023-05-24 08:24:44','2023-05-24 08:25:18'),(82,2,0,1,7000,2051.51,1,1,0,NULL,'2023-05-25 04:33:50','2023-05-25 04:34:08'),(83,2,0,1,2051,0.51000000000022,1,1,0,NULL,'2023-05-25 04:34:49','2023-05-25 04:35:13'),(84,15,0,1,5000,3105.54,1,1,0,NULL,'2023-05-25 06:14:07','2023-05-25 06:14:21'),(85,15,0,1,3105,0.53999999999996,1,1,0,NULL,'2023-05-25 06:14:38','2023-05-25 06:14:53'),(86,15,0,1,8437,0.40999999999985,1,1,0,NULL,'2023-05-25 07:05:39','2023-05-25 07:06:04'),(87,46,0,1,180.61,-0.000000000000028421709430404,1,1,0,NULL,'2023-05-25 07:51:33','2023-05-25 08:07:47'),(88,38,1,1,5941,0,1,0,0,NULL,'2023-05-25 09:35:45','2023-05-25 09:35:45'),(89,38,0,1,5959,0.61999999999989,1,1,0,NULL,'2023-05-25 09:36:04','2023-05-25 09:37:33'),(90,46,0,1,8867.34,0,1,1,0,NULL,'2023-05-25 10:43:02','2023-05-25 10:44:10'),(91,2,0,1,8000,437.31,1,1,0,NULL,'2023-05-26 13:44:43','2023-05-26 13:45:03'),(92,2,0,1,437,0.31,1,1,0,NULL,'2023-05-26 13:45:33','2023-05-26 13:46:01'),(93,38,0,1,736,6504.93,1,1,0,NULL,'2023-05-27 05:55:02','2023-05-27 05:55:30'),(94,44,0,1,181,0.34,1,1,0,NULL,'2023-05-27 08:42:44','2023-05-27 08:45:35'),(95,44,0,1,181,0,0,0,1,NULL,'2023-05-27 09:23:28','2023-05-28 11:27:37'),(96,44,0,1,181,0,0,0,1,NULL,'2023-05-27 09:24:01','2023-05-28 11:27:34'),(97,44,0,1,181,0.13999999999999,1,1,0,NULL,'2023-05-27 09:24:33','2023-05-27 09:25:00'),(98,18,0,1,4267,0.13000000000011,1,1,0,NULL,'2023-05-27 09:33:43','2023-05-27 09:34:50'),(99,22,0,1,8431.39,0,1,1,0,NULL,'2023-05-27 11:45:33','2023-05-27 11:50:52'),(100,46,0,1,90995.96,0,0,0,1,NULL,'2023-05-27 13:04:49','2023-05-29 06:20:02'),(101,46,0,1,90995.96,0,0,0,1,NULL,'2023-05-27 13:05:47','2023-05-29 06:20:05'),(102,46,0,1,90995.96,0,0,0,1,NULL,'2023-05-27 13:19:16','2023-05-29 06:20:08'),(103,46,0,1,49999,0,0,0,1,NULL,'2023-05-27 13:52:06','2023-05-29 06:20:11'),(104,46,0,1,49999,0,0,0,1,NULL,'2023-05-27 14:00:33','2023-05-29 06:20:14'),(105,38,0,1,8433,0.43000000000029,1,1,0,NULL,'2023-05-28 03:52:10','2023-05-28 03:52:22'),(106,44,0,1,248,0,0,0,1,NULL,'2023-05-28 04:33:49','2023-05-28 11:27:31'),(107,44,0,1,248,0.13999999999999,1,1,0,NULL,'2023-05-28 04:34:42','2023-05-28 04:34:59'),(108,2,0,1,8000,651.38,1,1,0,NULL,'2023-05-28 05:34:02','2023-05-28 05:34:18'),(109,2,0,1,651,0.38,1,1,0,NULL,'2023-05-28 05:34:37','2023-05-28 05:34:53'),(110,52,0,1,180,0,0,0,1,NULL,'2023-05-28 13:14:30','2023-05-28 13:15:55'),(111,52,0,1,181.5,0,1,1,0,NULL,'2023-05-28 13:15:36','2023-05-28 13:15:59'),(112,38,1,1,8440,0,1,0,0,NULL,'2023-05-28 14:40:40','2023-05-28 14:40:40'),(113,38,0,1,8440,0.15999999999985,1,1,0,NULL,'2023-05-28 14:40:52','2023-05-29 03:40:45'),(114,53,0,1,180,0,0,0,1,NULL,'2023-05-29 06:08:17','2023-05-29 06:10:35'),(115,53,0,1,180,0,0,0,1,NULL,'2023-05-29 06:08:35','2023-05-29 06:10:38'),(116,53,0,1,180,1.36,1,1,0,NULL,'2023-05-29 06:08:56','2023-05-29 06:10:24'),(117,53,0,1,180,2.81,1,1,0,NULL,'2023-05-29 07:47:05','2023-05-29 07:47:54'),(118,54,0,1,180.8,0,1,1,0,NULL,'2023-05-29 09:39:52','2023-05-29 09:40:18'),(119,54,0,1,576.43,0,0,0,1,NULL,'2023-05-29 10:00:56','2023-05-29 10:01:29'),(120,54,0,1,576.43,0.00000000000011368683772162,1,1,0,NULL,'2023-05-29 10:01:20','2023-05-29 10:01:36'),(121,38,0,1,15516,0,1,1,0,NULL,'2023-05-29 13:01:53','2023-05-29 13:02:31'),(122,44,0,1,137009,0,0,0,1,NULL,'2023-05-29 13:17:19','2023-06-01 08:41:18'),(123,44,0,1,137.009,0,0,0,1,NULL,'2023-05-29 13:18:07','2023-06-01 08:41:21'),(124,44,0,1,137.009,0,0,0,1,NULL,'2023-05-29 13:19:07','2023-06-01 08:41:24'),(125,44,0,1,137.009,0,0,0,1,NULL,'2023-05-29 13:27:43','2023-06-01 08:41:31'),(126,44,1,1,5851,0,1,0,0,NULL,'2023-05-31 05:00:19','2023-05-31 05:00:19'),(127,38,0,1,5000,851.95,1,1,0,NULL,'2023-05-31 05:01:02','2023-05-31 05:01:15'),(128,38,0,1,851,0.95000000000005,1,1,0,NULL,'2023-05-31 05:01:31','2023-05-31 05:01:40'),(129,38,0,1,35000,1369.56,1,1,0,NULL,'2023-05-31 05:30:08','2023-05-31 05:30:22'),(130,38,0,1,1369.56,0,1,1,0,NULL,'2023-05-31 05:30:39','2023-05-31 05:30:53'),(131,2,0,1,50000,30028.92,1,1,0,NULL,'2023-05-31 07:04:58','2023-05-31 07:05:40'),(132,2,0,1,30000,28.919999999998,1,1,0,NULL,'2023-05-31 07:05:56','2023-05-31 07:06:10'),(133,2,0,1,28,0.919999999998,1,1,0,NULL,'2023-05-31 07:06:46','2023-05-31 07:06:58'),(134,51,0,1,180,1.15,1,1,0,NULL,'2023-05-31 10:41:45','2023-05-31 10:42:56'),(135,47,0,1,76,0,0,0,1,NULL,'2023-05-31 12:49:35','2023-05-31 12:51:23'),(136,47,0,1,76,0,0,0,1,NULL,'2023-05-31 12:50:49','2023-05-31 12:51:25'),(137,47,0,1,576,0.63,1,1,0,NULL,'2023-05-31 12:52:19','2023-05-31 12:52:28'),(138,47,0,1,578,0.019999999999982,1,1,0,NULL,'2023-05-31 13:21:39','2023-05-31 13:22:04'),(139,56,0,1,181,0.15000000000001,1,1,0,NULL,'2023-06-01 03:27:04','2023-06-01 03:27:20'),(140,47,0,1,580,0,0,0,1,NULL,'2023-06-01 05:55:31','2023-06-01 05:56:12'),(141,47,0,1,580,1.11,1,1,0,NULL,'2023-06-01 05:55:53','2023-06-01 05:56:16'),(142,38,0,1,71374,0.97999999999593,1,1,0,NULL,'2023-06-01 07:23:39','2023-06-01 07:23:49'),(143,49,0,1,180,0,0,0,1,NULL,'2023-06-01 09:05:57','2023-06-01 09:08:06'),(144,49,0,1,181,0,0,0,1,NULL,'2023-06-01 09:06:32','2023-06-01 09:08:11'),(145,49,0,1,180,1.15,1,1,0,NULL,'2023-06-01 09:07:54','2023-06-01 09:08:08'),(146,38,0,1,16872,0.86999999999898,1,1,0,NULL,'2023-06-01 09:14:44','2023-06-01 09:24:08'),(147,56,0,1,3882,0.079999999999927,1,1,0,NULL,'2023-06-01 10:11:52','2023-06-01 10:12:08'),(148,56,0,1,3105,0.31999999999971,1,1,0,NULL,'2023-06-01 10:28:36','2023-06-01 10:28:50'),(149,38,0,1,8437,7.3899999999994,1,1,0,NULL,'2023-06-01 10:48:35','2023-06-01 10:49:39'),(150,22,0,1,8000,-7555.24,1,1,0,NULL,'2023-06-01 12:45:37','2023-06-01 12:45:51'),(151,56,0,1,1500,189.89,1,1,0,NULL,'2023-06-01 12:47:43','2023-06-01 12:47:56'),(152,56,0,1,189,0.88999999999999,1,1,0,NULL,'2023-06-01 12:48:05','2023-06-01 12:48:19'),(153,56,0,1,2113,0.7800000000002,1,1,0,NULL,'2023-06-01 13:19:26','2023-06-01 13:19:41'),(154,56,0,1,1896,0.59000000000015,1,1,0,NULL,'2023-06-01 13:34:05','2023-06-01 13:34:21'),(155,22,0,1,444,0.76000000000022,1,1,0,NULL,'2023-06-02 06:39:06','2023-06-02 06:39:48'),(156,58,0,1,181,0.060000000000002,1,1,0,NULL,'2023-06-02 08:15:40','2023-06-02 08:15:58'),(157,38,0,1,15525,9.0499999999993,1,1,0,NULL,'2023-06-03 10:46:32','2023-06-03 10:46:50'),(158,18,0,1,6000,2390.19,1,1,0,NULL,'2023-06-04 09:15:34','2023-06-04 09:16:04'),(159,18,0,1,353,0,1,1,0,NULL,'2023-06-04 09:17:09','2023-06-04 09:17:19'),(160,58,0,1,420.95,0,1,1,0,NULL,'2023-06-04 12:17:11','2023-06-04 12:17:33'),(161,22,0,1,8000,437.63,1,1,0,NULL,'2023-06-04 13:54:55','2023-06-04 13:55:08'),(162,22,0,1,437,0.63,1,1,0,NULL,'2023-06-04 13:55:05','2023-06-04 13:55:11'),(163,2,0,1,15000,643.35,1,1,0,NULL,'2023-06-06 07:44:06','2023-06-06 07:44:18'),(164,2,0,1,643,0.35000000000002,1,1,0,NULL,'2023-06-06 07:44:31','2023-06-06 07:44:41'),(165,38,0,1,8451,0.45000000000073,1,1,0,NULL,'2023-06-06 13:00:08','2023-06-06 13:01:33'),(166,4,0,1,4000,939.83,1,1,0,NULL,'2023-06-07 07:28:06','2023-06-07 07:28:20'),(167,4,0,1,939,0.83000000000004,1,1,0,NULL,'2023-06-07 07:28:30','2023-06-07 07:28:41'),(168,4,0,1,5853,0.60999999999967,1,1,0,NULL,'2023-06-08 13:12:59','2023-06-08 13:13:21'),(169,68,0,1,180.98,0,1,1,0,NULL,'2023-06-09 06:51:22','2023-06-09 06:52:12'),(170,69,0,1,150,0,0,0,1,NULL,'2023-06-12 10:44:42','2023-06-12 10:48:16'),(171,69,0,1,181.5,0,1,1,0,NULL,'2023-06-12 10:48:04','2023-06-12 10:48:08'),(172,69,1,1,182.99,0,1,0,0,NULL,'2023-06-12 13:06:21','2023-06-12 13:06:21'),(173,69,0,1,169.89,0,1,1,0,NULL,'2023-06-13 06:05:24','2023-06-13 06:05:39'),(174,58,0,1,41237.06,0,0,0,1,NULL,'2023-06-13 11:41:16','2023-06-14 11:20:58'),(175,58,0,1,41237,0,0,0,1,NULL,'2023-06-13 11:44:05','2023-06-14 11:21:00'),(176,58,0,1,41237,0,0,0,1,NULL,'2023-06-13 11:46:59','2023-06-14 11:21:02'),(177,69,0,1,150,31.28,1,1,0,NULL,'2023-06-14 11:29:08','2023-06-14 11:29:21'),(178,69,0,1,31.28,0,1,1,0,NULL,'2023-06-14 11:29:40','2023-06-14 11:29:57'),(179,69,1,1,1317,0,1,0,0,NULL,'2023-06-15 14:13:17','2023-06-15 14:13:17'),(180,69,1,1,1500.01,0,1,0,0,NULL,'2023-06-15 14:54:36','2023-06-15 14:54:36'),(181,70,1,1,333,0,1,0,0,NULL,'2023-06-15 14:55:09','2023-06-15 14:55:09'),(182,69,1,1,187,0,1,0,0,NULL,'2023-06-15 14:55:28','2023-06-15 14:55:28'),(183,2,0,1,8000,437.31,1,1,0,NULL,'2023-06-16 09:02:58','2023-06-16 09:03:56'),(184,2,0,1,437.31,0,1,1,0,NULL,'2023-06-16 09:05:26','2023-06-16 09:05:51'),(185,43,0,1,181,0,0,0,1,NULL,'2023-06-16 11:16:28','2023-06-16 11:23:13'),(186,43,0,1,181,0,0,0,1,NULL,'2023-06-16 11:17:09','2023-06-16 11:23:15'),(187,43,0,1,181,0.78999999999999,1,1,0,NULL,'2023-06-16 11:20:36','2023-06-16 11:23:18'),(188,2,0,1,1600,22.44,1,1,0,NULL,'2023-06-17 06:54:09','2023-06-17 06:54:25'),(189,2,0,1,22.44,0,1,1,0,NULL,'2023-06-17 06:54:35','2023-06-17 06:54:48'),(190,2,0,1,1622,0.4399999999996,1,1,0,NULL,'2023-06-17 06:56:56','2023-06-17 06:57:10'),(191,2,1,1,8622.44,0,1,0,0,NULL,'2023-06-17 07:00:04','2023-06-17 07:00:04'),(192,72,0,1,5853,0.60999999999967,1,1,0,NULL,'2023-06-17 09:13:04','2023-06-17 09:21:16'),(193,73,0,1,188,0.88999999999999,1,1,0,NULL,'2023-06-17 15:03:23','2023-06-17 15:03:33'),(194,73,0,1,1000,438.97,1,1,0,NULL,'2023-06-17 16:09:34','2023-06-17 16:09:47'),(195,73,0,1,1000,0,0,0,1,NULL,'2023-06-17 16:09:35','2023-06-17 16:09:45'),(196,73,0,1,438,0.97000000000003,1,1,0,NULL,'2023-06-17 16:10:10','2023-06-17 16:10:16'),(197,2,0,1,30528,0.52000000000044,1,1,0,NULL,'2023-06-19 09:57:56','2023-06-19 09:58:18'),(198,22,0,1,8433,0.94000000000051,1,1,0,NULL,'2023-06-20 09:55:52','2023-06-20 09:58:36'),(199,49,0,1,2553,0,0,0,1,NULL,'2023-06-20 11:16:00','2023-06-20 11:28:01'),(200,76,0,1,2841,0.23999999999978,1,1,0,NULL,'2023-06-22 05:57:20','2023-06-22 05:58:02'),(201,76,0,1,4309,4309.51,1,1,0,NULL,'2023-06-22 07:57:15','2023-06-22 07:57:26'),(202,76,0,1,4575,0.64999999999964,1,1,0,NULL,'2023-06-22 12:26:58','2023-06-22 12:27:43'),(203,2,0,1,15518,0.13999999999942,1,1,0,NULL,'2023-06-22 14:23:26','2023-06-22 14:25:01'),(204,76,0,1,5854,0.25999999999931,1,1,0,NULL,'2023-06-23 05:25:46','2023-06-23 05:27:06'),(205,75,0,1,182,0.33000000000001,1,1,0,NULL,'2023-06-23 05:41:34','2023-06-23 05:41:53'),(206,75,0,1,233,0.43000000000001,1,1,0,NULL,'2023-06-23 07:06:50','2023-06-23 07:07:07'),(207,2,0,1,30672,0.68000000000029,1,1,0,NULL,'2023-06-23 07:27:56','2023-06-23 07:28:17'),(208,76,0,1,8463,0.65999999999985,1,1,0,NULL,'2023-06-23 09:21:06','2023-06-23 09:21:34'),(209,2,0,1,15514.7,0,1,1,0,NULL,'2023-06-23 09:42:08','2023-06-23 09:43:20'),(210,75,0,1,596,0.98000000000002,1,1,0,NULL,'2023-06-23 09:57:45','2023-06-23 09:58:02'),(211,22,0,1,8870,-4.119999999999,1,1,0,NULL,'2023-06-23 12:18:53','2023-06-23 12:19:07'),(212,75,0,1,1015,0.82000000000005,1,1,0,NULL,'2023-06-24 03:55:09','2023-06-24 03:55:17'),(213,75,0,1,5787,0,0,0,1,NULL,'2023-06-24 04:30:03','2023-06-24 04:31:19'),(214,75,0,1,5787,0,0,0,1,NULL,'2023-06-24 04:30:19','2023-06-24 04:32:37'),(215,75,0,1,5787,0,0,0,1,NULL,'2023-06-24 04:31:37','2023-06-24 04:32:40'),(216,75,0,1,5787,0,0,0,1,NULL,'2023-06-24 04:37:55','2023-06-24 04:44:36'),(217,86,0,1,5791,0.40999999999985,1,1,0,NULL,'2023-06-24 05:00:13','2023-06-24 05:01:17'),(218,86,0,1,1763,0.84999999999991,1,1,0,NULL,'2023-06-24 05:32:36','2023-06-24 05:32:54'),(219,75,1,1,5796,0,1,0,0,NULL,'2023-06-24 05:48:10','2023-06-24 05:48:10'),(220,75,0,1,3369,0,0,0,1,NULL,'2023-06-24 05:58:09','2023-06-24 06:04:12'),(221,75,0,1,3369,0,0,0,1,NULL,'2023-06-24 05:59:06','2023-06-24 06:04:15'),(222,75,0,1,3369,0,0,0,1,NULL,'2023-06-24 06:00:02','2023-06-24 06:04:17'),(223,13,0,1,174000,309.64999999994,1,1,0,NULL,'2023-06-24 06:12:43','2023-06-24 06:12:54'),(224,85,0,1,5775,0.82999999999993,1,1,0,NULL,'2023-06-24 06:14:38','2023-06-24 06:15:25'),(225,86,0,1,6301,0.67000000000007,1,1,0,NULL,'2023-06-24 07:01:10','2023-06-24 07:01:41'),(226,13,0,1,4500,596.60999999994,1,1,0,NULL,'2023-06-24 07:16:43','2023-06-24 07:16:53'),(227,13,1,1,4500,0,1,0,0,NULL,'2023-06-24 07:41:14','2023-06-24 07:41:14'),(228,13,0,1,1350,-753.39000000006,1,1,0,NULL,'2023-06-24 07:53:51','2023-06-24 07:53:58'),(229,13,0,1,600,385.77,1,1,0,NULL,'2023-06-24 08:00:31','2023-06-24 08:00:37');


