--
-- Host: localhost    Database: loan_website
-- ------------------------------------------------------


--
-- Table structure for table `failed_jobs`
--

CREATE TABLE `failed_jobs` (
  `id` bigint unsigned NOT NULL AUTO_INCREMENT,
  `uuid` varchar(255) CHARACTER SET utf8mb4 COLLATE utf8mb4_unicode_ci NOT NULL,
  `connection` text CHARACTER SET utf8mb4 COLLATE utf8mb4_unicode_ci NOT NULL,
  `queue` text CHARACTER SET utf8mb4 COLLATE utf8mb4_unicode_ci NOT NULL,
  `payload` longtext CHARACTER SET utf8mb4 COLLATE utf8mb4_unicode_ci NOT NULL,
  `exception` longtext CHARACTER SET utf8mb4 COLLATE utf8mb4_unicode_ci NOT NULL,
  `failed_at` timestamp NOT NULL DEFAULT CURRENT_TIMESTAMP,
  PRIMARY KEY (`id`),
  UNIQUE KEY `failed_jobs_uuid_unique` (`uuid`)
) ENGINE=InnoDB DEFAULT CHARSET=utf8mb4 COLLATE=utf8mb4_unicode_ci;

--
-- Dumping data for table `failed_jobs`
--


--
-- Table structure for table `loans`
--

CREATE TABLE `loans` (
  `id` bigint unsigned NOT NULL AUTO_INCREMENT,
  `amount` double(15,2) NOT NULL DEFAULT '0.00',
  `loan_period` int NOT NULL DEFAULT '0',
  `interest` double(15,2) NOT NULL DEFAULT '1.00',
  `member_id` bigint unsigned DEFAULT NULL,
  `status` varchar(255) CHARACTER SET utf8mb4 COLLATE utf8mb4_unicode_ci NOT NULL DEFAULT 'UNDER REVIEW',
  `deleted_at` timestamp NULL DEFAULT NULL,
  `created_at` timestamp NULL DEFAULT NULL,
  `updated_at` timestamp NULL DEFAULT NULL,
  `loan_id` varchar(255) CHARACTER SET utf8mb4 COLLATE utf8mb4_unicode_ci NOT NULL DEFAULT '669647397945199',
  `is_member_information_completed` tinyint(1) NOT NULL DEFAULT '1',
  PRIMARY KEY (`id`)
) ENGINE=InnoDB AUTO_INCREMENT=142 DEFAULT CHARSET=utf8mb4 COLLATE=utf8mb4_unicode_ci;

--
-- Dumping data for table `loans`
--

INSERT INTO `loans` VALUES (25,796000.00,6,7960.00,11,'PENDING',NULL,'2022-10-25 09:00:45','2022-10-25 09:00:45','669647397945199',1),(26,147000.00,6,1470.00,13,'PENDING',NULL,'2022-10-25 09:35:22','2022-10-25 09:35:22','669647397945199',1),(27,70000.00,36,700.00,15,'APPROVE',NULL,'2022-10-25 10:06:07','2022-10-25 11:50:14','669647397945199',1),(28,210000.00,12,2100.00,16,'REJECT',NULL,'2022-10-25 10:16:22','2022-10-26 06:05:49','669647397945199',1),(29,70000.00,36,700.00,17,'APPROVED',NULL,'2022-10-25 10:25:54','2023-03-23 10:26:52','669647397945199',1),(30,70000.00,36,700.00,14,'APPROVE',NULL,'2022-10-25 11:02:12','2022-10-26 04:20:25','669647397945199',1),(31,70000.00,36,700.00,18,'APPROVE',NULL,'2022-10-25 12:33:37','2022-10-26 06:56:31','669647397945199',1),(32,70000.00,24,700.00,19,'APPROVE',NULL,'2022-10-25 13:24:26','2022-10-27 07:52:13','669647397945199',1),(33,50000.00,24,500.00,16,'APPROVE',NULL,'2022-10-26 06:12:30','2022-10-26 06:24:28','669647397945199',1),(34,50000.00,12,500.00,22,'APPROVE',NULL,'2022-10-26 07:11:50','2022-10-26 08:53:27','669647397945199',1),(35,50000.00,36,500.00,23,'APPROVE',NULL,'2022-10-26 07:54:33','2022-10-27 05:31:53','669647397945199',1),(36,70000.00,12,700.00,21,'APPROVE',NULL,'2022-10-26 09:52:53','2022-10-26 10:40:27','669647397945199',1),(37,300000.00,24,3000.00,20,'PENDING',NULL,'2022-10-26 10:08:34','2022-10-26 10:08:34','669647397945199',1),(38,50000.00,24,500.00,24,'PENDING',NULL,'2022-10-26 10:50:12','2022-10-26 10:50:12','669647397945199',1),(39,50000.00,36,500.00,25,'PENDING',NULL,'2022-10-26 13:00:32','2022-10-26 13:00:32','669647397945199',1),(40,50000.00,24,500.00,26,'APPROVE',NULL,'2022-10-26 13:05:32','2022-10-27 06:07:31','669647397945199',1),(41,50000.00,36,500.00,27,'APPROVE',NULL,'2022-10-26 13:14:34','2022-10-27 05:24:15','669647397945199',1),(42,50000.00,12,500.00,28,'PENDING',NULL,'2022-10-26 14:03:43','2022-10-26 14:03:43','669647397945199',1),(43,50000.00,36,500.00,23,'PENDING',NULL,'2022-10-27 06:10:30','2022-10-27 06:10:30','669647397945199',1),(44,940000.00,6,9400.00,32,'PENDING',NULL,'2022-10-27 06:40:36','2022-10-27 06:40:36','669647397945199',1),(45,50000.00,36,500.00,33,'APPROVE',NULL,'2022-10-27 07:08:49','2022-10-27 09:05:30','669647397945199',1),(46,50000.00,24,500.00,30,'APPROVE',NULL,'2022-10-27 07:13:23','2022-10-27 08:11:11','669647397945199',1),(47,284000.00,24,2840.00,34,'PENDING',NULL,'2022-10-27 07:48:20','2022-10-27 07:48:20','669647397945199',1),(48,70000.00,24,700.00,35,'APPROVE',NULL,'2022-10-27 08:28:25','2022-10-27 09:10:59','669647397945199',1),(49,50000.00,12,500.00,37,'APPROVE',NULL,'2022-10-27 10:12:23','2022-10-27 11:37:09','669647397945199',1),(50,100000.00,24,1000.00,36,'PENDING',NULL,'2022-10-27 10:13:04','2022-10-27 10:13:04','669647397945199',1),(51,300000.00,36,3000.00,38,'REJECT',NULL,'2022-10-27 10:21:15','2022-10-27 12:43:24','669647397945199',1),(52,50000.00,6,500.00,39,'REJECT',NULL,'2022-10-27 12:43:45','2022-10-30 13:01:55','669647397945199',1),(53,250000.00,36,2500.00,38,'APPROVE',NULL,'2022-10-27 12:45:24','2022-10-27 12:47:37','669647397945199',1),(54,50000.00,36,500.00,40,'REJECT',NULL,'2022-10-27 12:52:16','2022-10-28 06:00:17','669647397945199',1),(55,50000.00,24,500.00,41,'APPROVE',NULL,'2022-10-28 05:39:39','2022-10-28 07:01:00','669647397945199',1),(56,500000.00,36,5000.00,40,'APPROVE',NULL,'2022-10-28 06:36:17','2022-10-28 07:31:33','669647397945199',1),(57,50000.00,24,500.00,41,'PENDING',NULL,'2022-10-28 11:02:06','2022-10-28 11:02:06','669647397945199',1),(58,174000.00,36,1740.00,42,'APPROVE',NULL,'2022-10-29 07:15:57','2022-10-29 08:19:40','669647397945199',1),(59,50000.00,6,500.00,43,'PENDING',NULL,'2022-10-29 09:05:17','2022-10-29 09:05:17','669647397945199',1),(60,100000.00,6,1000.00,44,'APPROVE',NULL,'2022-10-29 09:54:47','2022-10-29 11:53:32','669647397945199',1),(61,756000.00,24,7560.00,46,'REJECT',NULL,'2022-10-30 07:30:37','2022-10-30 10:39:18','669647397945199',1),(62,50000.00,24,500.00,48,'PENDING',NULL,'2022-10-30 10:33:33','2022-10-30 10:33:33','669647397945199',1),(63,59000.00,12,590.00,49,'REJECT',NULL,'2022-10-30 10:47:45','2022-11-05 03:07:46','669647397945199',1),(64,150000.00,36,1500.00,50,'PENDING',NULL,'2022-10-30 11:04:43','2022-10-30 11:04:43','669647397945199',1),(65,958000.00,6,9580.00,51,'PENDING',NULL,'2022-10-30 12:52:56','2022-10-30 12:52:56','669647397945199',1),(66,50000.00,24,500.00,52,'PENDING',NULL,'2022-10-30 14:02:44','2022-10-30 14:02:44','669647397945199',1),(67,50000.00,24,500.00,53,'PENDING',NULL,'2022-10-30 14:45:03','2022-10-30 14:45:03','669647397945199',1),(68,100000.00,12,1000.00,54,'APPROVE',NULL,'2022-10-31 05:21:57','2022-10-31 06:22:28','669647397945199',1),(69,100000.00,36,1000.00,55,'APPROVE',NULL,'2022-10-31 05:43:21','2022-10-31 11:44:44','669647397945199',1),(70,10000.00,6,100.00,56,'APPROVE',NULL,'2022-10-31 05:52:21','2022-10-31 06:24:45','669647397945199',1),(71,40000.00,36,400.00,57,'PENDING',NULL,'2022-10-31 06:13:44','2022-10-31 06:13:44','669647397945199',1),(72,50000.00,36,500.00,58,'PENDING',NULL,'2022-10-31 08:32:15','2022-10-31 08:32:15','669647397945199',1),(73,50000.00,24,500.00,59,'PENDING',NULL,'2022-10-31 08:34:52','2022-10-31 08:34:52','669647397945199',1),(74,614000.00,6,6140.00,60,'APPROVE',NULL,'2022-10-31 12:29:16','2022-10-31 13:12:27','669647397945199',1),(75,62000.00,6,620.00,60,'PENDING',NULL,'2022-10-31 13:37:43','2022-10-31 13:37:43','669647397945199',1),(76,50000.00,12,500.00,54,'PENDING',NULL,'2022-11-01 01:16:07','2022-11-01 01:16:07','669647397945199',1),(77,150000.00,24,1500.00,61,'PENDING',NULL,'2022-11-01 04:17:33','2022-11-01 04:17:33','669647397945199',1),(78,50000.00,12,500.00,62,'APPROVE',NULL,'2022-11-01 05:55:21','2022-11-02 03:28:02','669647397945199',1),(79,82000.00,6,820.00,63,'PENDING',NULL,'2022-11-01 06:18:42','2022-11-01 06:18:42','669647397945199',1),(80,100000.00,24,1000.00,65,'APPROVE',NULL,'2022-11-01 06:51:19','2022-11-01 11:10:20','669647397945199',1),(81,300000.00,24,3000.00,67,'REJECT',NULL,'2022-11-01 07:31:46','2022-11-01 13:45:29','669647397945199',1),(82,50000.00,6,500.00,68,'PENDING',NULL,'2022-11-01 08:00:51','2022-11-01 08:00:51','669647397945199',1),(83,81000.00,36,810.00,66,'PENDING',NULL,'2022-11-01 08:29:51','2022-11-01 08:29:51','669647397945199',1),(84,100000.00,36,1000.00,69,'APPROVE',NULL,'2022-11-01 09:04:12','2022-11-01 09:50:26','669647397945199',1),(85,812000.00,24,8120.00,70,'PENDING',NULL,'2022-11-01 09:05:33','2022-11-01 09:05:33','669647397945199',1),(86,10000.00,6,100.00,71,'REJECT',NULL,'2022-11-01 09:24:46','2022-11-02 12:16:50','669647397945199',1),(87,80000.00,12,800.00,67,'APPROVE',NULL,'2022-11-01 13:51:00','2022-11-01 13:55:12','669647397945199',1),(88,70000.00,24,700.00,76,'APPROVE',NULL,'2022-11-02 14:34:09','2022-11-03 07:42:12','669647397945199',1),(89,50000.00,36,500.00,71,'APPROVE',NULL,'2022-11-03 02:35:22','2022-11-03 02:58:59','669647397945199',1),(90,50000.00,36,500.00,77,'APPROVE',NULL,'2022-11-03 04:00:14','2022-11-03 04:01:34','669647397945199',1),(91,50000.00,36,500.00,78,'APPROVE',NULL,'2022-11-03 04:52:24','2022-11-03 05:15:37','669647397945199',1),(92,50000.00,36,500.00,71,'REJECT',NULL,'2022-11-03 07:09:46','2022-11-03 07:41:55','669647397945199',1),(93,20000.00,6,200.00,77,'APPROVE',NULL,'2022-11-03 08:57:05','2022-11-03 08:57:42','669647397945199',1),(94,5000.00,6,50.00,79,'REJECT',NULL,'2022-11-05 01:23:45','2022-11-05 03:08:42','669647397945199',1),(95,50000.00,12,500.00,79,'APPROVE',NULL,'2022-11-05 03:51:11','2022-11-05 04:08:37','669647397945199',1),(96,91000.00,12,910.00,82,'APPROVE',NULL,'2022-11-05 09:43:29','2022-11-05 11:57:08','669647397945199',1),(97,30000.00,12,300.00,84,'PENDING',NULL,'2022-11-05 10:16:49','2022-11-05 10:16:49','669647397945199',1),(98,50000.00,24,500.00,86,'APPROVE',NULL,'2022-11-05 11:35:49','2022-11-06 02:08:43','669647397945199',1),(99,70000.00,24,700.00,87,'PENDING',NULL,'2022-11-05 12:45:28','2022-11-05 12:45:28','669647397945199',1),(100,150000.00,12,1500.00,88,'APPROVE',NULL,'2022-11-06 03:17:57','2022-11-06 07:54:53','669647397945199',1),(101,100000.00,24,1000.00,89,'APPROVE',NULL,'2022-11-06 03:34:02','2022-11-08 10:02:46','669647397945199',1),(102,50000.00,24,500.00,90,'APPROVE',NULL,'2022-11-06 03:43:42','2022-11-06 05:22:45','669647397945199',1),(103,50000.00,36,500.00,91,'PENDING',NULL,'2022-11-06 03:47:06','2022-11-06 03:47:06','669647397945199',1),(104,50000.00,24,500.00,92,'APPROVE',NULL,'2022-11-06 05:49:54','2022-11-08 10:09:56','669647397945199',1),(105,70000.00,36,700.00,93,'APPROVE',NULL,'2022-11-06 05:55:52','2022-11-06 06:30:31','669647397945199',1),(106,50000.00,12,500.00,95,'APPROVE',NULL,'2022-11-06 06:07:51','2022-11-08 10:06:35','669647397945199',1),(107,200000.00,24,2000.00,96,'APPROVE',NULL,'2022-11-06 06:20:42','2022-11-08 10:04:42','669647397945199',1),(108,50000.00,6,500.00,98,'APPROVE',NULL,'2022-11-06 06:21:44','2022-11-08 10:03:15','669647397945199',1),(109,50000.00,36,500.00,99,'PENDING',NULL,'2022-11-06 07:12:55','2022-11-06 07:12:55','669647397945199',1),(110,50000.00,36,500.00,100,'APPROVE',NULL,'2022-11-06 07:50:55','2022-11-08 10:01:15','669647397945199',1),(111,170000.00,36,1700.00,101,'PENDING',NULL,'2022-11-06 08:17:48','2022-11-06 08:17:48','669647397945199',1),(112,50000.00,24,500.00,102,'APPROVE',NULL,'2022-11-06 08:29:23','2022-11-08 10:20:45','669647397945199',1),(113,70000.00,24,700.00,103,'APPROVE',NULL,'2022-11-06 09:54:18','2022-11-08 10:08:47','669647397945199',1),(114,62000.00,36,620.00,104,'PENDING',NULL,'2022-11-06 10:30:51','2022-11-06 10:30:51','669647397945199',1),(115,50000.00,24,500.00,106,'PENDING',NULL,'2022-11-06 12:13:08','2022-11-06 12:13:08','669647397945199',1),(116,50000.00,36,500.00,107,'PENDING',NULL,'2022-11-06 13:27:29','2022-11-06 13:27:29','669647397945199',1),(117,50000.00,24,500.00,108,'APPROVE',NULL,'2022-11-07 03:54:31','2022-11-08 11:05:33','669647397945199',1),(118,50000.00,24,500.00,109,'PENDING',NULL,'2022-11-07 06:44:25','2022-11-07 06:44:25','669647397945199',1),(119,50000.00,6,500.00,98,'REJECT',NULL,'2022-11-08 12:38:02','2022-11-08 14:32:29','669647397945199',1),(120,127000.00,24,1270.00,113,'PENDING',NULL,'2022-11-10 05:23:28','2022-11-10 05:23:28','669647397945199',1),(121,779000.00,12,7790.00,114,'PENDING',NULL,'2022-11-10 07:53:28','2022-11-10 07:53:28','669647397945199',1),(122,50000.00,36,500.00,116,'PENDING',NULL,'2022-11-10 09:17:58','2022-11-10 09:17:58','669647397945199',1),(123,100000.00,24,1000.00,118,'PENDING',NULL,'2022-11-10 09:59:03','2022-11-10 09:59:03','669647397945199',1),(124,779000.00,36,7790.00,119,'PENDING',NULL,'2022-11-24 09:57:28','2022-11-24 09:57:28','669647397945199',1),(125,1000000.00,12,21000.00,120,'APPROVE',NULL,'2023-03-20 10:49:50','2023-03-20 11:20:09','669647397945199',1),(126,7.00,6,0.05,120,'APPROVE',NULL,'2023-03-20 11:55:53','2023-03-22 07:37:25','669647397945199',1),(127,80000.00,6,375.00,135,'PENDING',NULL,'2023-03-22 06:55:27','2023-03-22 06:55:27','669647397945199',1),(128,1000000.00,6,15000.00,134,'PENDING',NULL,'2023-03-22 10:12:15','2023-03-22 10:12:15','669647397945199',1),(129,600000.00,6,3000.00,123,'REJECT','2023-03-23 08:53:31','2023-03-23 05:00:44','2023-03-23 08:53:31','728899037499238',1),(130,100000.00,12,500.00,123,'PENDING','2023-03-23 08:55:22','2023-03-23 08:54:48','2023-03-23 08:55:22','291691061134776',1),(131,80000.00,6,375.00,123,'PENDING','2023-03-23 09:08:58','2023-03-23 08:55:30','2023-03-23 09:08:58','841254387404607',1),(132,80000.00,6,375.00,123,'PENDING','2023-03-23 09:09:49','2023-03-23 09:09:09','2023-03-23 09:09:49','354810625004091',1),(133,80000.00,6,375.00,123,'APPROVED',NULL,'2023-03-23 09:10:00','2023-03-23 10:28:00','162484454008647',1),(134,80000.00,6,375.00,136,'APPROVED',NULL,'2023-03-23 10:31:19','2023-03-23 10:32:31','393363317604176',1),(135,80000.00,6,375.00,137,'UNDER REVIEW',NULL,'2023-03-23 18:45:57','2023-03-23 18:45:57','103680498859764',1),(136,80000.00,6,375.00,139,'APPROVED',NULL,'2023-03-24 16:57:41','2023-03-24 17:23:50','593475221754579',1),(137,80000.00,6,375.00,141,'APPROVED',NULL,'2023-03-25 10:09:00','2023-03-30 16:45:34','891448711571527',1),(138,168000.00,6,840.00,142,'Under Review','2023-03-27 09:16:26','2023-03-27 09:16:26','2023-03-27 09:16:26','724319585102388',0),(139,7500.00,6,37.50,144,'Under Review','2023-03-27 14:11:29','2023-03-27 14:11:29','2023-03-27 14:11:29','716473288370748',0),(140,80000.00,6,375.00,146,'Under Review','2023-03-30 16:40:40','2023-03-30 16:40:40','2023-03-30 16:40:40','138317116668244',0),(141,80000.00,12,375.00,146,'Under Review','2023-03-30 16:45:14','2023-03-30 16:45:14','2023-03-30 16:45:14','263317942135728',0);

--
-- Table structure for table `members`
--

CREATE TABLE `members` (
  `id` bigint unsigned NOT NULL AUTO_INCREMENT,
  `credit` double(15,2) NOT NULL DEFAULT '0.00',
  `actual_name` varchar(255) CHARACTER SET utf8mb4 COLLATE utf8mb4_unicode_ci DEFAULT NULL,
  `id_card_number` varchar(255) CHARACTER SET utf8mb4 COLLATE utf8mb4_unicode_ci DEFAULT NULL,
  `id_card_front` varchar(255) CHARACTER SET utf8mb4 COLLATE utf8mb4_unicode_ci DEFAULT NULL,
  `id_card_back` varchar(255) CHARACTER SET utf8mb4 COLLATE utf8mb4_unicode_ci DEFAULT NULL,
  `selfie_photo` varchar(255) CHARACTER SET utf8mb4 COLLATE utf8mb4_unicode_ci DEFAULT NULL,
  `monthly_income` double(15,2) NOT NULL DEFAULT '0.00',
  `present_address` varchar(255) CHARACTER SET utf8mb4 COLLATE utf8mb4_unicode_ci DEFAULT NULL,
  `unit_name` varchar(255) CHARACTER SET utf8mb4 COLLATE utf8mb4_unicode_ci DEFAULT NULL,
  `unit_address` varchar(255) CHARACTER SET utf8mb4 COLLATE utf8mb4_unicode_ci DEFAULT NULL,
  `position` varchar(255) CHARACTER SET utf8mb4 COLLATE utf8mb4_unicode_ci DEFAULT NULL,
  `working_year` varchar(255) CHARACTER SET utf8mb4 COLLATE utf8mb4_unicode_ci DEFAULT NULL,
  `purpose_of_apply_loan` varchar(255) CHARACTER SET utf8mb4 COLLATE utf8mb4_unicode_ci DEFAULT NULL,
  `relative_name_1` varchar(255) CHARACTER SET utf8mb4 COLLATE utf8mb4_unicode_ci DEFAULT NULL,
  `relativity_1` varchar(255) CHARACTER SET utf8mb4 COLLATE utf8mb4_unicode_ci DEFAULT NULL,
  `relative_contact_1` varchar(255) CHARACTER SET utf8mb4 COLLATE utf8mb4_unicode_ci DEFAULT NULL,
  `relative_name_2` varchar(255) CHARACTER SET utf8mb4 COLLATE utf8mb4_unicode_ci DEFAULT NULL,
  `relativity_2` varchar(255) CHARACTER SET utf8mb4 COLLATE utf8mb4_unicode_ci DEFAULT NULL,
  `relative_contact_2` varchar(255) CHARACTER SET utf8mb4 COLLATE utf8mb4_unicode_ci DEFAULT NULL,
  `bank_name` varchar(255) CHARACTER SET utf8mb4 COLLATE utf8mb4_unicode_ci DEFAULT NULL,
  `bank_username` varchar(255) CHARACTER SET utf8mb4 COLLATE utf8mb4_unicode_ci DEFAULT NULL,
  `bank_number` varchar(255) CHARACTER SET utf8mb4 COLLATE utf8mb4_unicode_ci DEFAULT NULL,
  `signature` varchar(255) CHARACTER SET utf8mb4 COLLATE utf8mb4_unicode_ci DEFAULT NULL,
  `user_id` bigint unsigned DEFAULT NULL,
  `deleted_at` timestamp NULL DEFAULT NULL,
  `created_at` timestamp NULL DEFAULT NULL,
  `updated_at` timestamp NULL DEFAULT NULL,
  `is_new_member` tinyint(1) DEFAULT (true),
  `credit_score` int NOT NULL DEFAULT '500',
  `withdrawal_code` varchar(255) CHARACTER SET utf8mb4 COLLATE utf8mb4_unicode_ci DEFAULT NULL,
  `company_name` varchar(255) COLLATE utf8mb4_unicode_ci DEFAULT NULL,
  `note` text COLLATE utf8mb4_unicode_ci,
  PRIMARY KEY (`id`)
) ENGINE=InnoDB AUTO_INCREMENT=148 DEFAULT CHARSET=utf8mb4 COLLATE=utf8mb4_unicode_ci;

--
-- Dumping data for table `members`
--

INSERT INTO `members` VALUES (11,0.00,NULL,NULL,NULL,NULL,NULL,0.00,NULL,NULL,NULL,NULL,NULL,NULL,NULL,NULL,NULL,NULL,NULL,NULL,NULL,NULL,NULL,NULL,17,NULL,'2022-10-25 09:00:06','2022-10-25 09:10:11',0,500,NULL,NULL,NULL),(12,0.00,NULL,NULL,NULL,NULL,NULL,0.00,NULL,NULL,NULL,NULL,NULL,NULL,NULL,NULL,NULL,NULL,NULL,NULL,NULL,NULL,NULL,NULL,18,NULL,'2022-10-25 09:07:09','2022-10-25 09:11:16',0,500,NULL,NULL,NULL),(13,0.00,NULL,NULL,NULL,NULL,NULL,0.00,NULL,NULL,NULL,NULL,NULL,NULL,NULL,NULL,NULL,NULL,NULL,NULL,NULL,NULL,NULL,NULL,19,NULL,'2022-10-25 09:34:15','2022-10-25 09:48:27',0,500,NULL,NULL,NULL),(14,70000.00,NULL,NULL,NULL,NULL,NULL,35000.00,'Phase 1 blk24 lot 5','Deca baywalk','Dumlog talisay city','Office secretary','62','Medical purpose','Allan G. Pilayre','Husband','09325979070','Norma dela pena','First cousin','09254677406','Eastwest bank','Melvin r pilayre','200046086529','signatures/2210250910251666703065.png',20,NULL,'2022-10-25 09:59:05','2022-10-26 04:20:26',0,500,NULL,NULL,NULL),(15,70000.00,NULL,NULL,NULL,NULL,NULL,18400.00,'Looc LapuLapu City','Ibo Mepz1','Ibo LapuLapu City','Line Leader','10','Personal Loan','Jenifer Adlawan','Sister','09326003532','Helen Barrios','Wife','09097798115','RCBC','Rogilio Barrios Jr','9004130271','signatures/2210250510061666691166.png',21,NULL,'2022-10-25 10:03:58','2022-10-25 11:50:14',0,500,NULL,NULL,NULL),(16,50000.00,NULL,NULL,NULL,NULL,NULL,15000.00,'Cabantan barangay luz cebu city','Maxim tide,food and delivery','unit 7 benley building j deveyra street','Rider, delivery currier','1 year 6months','for education and house repair','Marie Ann Ramilo','Partner','09518771465','Yvonne Yubal','sister','0933 460 9368','Gcash','Perfecto Yubal Jr','09511108453','signatures/2210261210591666759979.png',22,NULL,'2022-10-25 10:15:20','2022-10-26 06:24:28',0,500,NULL,NULL,NULL),(17,70000.00,NULL,NULL,NULL,NULL,NULL,0.00,NULL,NULL,NULL,NULL,NULL,NULL,NULL,NULL,NULL,NULL,NULL,NULL,NULL,NULL,NULL,NULL,23,NULL,'2022-10-25 10:24:26','2023-03-23 10:26:46',0,500,NULL,NULL,NULL),(18,70000.00,NULL,NULL,NULL,NULL,NULL,0.00,'Pagutlan,Maslog Danao City,Cebu','sheila','pagutlan','branch cashier','since 2019 upto present','additional capital for bussiness','Jake Remulta','Husband','09317850586','Carmelita Murillo','Mother','09239687491','LandBank','Jake Remulta','6031 3100 3122 0317 134','signatures/2210261110221666755442.png',24,NULL,'2022-10-25 12:29:58','2022-10-26 06:56:31',0,500,NULL,NULL,NULL),(19,70000.00,NULL,NULL,NULL,NULL,NULL,0.00,'Washington St Cogon West Carmen Cebu','Cogon West','Carmen Cebu','Small business owner',NULL,'Additional Capital','Marites S Manulat','Sister','09614240636','Reymund Sabelino','Nephew','0969 103 2673','BDO CASH CARD','MARICEL N SABELINO','5267270046299448','signatures/2210260910401666748860.png',25,NULL,'2022-10-25 13:23:23','2022-10-27 11:35:59',0,500,NULL,NULL,NULL),(20,0.00,NULL,NULL,NULL,NULL,NULL,40000.00,'Cogon,Poso Compostela','Own','Cogon, Poso Compostela','N/A','N/A','Business','Reygie Cabang','Daughter','09352763053','Gia Cabang','Daughter','09238971549',NULL,NULL,NULL,NULL,26,NULL,'2022-10-26 06:17:31','2022-10-26 10:09:20',0,500,NULL,NULL,NULL),(21,70000.00,NULL,NULL,NULL,NULL,NULL,0.00,'80 M Velez St Capitol Cebu City','Bdo Unibank Inc','Legaspi Corner Zamora St Cebu City','Teller','7yrs','Multipurpose/Personal Loan','Melissa Boiser','Sister','09215303683',NULL,NULL,NULL,'Bdo Unibank Inc','Mary Jane Labos','001720176955','signatures/2210260410131666771393.png',27,NULL,'2022-10-26 07:02:50','2022-10-26 10:40:27',0,500,NULL,NULL,NULL),(22,50000.00,NULL,NULL,NULL,NULL,NULL,15000.00,'Zone 07 Riverside Canduman Mandaue city Cebu',NULL,NULL,'Machine Operator','11/06/2010','House Renovation','Christopher Agravante','Brother','09556077931','Nonita Agravante','Mother','09355748056','UNION BANK','JIMMY S AGRAVANTE','109810262162','signatures/2210260210061666765626.png',28,NULL,'2022-10-26 07:09:27','2022-10-26 08:53:27',0,500,NULL,NULL,NULL),(23,50000.00,NULL,NULL,NULL,NULL,NULL,0.00,'157 libis talisay st. caloocan city',NULL,NULL,NULL,'29','business','angel de guzman','granddaughter','09382497692',NULL,NULL,NULL,'gcash','frelen maligaya','09095532729','signatures/2210260310211666768521.png',29,NULL,'2022-10-26 07:52:06','2022-10-27 05:31:53',0,500,NULL,NULL,NULL),(24,0.00,NULL,NULL,NULL,NULL,NULL,25000.00,'dulongbayan 2','road 2','30','customer service representative','2 years','renovation','charmaine dela cruz','sister','09610133122','charisse dela cruz','sister','09686365610','charlene dela cruz','charlene dela cruz','0000033082781','signatures/2210260510121666778352.png',30,NULL,'2022-10-26 10:49:29','2022-10-26 11:04:44',0,500,NULL,NULL,NULL),(25,0.00,NULL,NULL,NULL,NULL,NULL,0.00,'Block 4 Lot 21 Sitio Lubak Balanti San Isidro Cainta Rizal','Block 4 Lot 21','Sitio Lubak','Housewife','1','Business Capital and pay bills','Nalwin tanyag','Mother','09812857886','Jhoe Gacilo Velasco','Brother','09173845961','Paypal','Gilbert Velasco','09319258000','signatures/2210260810321666786232.png',31,NULL,'2022-10-26 12:59:17','2022-10-26 13:14:17',0,500,NULL,NULL,NULL),(26,50000.00,NULL,NULL,NULL,NULL,NULL,0.00,'A Del. Rosario St. Guizo Mandaue City Cebu',NULL,NULL,'ARTIST Sale clerk','28 age','Home renovition','Alyzza Rivera','Cousin','09502235361','Ethel','Close friend','09678992229','GCASH','JESSA MARIE R. NERVES','09052554090','signatures/2210260910051666789205.png',32,NULL,'2022-10-26 13:03:39','2022-10-27 06:07:31',0,500,NULL,NULL,NULL),(27,50000.00,NULL,NULL,NULL,NULL,NULL,0.00,'B14lot37 ciudad Verde homes paradahan 1 Tanza cavite','Ciudad verde','Paradahan 1 Tanza  cavite','Teacher 1','17','Educational and masterals degree','Lynn eriche p borlado','Daughter','09562341955','Susana j porcioncula','Sister','09183931648','Union bank','Babylyn p Borlado','109350798382','signatures/2210260810341666788274.png',33,NULL,'2022-10-26 13:13:38','2022-10-27 05:24:15',0,500,NULL,NULL,NULL),(28,0.00,NULL,NULL,NULL,NULL,NULL,0.00,NULL,NULL,NULL,NULL,NULL,NULL,NULL,NULL,NULL,NULL,NULL,NULL,'unionbank','rona romano','109654815653','signatures/2210260910031666789803.png',34,NULL,'2022-10-26 14:01:48','2022-10-29 08:34:40',0,500,NULL,NULL,NULL),(29,0.00,NULL,NULL,NULL,NULL,NULL,0.00,NULL,NULL,NULL,NULL,NULL,NULL,NULL,NULL,NULL,NULL,NULL,NULL,NULL,NULL,NULL,NULL,35,NULL,'2022-10-26 21:35:14','2022-10-26 21:35:14',1,500,NULL,NULL,NULL),(30,50000.00,NULL,NULL,NULL,NULL,NULL,0.00,'106B Sitio Mabuhay Barangay Luz Cebu City','Catherine F. Camacho','106B Sitio Mabuhay Barangay Luz, Cebu City','Housewife','47','Utiliy bills and expenses','Jerald Kennith Camacho','Son','09956280210','Jericho F. Camacho','Son','09684344073','Union Bank of the Philippines','Jerald Kennith Failanga Camacho','109662527008','signatures/2210270210291666851089.png',36,NULL,'2022-10-27 05:33:54','2022-10-27 08:11:11',0,500,NULL,NULL,NULL),(31,0.00,NULL,NULL,NULL,NULL,NULL,0.00,NULL,NULL,NULL,NULL,NULL,NULL,NULL,NULL,NULL,NULL,NULL,NULL,NULL,NULL,NULL,NULL,37,NULL,'2022-10-27 06:23:53','2022-10-29 08:35:04',0,500,NULL,NULL,NULL),(32,0.00,NULL,NULL,NULL,NULL,NULL,0.00,NULL,NULL,NULL,NULL,NULL,NULL,NULL,NULL,NULL,NULL,NULL,NULL,NULL,NULL,NULL,NULL,38,NULL,'2022-10-27 06:34:43','2022-10-28 05:29:16',0,500,NULL,NULL,NULL),(33,50000.00,NULL,NULL,NULL,NULL,NULL,24376.00,'B209 L37 Deca Homes Loma de Gato Marilao Bulacan','National Archives of the Philippines','GF PPL Bldg UN Ave Paco Manila','Archivist I','28yrs','Business capital','Antonio Pangan','Common law partner','09517574996','Herminigildo Bale','Father','09686780699','BDO','raquelulanday','004530246771','signatures/2210270210101666851850.png',39,NULL,'2022-10-27 07:06:53','2022-10-27 09:05:30',0,500,NULL,NULL,NULL),(34,0.00,NULL,NULL,NULL,NULL,NULL,0.00,NULL,NULL,NULL,NULL,NULL,NULL,NULL,NULL,NULL,NULL,NULL,NULL,NULL,NULL,NULL,NULL,40,NULL,'2022-10-27 07:21:28','2022-10-27 08:30:08',0,500,NULL,NULL,NULL),(35,70000.00,NULL,NULL,NULL,NULL,NULL,15000.00,'Buhisan Cebu City','NA','NA','Bookepper','9 years','Capital for business','Leemer Jae Saladas','Cousin','09367750802','Nicanel Amantillo','Fruend','09362362635','BPI','Marie Cris Saladas','9079334356','signatures/2210270410451666858185.png',41,NULL,'2022-10-27 08:24:09','2022-10-27 09:10:59',0,500,NULL,NULL,NULL),(36,0.00,NULL,NULL,NULL,NULL,NULL,20000.00,'sto cristo mexico pampanga','425','phase 3','housewife','5years','for business loan','hermida quizon','mother','09751376811','orvil galura','husband','09651148848',NULL,NULL,NULL,'signatures/2210270510581666863718.png',42,NULL,'2022-10-27 10:09:52','2022-10-28 05:56:38',0,500,NULL,NULL,NULL),(37,50000.00,NULL,NULL,NULL,NULL,NULL,20000.00,'0166 Purok 2 Morning Sun Village Don Ignacio Dimson Lubao Pampanga',NULL,NULL,'Virtual Assistant Profile Specialist','14 months','pay bills,tuition fee','Emerito Sampang','Husband','09289307108','Emerito Sampang','Husband','09289307108','Banco De Oro','Annie M. Sampang','005760290127',NULL,43,NULL,'2022-10-27 10:11:47','2022-10-27 11:37:09',0,500,NULL,NULL,NULL),(38,250000.00,NULL,NULL,NULL,NULL,NULL,150000.00,'3155 Broadway st. Brgy. Ninoy Aquino Angeles City','ZEL','Pampanga','self-employed','18','To pay may housing loan','Manuel Mediodia','Spouse','+639566612516','Eloida Yumul','Sister inlaw','09813121552','Asian United Bank','rexhazel','129130002587','signatures/2210270510421666864542.png',44,NULL,'2022-10-27 10:13:46','2022-10-27 12:47:38',0,500,NULL,NULL,NULL),(39,0.00,NULL,NULL,NULL,NULL,NULL,0.00,NULL,NULL,NULL,NULL,NULL,NULL,NULL,NULL,NULL,NULL,NULL,NULL,NULL,NULL,NULL,'signatures/2210270710251666870885.png',45,NULL,'2022-10-27 11:54:03','2022-10-27 12:41:25',0,500,NULL,NULL,NULL),(40,500000.00,NULL,NULL,NULL,NULL,NULL,38000.00,'Lamdagan street Tagbilaran city Bohol','0313','B','Domestic Helper','36','Business expansion','Bonifacio Castano Jr.','brother','09369911353','Jerry Castano','BROTHER','09212489648','Leah Tamayo','CIMB','20860706836015',NULL,46,NULL,'2022-10-27 12:49:07','2022-10-28 07:31:33',0,500,NULL,NULL,NULL),(41,50000.00,NULL,NULL,NULL,NULL,NULL,20000.00,'Tarlac,bamban,dela cruz','None','188 j.p.laurel street','Electrical technician','52/15','Improvement my business carwash','Marites c. Ramizo','Wife','09086840497','Marites c. Ramizo','Wife','09086840497','Bank of the phil.island(bpi)','Ronaldo g. Ramizo','05861109564','signatures/2210280110431666933243.png',47,NULL,'2022-10-28 05:36:21','2022-10-28 09:16:01',0,500,NULL,NULL,NULL),(42,174000.00,NULL,NULL,NULL,NULL,NULL,0.00,'Sitio Kanaas, Singson, Guadalupe, Cebu City','Sitio Kanaas','Singson','Account Manager','9','Home Improvement','Markden Trasporte','Cousin','09275042225','Maylene Polancos','Colleague','09988498205','BDO Unibank','PaulIan06','006090155836',NULL,48,NULL,'2022-10-29 07:14:30','2022-10-29 08:19:40',0,500,NULL,NULL,NULL),(43,0.00,NULL,NULL,NULL,NULL,NULL,0.00,'607 San Miguel, Cordova, Cebu',NULL,NULL,'Customer Service Representative','5','Pay bills','Reymar Buhale','Colleague','09686351795','Jebelle Manongsong','Niece','09165825704','Security Bank','bernz1984','0000014789270','signatures/2210290410571667032317.png',49,NULL,'2022-10-29 09:04:42','2022-10-29 09:31:57',0,500,NULL,NULL,NULL),(44,100000.00,NULL,NULL,NULL,NULL,NULL,0.00,'12 tanguile st la paloma subd tisa',NULL,NULL,'freelance web designer','47','additional funds for business','anthony galindez','junette galindez','09176402888','Rommel Cabrera','cousin','09152642535','unionbank of the Philippines','anthony galindez','109450747888','signatures/2210290510291667034149.png',50,NULL,'2022-10-29 09:51:48','2022-10-29 11:53:32',0,500,NULL,NULL,NULL),(45,0.00,NULL,NULL,NULL,NULL,NULL,0.00,NULL,NULL,NULL,NULL,NULL,NULL,NULL,NULL,NULL,NULL,NULL,NULL,NULL,NULL,NULL,NULL,51,NULL,'2022-10-29 11:10:03','2022-10-29 11:10:03',1,500,NULL,NULL,NULL),(46,0.00,NULL,NULL,NULL,NULL,NULL,0.00,NULL,NULL,NULL,NULL,NULL,NULL,NULL,NULL,NULL,NULL,NULL,NULL,NULL,NULL,NULL,NULL,52,NULL,'2022-10-30 07:28:39','2022-10-30 10:38:09',0,500,NULL,NULL,NULL),(47,0.00,NULL,NULL,NULL,NULL,NULL,0.00,NULL,NULL,NULL,NULL,NULL,NULL,NULL,NULL,NULL,NULL,NULL,NULL,NULL,NULL,NULL,NULL,53,NULL,'2022-10-30 10:29:04','2022-10-30 11:14:27',0,500,NULL,NULL,NULL),(48,0.00,NULL,NULL,NULL,NULL,NULL,16000.00,'Babag2purokshooting star radar lapu lapu city','Radar','Purok shooting star','Operator','46/19yrs of service','Educational/financial','Gerly','Cousin','09692251613','Nicollee','Daughter','09150761630','Higina D. Pongasi','BDO','O006140218267','signatures/2210300610271667124027.png',54,NULL,'2022-10-30 10:31:16','2022-10-30 11:00:27',0,500,NULL,NULL,NULL),(49,0.00,NULL,NULL,NULL,NULL,NULL,0.00,NULL,NULL,NULL,NULL,NULL,NULL,NULL,NULL,NULL,NULL,NULL,NULL,NULL,NULL,NULL,NULL,55,NULL,'2022-10-30 10:46:45','2022-10-30 11:03:27',0,500,NULL,NULL,NULL),(50,0.00,NULL,NULL,NULL,NULL,NULL,0.00,NULL,NULL,NULL,NULL,NULL,NULL,NULL,NULL,NULL,NULL,NULL,NULL,NULL,NULL,NULL,NULL,56,NULL,'2022-10-30 11:03:24','2022-10-30 11:07:43',0,500,NULL,NULL,NULL),(51,0.00,NULL,NULL,NULL,NULL,NULL,0.00,'29-A vrama','REPUBLIC OF THE PHILIPPINES CITY OF CEBU','sto nino street','goverment staff','3 years','tution fee','alex barral','spouse','09225146632','cathy capul','sister','09434961349',NULL,NULL,NULL,NULL,57,NULL,'2022-10-30 12:51:47','2022-10-30 13:02:21',0,500,NULL,NULL,NULL),(52,0.00,NULL,NULL,NULL,NULL,NULL,0.00,NULL,NULL,NULL,NULL,NULL,NULL,NULL,NULL,NULL,NULL,NULL,NULL,'GCash','GCash','09953981208',NULL,58,NULL,'2022-10-30 13:56:08','2022-10-31 04:21:33',1,500,NULL,NULL,NULL),(53,0.00,NULL,NULL,NULL,NULL,NULL,0.00,NULL,NULL,NULL,NULL,NULL,NULL,NULL,NULL,NULL,NULL,NULL,NULL,NULL,NULL,NULL,NULL,59,NULL,'2022-10-30 14:44:03','2022-10-30 14:44:03',1,500,NULL,NULL,NULL),(54,100000.00,NULL,NULL,NULL,NULL,NULL,16500.00,'Talisay city','Frannie','Lagtang talisay city','SSO','5yrs.','Extend business','May Candado','Wife','09750649458',NULL,NULL,NULL,'Frannie','Frannie','09912360887',NULL,60,NULL,'2022-10-31 05:12:22','2022-10-31 06:41:29',0,500,NULL,NULL,NULL),(55,100000.00,NULL,NULL,NULL,NULL,NULL,0.00,'Canlingo Maslog Danao City Cebu Philippines',NULL,NULL,'Production operator','June 2016 -present','For business purposes','Elizabeth Mendoza','Cousin','09269800874','Maricel Ampo','Sister','09309666485','Gcash','Donabelle Ampo','09506996485',NULL,61,NULL,'2022-10-31 05:38:44','2022-10-31 11:44:44',0,500,NULL,NULL,NULL),(56,10000.00,NULL,NULL,NULL,NULL,NULL,0.00,NULL,NULL,NULL,NULL,NULL,NULL,NULL,NULL,NULL,NULL,NULL,NULL,NULL,NULL,NULL,NULL,62,NULL,'2022-10-31 05:44:26','2022-10-31 06:24:45',0,500,NULL,NULL,NULL),(57,0.00,NULL,NULL,NULL,NULL,NULL,0.00,NULL,NULL,NULL,NULL,NULL,NULL,NULL,NULL,NULL,NULL,NULL,NULL,NULL,NULL,NULL,NULL,63,NULL,'2022-10-31 06:07:10','2022-10-31 06:07:10',1,500,NULL,NULL,NULL),(58,0.00,NULL,NULL,NULL,NULL,NULL,0.00,NULL,NULL,NULL,NULL,NULL,NULL,NULL,NULL,NULL,NULL,NULL,NULL,NULL,NULL,NULL,NULL,64,NULL,'2022-10-31 08:30:24','2022-10-31 08:38:04',0,500,NULL,NULL,NULL),(59,0.00,NULL,NULL,NULL,NULL,NULL,0.00,NULL,NULL,NULL,NULL,NULL,NULL,NULL,NULL,NULL,NULL,NULL,NULL,NULL,NULL,NULL,NULL,65,NULL,'2022-10-31 08:30:55','2022-10-31 08:30:55',1,500,NULL,NULL,NULL),(60,614000.00,NULL,NULL,NULL,NULL,NULL,80000.00,'Sitio Katugasan Brgy Pandacan, Pinamungajan, I Cebu',NULL,NULL,'Able Seamen','5','Personal Loan','Cynthia T. Aviso','Mother','0943 451 0336',NULL,NULL,NULL,'Bank of the Philippines Islands','Arniel Chino T. Aviso','4989252769',NULL,66,NULL,'2022-10-31 12:28:30','2022-10-31 13:16:53',0,500,NULL,NULL,NULL),(61,0.00,NULL,NULL,NULL,NULL,NULL,0.00,'3976 Pagkakaisa street Purok 6B Lower Bicutan Taguig City',NULL,NULL,'License and permit officer','2 years','House renovation','Rahm Muncal','Son','09985656441','Mariel Muncal','Wife','09323737651','Security Bank',NULL,'0000046504343','signatures/2211011111321667273192.png',67,NULL,'2022-11-01 04:16:03','2022-11-01 04:26:32',1,500,NULL,NULL,NULL),(62,50000.00,NULL,NULL,NULL,NULL,NULL,18000.00,'1262 lapas street','Room 401','Brgy. 401 sampaloc manila','Driver','1 year','Start business','Ruth Ramirez','Live in partner','09552933659','Micheal Pancho','Cousine','09469080558','China bank','Jeffrey Querubin','104602023311','signatures/2211011111501667317790.png',68,NULL,'2022-11-01 05:53:57','2022-11-02 03:28:02',0,500,NULL,NULL,NULL),(63,0.00,NULL,NULL,NULL,NULL,NULL,0.00,NULL,NULL,NULL,NULL,NULL,NULL,NULL,NULL,NULL,NULL,NULL,NULL,NULL,NULL,NULL,NULL,69,NULL,'2022-11-01 06:17:54','2022-11-01 06:17:54',1,500,NULL,NULL,NULL),(64,0.00,NULL,NULL,NULL,NULL,NULL,0.00,NULL,NULL,NULL,NULL,NULL,NULL,NULL,NULL,NULL,NULL,NULL,NULL,NULL,NULL,NULL,NULL,70,NULL,'2022-11-01 06:46:40','2022-11-01 07:17:34',0,500,NULL,NULL,NULL),(65,100000.00,NULL,NULL,NULL,NULL,NULL,28000.00,'218 Sumapamg Matamda City of Malolos Bulacan',NULL,NULL,'Caregiver','44/12','Business Capital','Erdie Mirada','Brother','09354598413','Erdie Miranda','Brother','09354598413','Elsie Miranda Lugos','Security Bank','0000050002710','signatures/2211010511081667295128.png',71,NULL,'2022-11-01 06:48:06','2022-11-01 11:10:20',0,500,NULL,NULL,NULL),(66,0.00,NULL,NULL,NULL,NULL,NULL,0.00,NULL,NULL,NULL,NULL,NULL,NULL,NULL,NULL,NULL,NULL,NULL,NULL,NULL,NULL,NULL,NULL,72,NULL,'2022-11-01 07:22:18','2022-11-01 07:22:18',1,500,NULL,NULL,NULL),(67,80000.00,NULL,NULL,NULL,NULL,NULL,30000.00,'Tanza cavite','Dhodz','Biwas','Driver','21yr','Down payment sa dump truck','Roger azuelo','Brother','09331541476','Roger azuelo','Brother','+639331541476',NULL,NULL,NULL,NULL,73,NULL,'2022-11-01 07:28:25','2022-11-01 13:55:12',0,500,NULL,NULL,NULL),(68,0.00,NULL,NULL,NULL,NULL,NULL,0.00,NULL,NULL,NULL,NULL,NULL,NULL,NULL,NULL,NULL,NULL,NULL,NULL,NULL,NULL,NULL,NULL,74,NULL,'2022-11-01 07:58:37','2022-11-01 08:03:37',1,500,NULL,NULL,NULL),(69,100000.00,NULL,NULL,NULL,NULL,NULL,18000.00,'7A Greenhills Road Casuntingan',NULL,NULL,'Sales Representative','2yrs','Home Improvement','Kyle Zanoria','Spouse','09913644530','Ellah Mae Mendoza','Sister','09152655541','Union bank of the Philippines','Honey Fe Zanoria','109659555748','signatures/2211010411161667290216.png',75,NULL,'2022-11-01 09:00:38','2022-11-01 09:50:26',0,500,NULL,NULL,NULL),(70,0.00,NULL,NULL,NULL,NULL,NULL,0.00,NULL,NULL,NULL,NULL,NULL,NULL,NULL,NULL,NULL,NULL,NULL,NULL,NULL,NULL,NULL,NULL,76,NULL,'2022-11-01 09:02:10','2022-11-01 13:45:46',0,500,NULL,NULL,NULL),(71,0.00,NULL,NULL,NULL,NULL,NULL,30000.00,'Saac 11 Lapu Lapu City Cebu','Lucia Caberte','Saac 11 Lapu-Lapu City Cebu','Business Owner','2 -3','Education','MeLvin Caberte','Son','09455181865','Beverly Caberte','Sister','09224007742','BPI','Lucia Lenares Caberte','0069853153','signatures/2211010411021667292362.png',77,NULL,'2022-11-01 09:22:45','2022-11-06 05:28:11',0,500,NULL,NULL,NULL),(72,0.00,NULL,NULL,NULL,NULL,NULL,0.00,NULL,NULL,NULL,NULL,NULL,NULL,NULL,NULL,NULL,NULL,NULL,NULL,NULL,NULL,NULL,NULL,78,NULL,'2022-11-01 09:25:13','2022-11-01 09:25:13',1,500,NULL,NULL,NULL),(73,0.00,NULL,NULL,NULL,NULL,NULL,0.00,NULL,NULL,NULL,NULL,NULL,NULL,NULL,NULL,NULL,NULL,NULL,NULL,NULL,NULL,NULL,NULL,79,NULL,'2022-11-01 09:28:18','2022-11-01 09:49:25',0,500,NULL,NULL,NULL),(74,0.00,NULL,NULL,NULL,NULL,NULL,0.00,NULL,NULL,NULL,NULL,NULL,NULL,NULL,NULL,NULL,NULL,NULL,NULL,NULL,NULL,NULL,NULL,80,NULL,'2022-11-01 10:03:12','2022-11-01 17:23:02',0,500,NULL,NULL,NULL),(75,0.00,NULL,NULL,NULL,NULL,NULL,0.00,NULL,NULL,NULL,NULL,NULL,NULL,NULL,NULL,NULL,NULL,NULL,NULL,NULL,NULL,NULL,NULL,81,NULL,'2022-11-01 14:10:21','2022-11-01 16:32:39',0,500,NULL,NULL,NULL),(76,0.00,NULL,NULL,NULL,NULL,NULL,23000.00,'Block 5 Lot 6 Lorega San Miguel Cebu City',NULL,NULL,'Nurse','6 months','Bills payment','Analyn C Diaz','Cousin','+639226549996','Ma Fatima T Fuentes','Cousin','+639323091651','April Amor D Miranda','Landbank','0796 5568 12','signatures/2211030111591667452199.png',82,NULL,'2022-11-02 14:31:28','2022-11-03 11:09:21',0,500,NULL,NULL,NULL),(77,70000.00,NULL,NULL,NULL,NULL,NULL,0.00,NULL,NULL,NULL,NULL,NULL,NULL,NULL,NULL,NULL,NULL,NULL,NULL,'Gcash','Jake R.','09043319744',NULL,83,NULL,'2022-11-03 03:59:26','2022-11-03 08:57:55',0,500,NULL,NULL,NULL),(78,50000.00,NULL,NULL,NULL,NULL,NULL,14000.00,'Magalang pampanga','Unit 2','Magalang pampanga','Machine operator','35 2021','Personal and business loan','Riza laguna','Mother','09513472186','Rene laguna','Father','09069435655',NULL,NULL,NULL,'signatures/2211031211571667448117.png',84,NULL,'2022-11-03 04:21:58','2022-11-03 05:15:37',0,500,NULL,NULL,NULL),(79,50000.00,NULL,NULL,NULL,NULL,NULL,23000.00,'M3 Purok 1 Poblacion Orient Consolacion Cebu 6001','n/a','Poblacion Orient Consolacion Cebu 6001','Teamlead','3 years','Emergency','Dominique Arianne Cayaban','Spouse','09184275658','Maie Russ Cristobal','Niece','09567189686','Unionbank','tinyhan06','109657819270',NULL,85,NULL,'2022-11-05 01:22:57','2022-11-05 04:08:37',0,500,NULL,NULL,NULL),(80,0.00,NULL,NULL,NULL,NULL,NULL,0.00,NULL,NULL,NULL,NULL,NULL,NULL,NULL,NULL,NULL,NULL,NULL,NULL,NULL,NULL,NULL,NULL,86,NULL,'2022-11-05 06:30:34','2022-11-05 10:47:16',0,500,NULL,NULL,NULL),(81,0.00,NULL,NULL,NULL,NULL,NULL,0.00,NULL,NULL,NULL,NULL,NULL,NULL,NULL,NULL,NULL,NULL,NULL,NULL,NULL,NULL,NULL,NULL,87,NULL,'2022-11-05 09:30:11','2022-11-05 09:30:11',1,500,NULL,NULL,NULL),(82,91000.00,NULL,NULL,NULL,NULL,NULL,600000.00,'99 road1 tambakan st maypajo caloocan city','tambakan st','99 road1','housewife','42','expand business','ZOILO ESPOSO VALENZUELA','husband','09195350162','josie reyea','cousin','09998090086','gcash','debby rivera','09276167996',NULL,88,NULL,'2022-11-05 09:42:27','2022-11-05 11:57:08',0,500,NULL,NULL,NULL),(83,0.00,NULL,NULL,NULL,NULL,NULL,0.00,NULL,NULL,NULL,NULL,NULL,NULL,NULL,NULL,NULL,NULL,NULL,NULL,NULL,NULL,NULL,NULL,89,NULL,'2022-11-05 10:01:18','2022-11-05 10:47:31',0,500,NULL,NULL,NULL),(84,0.00,NULL,NULL,NULL,NULL,NULL,35000.00,'68 araullo street unit F Brgy additional hills mandaluyong city','Unit F','68 araullo street','Sales specialist','45/1yr-10 months','Buying a set of desktop computer for online jobter','Fe Belen Aguila','Mother','09499238050','Aurelio Palileo','Uncle','0926 784 1491','Union Bank','Don Kenneth Aguila','109642858810','signatures/2211050511561667642216.png',90,NULL,'2022-11-05 10:14:03','2022-11-05 10:59:33',0,500,NULL,NULL,NULL),(85,0.00,NULL,NULL,NULL,NULL,NULL,0.00,NULL,NULL,NULL,NULL,NULL,NULL,NULL,NULL,NULL,NULL,NULL,NULL,NULL,NULL,NULL,NULL,91,NULL,'2022-11-05 11:10:51','2022-11-05 11:10:51',1,500,NULL,NULL,NULL),(86,50000.00,NULL,NULL,NULL,NULL,NULL,20000.00,'Road 2 Nagtinig Floodway Brgy San Juan Taytay Rizal','WNS Global Services','9th Floor 1880 Building Eastwood Libis Brgy Bagumbayan Quezon City','Sr. Associate','1 year and 7 months','Home improvement','Mary Joy Dela Cruz','Live in Partner','09120584133','Lourdes Dela Cruz','Mother in Law','09487822480','BPI','charlie0607','4099437278','signatures/2211050811091667649849.png',92,NULL,'2022-11-05 11:34:18','2022-11-06 02:08:43',0,500,NULL,NULL,NULL),(87,0.00,NULL,NULL,NULL,NULL,NULL,40500.00,'Unit 803 Urban Deca Homes Vitas Tondo Manila','UDH','Unit 803','Training Facilitator','1','Tuition','Jerome Murillo','Spouse','09150081650','Kyle Gabrielle Murillo','Son','09760994917','BPI','Crystalyn Murillo','0259278511','signatures/2211050811331667652033.png',93,NULL,'2022-11-05 12:44:15','2022-11-05 13:46:32',0,500,NULL,NULL,NULL),(88,150000.00,NULL,NULL,NULL,NULL,NULL,0.00,'1520 Milagros St Sta Cruz Manila',NULL,NULL,'Sales manager','25','Emergency','Abet Salcedo','Brother','09106485042','Alberto Rivera','Friend','096690063515','BDO','BEYTO12345','004511497969','signatures/2211061011171667701697.png',94,NULL,'2022-11-06 03:16:09','2022-11-06 07:54:53',0,500,NULL,NULL,NULL),(89,100000.00,NULL,NULL,NULL,NULL,NULL,30000.00,'143 CARNATION ST PFCI FLOODWAY BRGY SAN ANDRES CAINTA RIZAL','143 CARNATION ST','PFCI FLOODWAY BRGY SAN ANDRES CAINTA RIZAL','Electrical Engr','18 years','Personal','Ador Icatlo','Brother','09195755872','Marlo Barribal','Working Officemate','09167633643','Metrobank','ADRENICATLO1978','0833904205541','signatures/2211061111331667704053.png',95,NULL,'2022-11-06 03:26:55','2022-11-08 10:02:46',0,500,NULL,NULL,NULL),(90,50000.00,NULL,NULL,NULL,NULL,NULL,16000.00,'Phs4 blk15 lot47 fvr gma cav.','Same','Same','Leadman electrician','Mc jerad/35/2015','Family needs','Richard Royal Celis','+639661577995','Herbert celis','Domingo celis','Father','+639355346934','G cash','Richard c','09058604963','signatures/2211061011471667703347.png',96,NULL,'2022-11-06 03:42:45','2022-11-06 05:22:45',0,500,NULL,NULL,NULL),(91,0.00,NULL,NULL,NULL,NULL,NULL,0.00,NULL,NULL,NULL,NULL,NULL,NULL,NULL,NULL,NULL,NULL,NULL,NULL,NULL,NULL,NULL,NULL,97,NULL,'2022-11-06 03:45:37','2022-11-06 03:45:37',1,500,NULL,NULL,NULL),(92,50000.00,NULL,NULL,NULL,NULL,NULL,22000.00,'1838 employees ville San Miguel pasig city','Employees ville','1838 employee ville san miguel pasig city','Sales and marketing','5 years - present','Medication','Cecilia chavez','Mother','09158961133','Marlen casaldan','Partner','09159908177','Banco de oro (unibank)','tinsamsonchavez','006810102360','signatures/2211060111401667710840.png',98,NULL,'2022-11-06 05:49:05','2022-11-08 10:09:56',0,500,NULL,NULL,NULL),(93,70000.00,NULL,NULL,NULL,NULL,NULL,24000.00,'80 San Diego St. Brgy. Commonwealth, Quezon City','San Diego street','San Diego Street','Construction and Maintenance Capataz','11','For Small Business','Richelle Pongpong','Sister','(0997) 102 8127','Jonathan Trinidad','Co - Worker','(0947) 703 2335','Unionbank','Ronil Pongpong','109583690671','signatures/2211060111301667711190.png',99,NULL,'2022-11-06 05:53:55','2022-11-06 06:30:31',0,500,NULL,NULL,NULL),(94,0.00,NULL,NULL,NULL,NULL,NULL,0.00,NULL,NULL,NULL,NULL,NULL,NULL,NULL,NULL,NULL,NULL,NULL,NULL,NULL,NULL,NULL,NULL,100,NULL,'2022-11-06 06:00:46','2022-11-06 07:50:51',0,500,NULL,NULL,NULL),(95,50000.00,NULL,NULL,NULL,NULL,NULL,24000.00,'120 brgy 1103 panay avenue diliman quezon city','Tower d 1927 mplace','South triangle','Office supervisor','1yr and 3mos','Multi purpose loan','Jaime palattao jr','Father','09208702776','Jae erika palattao','Sister','09201321543','Asia united bank','Jaime palattao III','092120019501','signatures/2211060111571667711877.png',101,NULL,'2022-11-06 06:04:23','2022-11-08 10:06:35',0,500,NULL,NULL,NULL),(96,199580.00,NULL,NULL,NULL,NULL,NULL,30000.00,'41 san miguel bauan batangas','san miguel','41 san miguel bauan batangas','housewife','over 3 years','family business','norman catalla','brother','09562452137','eribe helder ebora','son','09155841526','china bank','violeta catalla ebora','138101031689','signatures/2211060311271667718927.png',102,NULL,'2022-11-06 06:15:32','2023-03-23 06:23:45',0,500,NULL,NULL,NULL),(97,0.00,NULL,NULL,NULL,NULL,NULL,0.00,NULL,NULL,NULL,NULL,NULL,NULL,NULL,NULL,NULL,NULL,NULL,NULL,NULL,NULL,NULL,NULL,103,NULL,'2022-11-06 06:18:05','2022-11-06 06:18:05',1,500,NULL,NULL,NULL),(98,0.00,NULL,NULL,NULL,NULL,NULL,60000.00,'Brighton 1 B5L46 Pasong Camachile 1','Adelle','Brighton 1 B5L46 Thatcher Street','Forex trader/ Seafarer','1997/27','Additional fund to process documents','Loren Mae Alipis','Spouse','09157364744','Bernadette Bohol','Sister','09268782887','Gcash','Bruce Lim','09272637723','signatures/2211060111471667712647.png',104,NULL,'2022-11-06 06:21:03','2022-11-09 08:34:42',0,500,NULL,NULL,NULL),(99,0.00,NULL,NULL,NULL,NULL,NULL,0.00,NULL,NULL,NULL,NULL,NULL,NULL,NULL,NULL,NULL,NULL,NULL,NULL,NULL,NULL,NULL,NULL,105,NULL,'2022-11-06 07:10:28','2022-11-06 07:15:40',1,500,NULL,NULL,NULL),(100,50000.00,NULL,NULL,NULL,NULL,NULL,22000.00,'Malolos','Maunlad Homes','Maligaya St.','agent','2yrs','emergency','Angel Gerong','Mother','09171642722','Pinky Santos','Friend','09669875134','GCASH','Daizel Marie Gerong','09553307833','signatures/2211060211511667717751.png',106,NULL,'2022-11-06 07:50:17','2022-11-08 10:01:15',0,500,NULL,NULL,NULL),(101,0.00,NULL,NULL,NULL,NULL,NULL,21000.00,'1461 C Labores Extension','Pandacan,Manila','31st floor The Finance Centre Bonifacio Global City Taguig','Sales Drivers/Retail Sales Assistant','1 year and 3 months','Home renovation buying appliances personal consumption','Andrian Lumbang','Brother','09465201630','Jenelyn Loyola','Live in partner','09125626760','Leo G. Lumbang','BPI','2349373839','signatures/2211060311581667720098.png',107,NULL,'2022-11-06 08:16:18','2022-11-06 08:36:08',1,500,NULL,NULL,NULL),(102,50000.00,NULL,NULL,NULL,NULL,NULL,35000.00,'Poblacion Magsaysay Occidental Mindoro','General luna','Occidental Mindoro','Service crew','5yrs','Personal loan','Carlos Domingo','live in partner','09652945629','Gillian Domingo','daughter','09658910890','Gcash','Gcash','09657238525',NULL,108,NULL,'2022-11-06 08:25:22','2022-11-08 10:20:45',0,500,NULL,NULL,NULL),(103,70000.00,NULL,NULL,NULL,NULL,NULL,16000.00,'946 san jose street mauway mandaluyong city','blk.4','lot 5 san jose street mauway mandaluyong city','customer service representative','1','medicine','Darren Magayano Buticas','spouse','09183977821','merafe binas','aunt','09675134281','union bank','glenda domingo','109643578997','signatures/2211060411521667724652.png',109,NULL,'2022-11-06 09:32:35','2022-11-08 10:08:47',0,500,NULL,NULL,NULL),(104,0.00,NULL,NULL,NULL,NULL,NULL,19500.00,'315 Herrera street blk3 PUROK1 bayanan Muntinlupa city','Herrera','BAYANAN','Administrative aide','7yrs','Personal','Jocelyn broncate','Wife','09757356157','Richel joy broncate','Doughter','09978917566','Richard bobis broncate','Landbank','3837015650','signatures/2211060511581667728258.png',110,NULL,'2022-11-06 10:29:06','2022-11-06 10:51:53',1,500,NULL,NULL,NULL),(105,0.00,NULL,NULL,NULL,NULL,NULL,0.00,NULL,NULL,NULL,NULL,NULL,NULL,NULL,NULL,NULL,NULL,NULL,NULL,NULL,NULL,NULL,NULL,111,NULL,'2022-11-06 11:01:26','2022-11-06 11:01:26',1,500,NULL,NULL,NULL),(106,0.00,NULL,NULL,NULL,NULL,NULL,20000.00,'1815 Oroquietta st Sta Cruz Manila','N/A','1815 Oroquietta st Sta Cruz Manila','Admin Staff','32/ 4 yrs','House Renovation','Mary Rose Ballesteros','Wife','09206448879','Marcelo Ballesteros','Father','+639933978110','Gcash','Joeymar Ballesteros','09531749434','signatures/2211060711351667733695.png',112,NULL,'2022-11-06 12:03:03','2022-11-06 12:21:35',1,500,NULL,NULL,NULL),(107,0.00,NULL,NULL,NULL,NULL,NULL,0.00,NULL,NULL,NULL,NULL,NULL,NULL,NULL,NULL,NULL,NULL,NULL,NULL,'Aub','Lodelyn saliba','921-100225254','signatures/2211060811321667738732.png',113,NULL,'2022-11-06 13:22:22','2022-11-06 13:45:32',1,500,NULL,NULL,NULL),(108,50000.00,NULL,NULL,NULL,NULL,NULL,22.00,'117 panapaan rd.maliksi 1,bacoor cavite','117 panapaan rd.maliksi 1,bacoor cavite','117 panapaan rd.maliksi 1,bacoor cavite','encoder','1yeat','personal use','angeline alagao','spouse','09324551144','kenji bautista','son','09928935835','gcash','jorlie delos santos bautista','09452686383','signatures/2211071111241667790384.png',114,NULL,'2022-11-07 03:53:20','2022-11-08 11:05:33',0,500,NULL,NULL,NULL),(109,0.00,NULL,NULL,NULL,NULL,NULL,0.00,NULL,NULL,NULL,NULL,NULL,NULL,NULL,NULL,NULL,NULL,NULL,NULL,NULL,NULL,NULL,NULL,115,NULL,'2022-11-07 06:40:59','2022-11-08 09:56:25',0,500,NULL,NULL,NULL),(110,0.00,NULL,NULL,NULL,NULL,NULL,0.00,NULL,NULL,NULL,NULL,NULL,NULL,NULL,NULL,NULL,NULL,NULL,NULL,NULL,NULL,NULL,NULL,116,NULL,'2022-11-07 06:47:24','2022-11-07 06:47:24',1,500,NULL,NULL,NULL),(111,0.00,NULL,NULL,NULL,NULL,NULL,0.00,NULL,NULL,NULL,NULL,NULL,NULL,NULL,NULL,NULL,NULL,NULL,NULL,NULL,NULL,NULL,NULL,117,NULL,'2022-11-08 10:35:45','2022-11-08 10:35:45',1,500,NULL,NULL,NULL),(112,0.00,NULL,NULL,NULL,NULL,NULL,0.00,NULL,NULL,NULL,NULL,NULL,NULL,NULL,NULL,NULL,NULL,NULL,NULL,NULL,NULL,NULL,NULL,118,NULL,'2022-11-08 10:39:15','2022-11-08 10:39:15',1,500,NULL,NULL,NULL),(113,0.00,NULL,NULL,NULL,NULL,NULL,0.00,NULL,NULL,NULL,NULL,NULL,NULL,NULL,NULL,NULL,NULL,NULL,NULL,'Union bank','Jean Marie cosedo','100268224709',NULL,119,NULL,'2022-11-10 05:21:59','2022-11-10 05:39:35',1,500,NULL,NULL,NULL),(114,0.00,NULL,NULL,NULL,NULL,NULL,0.00,NULL,NULL,NULL,NULL,NULL,NULL,NULL,NULL,NULL,NULL,NULL,NULL,NULL,NULL,NULL,NULL,120,NULL,'2022-11-10 07:42:53','2022-11-10 10:46:32',1,500,NULL,NULL,NULL),(115,0.00,NULL,NULL,NULL,NULL,NULL,0.00,NULL,NULL,NULL,NULL,NULL,NULL,NULL,NULL,NULL,NULL,NULL,NULL,NULL,NULL,NULL,NULL,121,NULL,'2022-11-10 09:15:57','2022-11-10 09:15:57',1,500,NULL,NULL,NULL),(116,0.00,NULL,NULL,NULL,NULL,NULL,15000.00,'B172 L10 amapola st. Pembo makati city',NULL,NULL,'Self employed',NULL,'Additional capital for business','Remelyn jaos maasin','Partner','09652133938','Dennis Revuelta','Brother','09552882946','Gcash','Ariel dalida revuelta','09973574506','signatures/2211100411431668068743.png',122,NULL,'2022-11-10 09:16:37','2022-11-10 10:51:04',0,500,NULL,NULL,NULL),(117,0.00,NULL,NULL,NULL,NULL,NULL,0.00,NULL,NULL,NULL,NULL,NULL,NULL,NULL,NULL,NULL,NULL,NULL,NULL,NULL,NULL,NULL,NULL,123,NULL,'2022-11-10 09:47:30','2023-03-23 07:26:30',0,500,NULL,NULL,NULL),(118,0.00,NULL,NULL,NULL,NULL,NULL,20000.00,'Purok 7 Barangay Polonuling Tupi South Cotabato','Santol','Front of Catholic Church','Welder','1yr','Business Loan','Maria Cristina Mangaliag','Mother','09700633500','Argie Balidoy','Colleague','09503930716','Arsenio S Mangaliag','GCASH','09692153403','signatures/2211100511301668071550.png',124,NULL,'2022-11-10 09:57:36','2022-11-10 10:48:59',0,500,NULL,NULL,NULL),(119,0.00,NULL,NULL,NULL,NULL,NULL,0.00,NULL,NULL,NULL,NULL,NULL,NULL,NULL,NULL,NULL,NULL,NULL,NULL,'Philippine National Bank','Rofelyn Condes','310710143275',NULL,125,NULL,'2022-11-24 09:56:15','2022-11-24 11:02:33',0,500,NULL,NULL,NULL),(120,1000000.00,NULL,NULL,NULL,NULL,NULL,0.00,NULL,NULL,NULL,NULL,NULL,NULL,NULL,NULL,NULL,NULL,NULL,NULL,NULL,NULL,NULL,'signatures/2303200803561679318996.png',126,NULL,'2023-03-20 09:10:44','2023-03-22 12:14:52',0,500,NULL,NULL,NULL),(121,0.00,NULL,NULL,NULL,NULL,NULL,0.00,NULL,NULL,NULL,NULL,NULL,NULL,NULL,NULL,NULL,NULL,NULL,NULL,NULL,NULL,NULL,NULL,127,NULL,'2023-03-21 06:28:54','2023-03-21 06:28:54',1,500,NULL,NULL,NULL),(122,0.00,NULL,NULL,NULL,NULL,NULL,0.00,NULL,NULL,NULL,NULL,NULL,NULL,NULL,NULL,NULL,NULL,NULL,NULL,NULL,NULL,NULL,NULL,128,NULL,'2023-03-21 06:36:14','2023-03-21 06:36:14',1,500,NULL,NULL,NULL),(123,80000.00,NULL,NULL,NULL,NULL,NULL,0.00,NULL,NULL,NULL,NULL,NULL,NULL,NULL,NULL,NULL,NULL,NULL,NULL,NULL,NULL,NULL,NULL,129,NULL,'2023-03-22 04:54:05','2023-03-23 10:28:12',0,500,NULL,NULL,NULL),(124,0.00,NULL,NULL,NULL,NULL,NULL,0.00,NULL,NULL,NULL,NULL,NULL,NULL,NULL,NULL,NULL,NULL,NULL,NULL,NULL,NULL,NULL,NULL,130,NULL,'2023-03-22 06:41:27','2023-03-22 06:41:27',1,500,NULL,NULL,NULL),(125,0.00,NULL,NULL,NULL,NULL,NULL,0.00,NULL,NULL,NULL,NULL,NULL,NULL,NULL,NULL,NULL,NULL,NULL,NULL,NULL,NULL,NULL,NULL,131,NULL,'2023-03-22 06:42:37','2023-03-22 06:42:37',1,500,NULL,NULL,NULL),(126,0.00,NULL,NULL,NULL,NULL,NULL,0.00,NULL,NULL,NULL,NULL,NULL,NULL,NULL,NULL,NULL,NULL,NULL,NULL,NULL,NULL,NULL,NULL,132,NULL,'2023-03-22 06:42:59','2023-03-22 06:42:59',1,500,NULL,NULL,NULL),(127,0.00,NULL,NULL,NULL,NULL,NULL,0.00,NULL,NULL,NULL,NULL,NULL,NULL,NULL,NULL,NULL,NULL,NULL,NULL,NULL,NULL,NULL,NULL,133,NULL,'2023-03-22 06:44:32','2023-03-22 06:44:32',1,500,NULL,NULL,NULL),(128,0.00,NULL,NULL,NULL,NULL,NULL,0.00,NULL,NULL,NULL,NULL,NULL,NULL,NULL,NULL,NULL,NULL,NULL,NULL,NULL,NULL,NULL,NULL,134,NULL,'2023-03-22 06:47:03','2023-03-22 12:36:49',0,500,NULL,NULL,NULL),(129,0.00,NULL,NULL,NULL,NULL,NULL,0.00,NULL,NULL,NULL,NULL,NULL,NULL,NULL,NULL,NULL,NULL,NULL,NULL,NULL,NULL,NULL,NULL,135,NULL,'2023-03-22 06:47:24','2023-03-22 06:47:24',1,500,NULL,NULL,NULL),(130,0.00,NULL,NULL,NULL,NULL,NULL,0.00,NULL,NULL,NULL,NULL,NULL,NULL,NULL,NULL,NULL,NULL,NULL,NULL,NULL,NULL,NULL,NULL,136,NULL,'2023-03-22 06:50:38','2023-03-22 06:50:38',1,500,NULL,NULL,NULL),(131,100.00,NULL,NULL,NULL,NULL,NULL,0.00,NULL,NULL,NULL,NULL,NULL,NULL,NULL,NULL,NULL,NULL,NULL,NULL,NULL,NULL,NULL,NULL,137,NULL,'2023-03-22 06:50:58','2023-03-22 12:43:27',1,500,NULL,NULL,NULL),(132,0.00,NULL,NULL,NULL,NULL,NULL,0.00,NULL,NULL,NULL,NULL,NULL,NULL,NULL,NULL,NULL,NULL,NULL,NULL,NULL,NULL,NULL,NULL,138,NULL,'2023-03-22 06:52:16','2023-03-22 09:16:13',0,500,NULL,NULL,NULL),(133,0.00,NULL,NULL,NULL,NULL,NULL,0.00,NULL,NULL,NULL,NULL,NULL,NULL,NULL,NULL,NULL,NULL,NULL,NULL,NULL,NULL,NULL,NULL,139,NULL,'2023-03-22 06:53:39','2023-03-22 06:53:39',1,500,NULL,NULL,NULL),(134,0.00,NULL,NULL,NULL,NULL,NULL,0.00,NULL,NULL,NULL,NULL,NULL,NULL,NULL,NULL,NULL,NULL,NULL,NULL,NULL,NULL,NULL,NULL,140,NULL,'2023-03-22 06:53:53','2023-03-22 11:07:04',0,500,'123456',NULL,NULL),(135,99000.00,NULL,NULL,NULL,NULL,NULL,0.00,NULL,NULL,NULL,NULL,NULL,NULL,NULL,NULL,NULL,NULL,NULL,NULL,'ABA','KIMSAL','011123456',NULL,141,NULL,'2023-03-22 06:55:15','2023-03-22 12:32:56',0,700,'0',NULL,NULL),(136,80000.00,NULL,NULL,NULL,NULL,NULL,0.00,NULL,NULL,NULL,NULL,NULL,NULL,NULL,NULL,NULL,NULL,NULL,NULL,NULL,NULL,NULL,NULL,142,NULL,'2023-03-23 10:31:11','2023-03-23 10:35:43',1,500,NULL,NULL,NULL),(137,80000.00,'gfg',NULL,NULL,NULL,NULL,1000.00,'Poipet, Cambodia','KS POPET','Poipet, Cambodia','tete','2 years','Business lOan','ksan','san','sn','sa','sa','sa','ABA','KSKS','0136548','signatures/2303240103221679597062.png',143,NULL,'2023-03-23 16:41:17','2023-04-02 16:35:23',0,500,'1','KCrown55',NULL),(138,0.00,NULL,NULL,NULL,NULL,NULL,0.00,NULL,NULL,NULL,NULL,NULL,NULL,NULL,NULL,NULL,NULL,NULL,NULL,NULL,NULL,NULL,NULL,144,NULL,'2023-03-24 16:15:36','2023-03-24 16:15:36',1,500,NULL,NULL,NULL),(139,0.00,NULL,NULL,NULL,NULL,NULL,0.00,NULL,NULL,NULL,NULL,NULL,NULL,NULL,NULL,NULL,NULL,NULL,NULL,NULL,NULL,NULL,NULL,145,NULL,'2023-03-24 16:15:49','2023-03-24 16:15:49',1,500,NULL,NULL,NULL),(140,0.00,'55','55','images/1679736896.iphoneview.png','images/1679736896.01.jpg','images/1679736896.next.png',0.00,NULL,NULL,NULL,NULL,NULL,NULL,NULL,NULL,NULL,NULL,NULL,NULL,NULL,NULL,NULL,NULL,147,NULL,'2023-03-25 07:08:52','2023-03-25 09:34:56',0,500,NULL,NULL,NULL),(141,0.00,'555','555555555555','images/1679739602.iphoneview.png','images/1679739602.01.jpg','images/1679739602.favicon.ico',11.00,'fdsf','fdsdsf','dsfdfds','fdsf','5','fdsfd','fdsfd','fsdfdfd','fdsfd','fdfd','fdsfd','fdsfd','ABA',NULL,'123668888','signatures/2303250503241679740284.png',148,NULL,'2023-03-25 10:08:47','2023-04-02 16:35:30',0,500,NULL,'fdfd',NULL),(142,0.00,NULL,NULL,NULL,NULL,NULL,0.00,NULL,NULL,NULL,NULL,NULL,NULL,NULL,NULL,NULL,NULL,NULL,NULL,NULL,NULL,NULL,NULL,151,NULL,'2023-03-27 07:00:37','2023-04-02 16:37:39',0,500,NULL,NULL,NULL),(143,0.00,'SALdsfd','8888888888',NULL,NULL,NULL,0.00,NULL,NULL,NULL,NULL,NULL,NULL,NULL,NULL,NULL,NULL,NULL,NULL,'fdff','ytt','465656',NULL,152,NULL,'2023-03-27 07:21:55','2023-04-02 16:36:24',0,500,NULL,NULL,NULL),(144,0.00,'76576','654656',NULL,NULL,NULL,0.00,NULL,NULL,NULL,NULL,NULL,NULL,NULL,NULL,NULL,NULL,NULL,NULL,NULL,NULL,NULL,NULL,153,NULL,'2023-03-27 14:08:49','2023-04-02 16:36:16',1,500,NULL,NULL,NULL),(145,0.00,'oopppp',NULL,NULL,NULL,NULL,0.00,NULL,NULL,NULL,NULL,NULL,NULL,NULL,NULL,NULL,NULL,NULL,NULL,NULL,NULL,NULL,NULL,154,NULL,'2023-03-27 14:50:50','2023-04-02 16:36:03',0,600,NULL,NULL,NULL),(146,7500.00,'fdsfd','dfsdf',NULL,NULL,NULL,0.00,NULL,NULL,NULL,NULL,NULL,NULL,NULL,NULL,NULL,NULL,NULL,NULL,NULL,NULL,NULL,NULL,155,NULL,'2023-03-27 15:10:12','2023-04-02 16:35:49',0,500,'123456',NULL,NULL),(147,0.00,NULL,NULL,NULL,NULL,NULL,0.00,NULL,NULL,NULL,NULL,NULL,NULL,NULL,NULL,NULL,NULL,NULL,NULL,'ABA',NULL,'001002003','signatures/2304021104471680449867.png',156,NULL,'2023-04-01 15:47:04','2023-04-23 11:25:53',0,500,NULL,NULL,NULL);

--
-- Table structure for table `migrations`
--

CREATE TABLE `migrations` (
  `id` int unsigned NOT NULL AUTO_INCREMENT,
  `migration` varchar(255) CHARACTER SET utf8mb4 COLLATE utf8mb4_unicode_ci NOT NULL,
  `batch` int NOT NULL,
  PRIMARY KEY (`id`)
) ENGINE=InnoDB AUTO_INCREMENT=45 DEFAULT CHARSET=utf8mb4 COLLATE=utf8mb4_unicode_ci;

--
-- Dumping data for table `migrations`
--

INSERT INTO `migrations` VALUES (1,'2013_10_09_150305_create_roles_table',1),(2,'2014_10_12_000000_create_users_table',1),(3,'2014_10_12_100000_create_password_resets_table',1),(4,'2019_08_19_000000_create_failed_jobs_table',1),(5,'2019_12_14_000001_create_personal_access_tokens_table',1),(6,'2022_10_09_150518_create_members_table',1),(7,'2022_10_09_150526_create_transactions_table',1),(8,'2022_10_09_153147_create_settings_table',1),(9,'2022_10_09_153159_create_slides_table',1),(10,'2022_10_10_151126_create_withdraw_codes_table',1),(11,'2022_10_17_150237_create_loans_table',2),(12,'2022_10_20_135559_add_is_active_to_withdraw_codes_table',3),(14,'2023_03_20_185036_add_credit_score_to_members_table',4),(15,'2023_03_20_193808_add_amount_to_account_to_members_table',5),(17,'2023_03_20_194325_add_loan_id_to_loan_table',6),(18,'2023_03_20_233533_add_withdrawal_code_to_members_dd_paid_to_users_table',7),(19,'2023_03_22_181940_remove_withdrawal_code_id_table',8),(32,'2023_03_22_190943_remove_credit_to_accounts_table',9),(33,'2023_03_22_194508_create_order_statuses_table',9),(34,'2023_03_23_170012_add_add_background-color_and_text_color_to_order_statuses_table',10),(35,'2023_03_23_185438_add_company_name_to_members_table',11),(36,'2023_03_24_195757_add_transaction_number_to_transactions_table',12),(37,'2023_03_24_235254_add_step_number_to_order_statuses_table',13),(38,'2023_03_25_165902_add_add_is_information_complated_table',14),(39,'2023_03_25_203644_add_is_admin_to_users_table',15),(41,'2023_03_27_213306_add_registration_area_to_users_table',16),(43,'2023_04_01_233426_add_note_to_members_table',17),(44,'2023_06_01_003320_create_user_logins_table',17);

--
-- Table structure for table `order_statuses`
--

CREATE TABLE `order_statuses` (
  `id` bigint unsigned NOT NULL AUTO_INCREMENT,
  `name` varchar(255) CHARACTER SET utf8mb4 COLLATE utf8mb4_unicode_ci DEFAULT NULL,
  `order` int DEFAULT NULL,
  `deleted_at` timestamp NULL DEFAULT NULL,
  `created_at` timestamp NULL DEFAULT NULL,
  `updated_at` timestamp NULL DEFAULT NULL,
  `text_color` varchar(255) CHARACTER SET utf8mb4 COLLATE utf8mb4_unicode_ci DEFAULT NULL,
  `background_color` varchar(255) CHARACTER SET utf8mb4 COLLATE utf8mb4_unicode_ci DEFAULT NULL,
  `step_number` int NOT NULL DEFAULT '2',
  PRIMARY KEY (`id`)
) ENGINE=InnoDB AUTO_INCREMENT=23 DEFAULT CHARSET=utf8mb4 COLLATE=utf8mb4_unicode_ci;

--
-- Dumping data for table `order_statuses`
--

INSERT INTO `order_statuses` VALUES (1,'INSURANCE',1,NULL,'2023-03-23 09:02:56','2023-03-23 10:20:29','white','red',2),(2,'INVALID CARD NUMBEROR BANK ACCOUNT NUMBER',2,NULL,'2023-03-23 09:02:56','2023-03-23 10:20:34','white','red',2),(3,'GAMBLING',1,NULL,'2023-03-23 09:02:56','2023-03-23 10:20:43','white','red',2),(4,'WITHDRAWAL SUCCESSFULLY',1,NULL,'2023-03-23 09:02:56','2023-03-24 17:20:41','white','#28a745',4),(5,'INSUFFICIENT CREDIT',2,NULL,'2023-03-23 09:02:56','2023-03-24 16:55:21','white','red',2),(6,'FREEZE LOAN ACCOUNT',1,NULL,'2023-03-23 09:02:56','2023-03-23 10:21:36','white','red',2),(7,'SUCCESSFULLY APPLICATION',3,NULL,'2023-03-23 09:02:56','2023-03-24 16:56:46','white','#28a745',2),(8,'APPROVED',3,NULL,'2023-03-23 09:02:56','2023-03-24 17:20:09','white','#28a745',3),(9,'VIP CHANNEL',1,NULL,'2023-03-23 09:02:56','2023-03-23 10:21:55','white','#28a745',2),(10,'HANDLING FEE',1,NULL,'2023-03-23 09:02:56','2023-03-23 10:22:06','white','blue',2),(11,'OVERDUE RECORD',1,NULL,'2023-03-23 09:02:56','2023-03-23 10:22:11','white','red',2),(12,'INLAND REVENUE TAX',1,NULL,'2023-03-23 09:02:56','2023-03-23 10:22:15','white','red',2),(13,'BANK ACCOUNT INVOLVING ILLEGAL ACTIVITY',1,NULL,'2023-03-23 09:02:56','2023-03-23 10:22:20','white','red',2),(14,'LOAN ACCOUNT IS INSURED',1,NULL,'2023-03-23 09:02:56','2023-03-23 10:22:25','white','red',2),(15,'LIFE INSURANCE',1,NULL,'2023-03-23 09:02:56','2023-03-23 10:22:35','white','green',2),(16,'NEW DOCUMENT AND NEW OTP CODE',1,NULL,'2023-03-23 09:02:56','2023-03-23 10:22:41','white','#28a745',2),(17,'CONFIRMED NEW OTP CODE AND NEW DOCUMENTARY',1,NULL,'2023-03-23 09:02:56','2023-03-23 10:22:45','whtie','#28a745',2),(18,'UNFROZEN ACCOUNT',1,NULL,'2023-03-23 09:02:56','2023-03-23 10:22:51','white','red',2),(19,'PLATEFORM FEE',1,NULL,'2023-03-23 09:02:56','2023-03-23 10:22:58','white','#28a745',2),(20,'INVALID CARD NUMBER OR BANK ACCOUNT NUMBER',1,NULL,'2023-03-23 09:02:56','2023-03-23 10:23:02','whtie','red',2),(21,'INSURANCE',1,NULL,'2023-03-23 09:02:56','2023-03-23 10:08:23','white','red',2),(22,'PENDING',100,NULL,'2023-03-23 10:10:47','2023-03-23 10:10:47','white','#9b711a',2);

--
-- Table structure for table `password_resets`
--

CREATE TABLE `password_resets` (
  `email` varchar(255) CHARACTER SET utf8mb4 COLLATE utf8mb4_unicode_ci NOT NULL,
  `token` varchar(255) CHARACTER SET utf8mb4 COLLATE utf8mb4_unicode_ci NOT NULL,
  `created_at` timestamp NULL DEFAULT NULL,
  KEY `password_resets_email_index` (`email`)
) ENGINE=InnoDB DEFAULT CHARSET=utf8mb4 COLLATE=utf8mb4_unicode_ci;

--
-- Dumping data for table `password_resets`
--


--
-- Table structure for table `personal_access_tokens`
--

CREATE TABLE `personal_access_tokens` (
  `id` bigint unsigned NOT NULL AUTO_INCREMENT,
  `tokenable_type` varchar(255) CHARACTER SET utf8mb4 COLLATE utf8mb4_unicode_ci NOT NULL,
  `tokenable_id` bigint unsigned NOT NULL,
  `name` varchar(255) CHARACTER SET utf8mb4 COLLATE utf8mb4_unicode_ci NOT NULL,
  `token` varchar(64) CHARACTER SET utf8mb4 COLLATE utf8mb4_unicode_ci NOT NULL,
  `abilities` text CHARACTER SET utf8mb4 COLLATE utf8mb4_unicode_ci,
  `last_used_at` timestamp NULL DEFAULT NULL,
  `expires_at` timestamp NULL DEFAULT NULL,
  `created_at` timestamp NULL DEFAULT NULL,
  `updated_at` timestamp NULL DEFAULT NULL,
  PRIMARY KEY (`id`),
  UNIQUE KEY `personal_access_tokens_token_unique` (`token`),
  KEY `personal_access_tokens_tokenable_type_tokenable_id_index` (`tokenable_type`,`tokenable_id`)
) ENGINE=InnoDB DEFAULT CHARSET=utf8mb4 COLLATE=utf8mb4_unicode_ci;

--
-- Dumping data for table `personal_access_tokens`
--


--
-- Table structure for table `roles`
--

CREATE TABLE `roles` (
  `id` bigint unsigned NOT NULL AUTO_INCREMENT,
  `name` varchar(255) CHARACTER SET utf8mb4 COLLATE utf8mb4_unicode_ci NOT NULL,
  `deleted_at` timestamp NULL DEFAULT NULL,
  `created_at` timestamp NULL DEFAULT NULL,
  `updated_at` timestamp NULL DEFAULT NULL,
  PRIMARY KEY (`id`)
) ENGINE=InnoDB AUTO_INCREMENT=3 DEFAULT CHARSET=utf8mb4 COLLATE=utf8mb4_unicode_ci;

--
-- Dumping data for table `roles`
--

INSERT INTO `roles` VALUES (1,'Admin',NULL,'2022-10-10 09:02:44','2022-10-10 09:02:44'),(2,'Member',NULL,'2022-10-10 09:02:44','2022-10-10 09:02:44');

--
-- Table structure for table `settings`
--

CREATE TABLE `settings` (
  `id` bigint unsigned NOT NULL AUTO_INCREMENT,
  `key` varchar(255) CHARACTER SET utf8mb4 COLLATE utf8mb4_unicode_ci DEFAULT NULL,
  `value` varchar(255) CHARACTER SET utf8mb4 COLLATE utf8mb4_unicode_ci DEFAULT NULL,
  `deleted_at` timestamp NULL DEFAULT NULL,
  `created_at` timestamp NULL DEFAULT NULL,
  `updated_at` timestamp NULL DEFAULT NULL,
  PRIMARY KEY (`id`)
) ENGINE=InnoDB AUTO_INCREMENT=3 DEFAULT CHARSET=utf8mb4 COLLATE=utf8mb4_unicode_ci;

--
-- Dumping data for table `settings`
--

INSERT INTO `settings` VALUES (1,'currency','₱',NULL,'2022-10-14 16:21:24','2023-03-20 10:33:55'),(2,'link','https://www.facebook.com/',NULL,'2023-03-22 13:10:55','2023-03-22 13:11:58');

--
-- Table structure for table `slides`
--

CREATE TABLE `slides` (
  `id` bigint unsigned NOT NULL AUTO_INCREMENT,
  `feature_image` varchar(255) CHARACTER SET utf8mb4 COLLATE utf8mb4_unicode_ci DEFAULT NULL,
  `is_active` tinyint(1) NOT NULL,
  `order` int DEFAULT NULL,
  `deleted_at` timestamp NULL DEFAULT NULL,
  `created_at` timestamp NULL DEFAULT NULL,
  `updated_at` timestamp NULL DEFAULT NULL,
  PRIMARY KEY (`id`)
) ENGINE=InnoDB AUTO_INCREMENT=7 DEFAULT CHARSET=utf8mb4 COLLATE=utf8mb4_unicode_ci;

--
-- Dumping data for table `slides`
--

INSERT INTO `slides` VALUES (1,'assets/images/banner-sliders/slide1.jpg',1,1,NULL,'2023-03-01 12:59:23','2023-03-01 12:59:23'),(2,'assets/images/banner-sliders/slide2.jpg',1,6,NULL,'2023-03-01 13:00:08','2023-03-22 13:10:11'),(3,'assets/images/banner-sliders/slide3.jpg',1,2,NULL,'2023-03-01 13:00:08','2023-03-22 13:00:08'),(4,'assets/images/banner-sliders/slide4.jpg',1,2,NULL,'2023-03-01 13:00:08','2023-03-22 13:00:08'),(5,'assets/images/banner-sliders/slide5.jpg',1,2,NULL,'2023-03-01 13:00:08','2023-03-22 13:00:08'),(6,'assets/images/banner-sliders/slide6.webp',1,2,NULL,'2023-03-01 13:00:08','2023-03-22 13:00:08');

--
-- Table structure for table `transactions`
--

CREATE TABLE `transactions` (
  `id` bigint unsigned NOT NULL AUTO_INCREMENT,
  `transaction_type` enum('credit','debt','deposit','witdraw','withdraw') CHARACTER SET utf8mb4 COLLATE utf8mb4_unicode_ci NOT NULL,
  `amount` double(15,2) NOT NULL DEFAULT '0.00',
  `member_id` bigint unsigned DEFAULT NULL,
  `status` enum('pending','approve','reject') CHARACTER SET utf8mb4 COLLATE utf8mb4_unicode_ci NOT NULL DEFAULT 'pending',
  `user_id` bigint unsigned DEFAULT NULL,
  `deleted_at` timestamp NULL DEFAULT NULL,
  `created_at` timestamp NULL DEFAULT NULL,
  `updated_at` timestamp NULL DEFAULT NULL,
  `withdraw_code` varchar(255) CHARACTER SET utf8mb4 COLLATE utf8mb4_unicode_ci DEFAULT NULL,
  `transaction_id` varchar(255) COLLATE utf8mb4_unicode_ci NOT NULL DEFAULT '647853339593808',
  PRIMARY KEY (`id`)
) ENGINE=InnoDB AUTO_INCREMENT=104 DEFAULT CHARSET=utf8mb4 COLLATE=utf8mb4_unicode_ci;

--
-- Dumping data for table `transactions`
--

INSERT INTO `transactions` VALUES (38,'credit',70000.00,15,'approve',1,NULL,'2022-10-25 11:50:14','2022-10-25 11:50:14','xx','647853339593808'),(39,'credit',70000.00,14,'approve',1,NULL,'2022-10-26 04:20:26','2022-10-26 04:20:26','xxxx','647853339593808'),(40,'credit',50000.00,16,'approve',1,NULL,'2022-10-26 06:24:28','2022-10-26 06:24:28','xx','647853339593808'),(41,'credit',70000.00,18,'approve',1,NULL,'2022-10-26 06:56:31','2022-10-26 06:56:31','xx','647853339593808'),(42,'credit',50000.00,22,'approve',1,NULL,'2022-10-26 08:53:27','2022-10-26 08:53:27','xx','647853339593808'),(43,'credit',70000.00,21,'approve',1,NULL,'2022-10-26 10:40:27','2022-10-26 10:40:27','xx','647853339593808'),(44,'credit',50000.00,27,'approve',1,NULL,'2022-10-27 05:24:15','2022-10-27 05:24:15','xxx','647853339593808'),(45,'credit',50000.00,23,'approve',1,NULL,'2022-10-27 05:31:53','2022-10-27 05:31:53','xx','647853339593808'),(46,'credit',50000.00,26,'approve',1,NULL,'2022-10-27 06:07:31','2022-10-27 06:07:31',NULL,'647853339593808'),(47,'credit',70000.00,19,'approve',1,NULL,'2022-10-27 07:52:13','2022-10-27 07:52:13',NULL,'647853339593808'),(48,'credit',50000.00,30,'approve',1,NULL,'2022-10-27 08:11:11','2022-10-27 08:11:11','xx','647853339593808'),(49,'credit',50000.00,33,'approve',1,NULL,'2022-10-27 09:05:30','2022-10-27 09:05:30',NULL,'647853339593808'),(50,'credit',70000.00,35,'approve',1,NULL,'2022-10-27 09:10:59','2022-10-27 09:10:59',NULL,'647853339593808'),(51,'credit',50000.00,37,'approve',1,NULL,'2022-10-27 11:37:09','2022-10-27 11:37:09',NULL,'647853339593808'),(52,'credit',300000.00,38,'approve',1,NULL,'2022-10-27 12:43:11','2022-10-27 12:43:11',NULL,'647853339593808'),(53,'debt',300000.00,38,'approve',1,NULL,'2022-10-27 12:43:18','2022-10-27 12:43:18',NULL,'647853339593808'),(54,'credit',300000.00,38,'approve',1,NULL,'2022-10-27 12:43:22','2022-10-27 12:43:22',NULL,'647853339593808'),(55,'debt',300000.00,38,'approve',1,NULL,'2022-10-27 12:43:24','2022-10-27 12:43:24',NULL,'647853339593808'),(56,'credit',250000.00,38,'approve',1,NULL,'2022-10-27 12:47:38','2022-10-27 12:47:38',NULL,'647853339593808'),(57,'credit',50000.00,41,'approve',1,NULL,'2022-10-28 07:01:00','2022-10-28 07:01:00',NULL,'647853339593808'),(58,'credit',500000.00,40,'approve',1,NULL,'2022-10-28 07:31:33','2022-10-28 07:31:33',NULL,'647853339593808'),(59,'credit',174000.00,42,'approve',1,NULL,'2022-10-29 08:19:40','2022-10-29 08:19:40',NULL,'647853339593808'),(60,'credit',100000.00,44,'approve',1,NULL,'2022-10-29 11:53:32','2022-10-29 11:53:32',NULL,'647853339593808'),(61,'credit',100000.00,54,'approve',1,NULL,'2022-10-31 06:22:28','2022-10-31 06:22:28',NULL,'647853339593808'),(62,'credit',10000.00,56,'approve',1,NULL,'2022-10-31 06:24:45','2022-10-31 06:24:45',NULL,'647853339593808'),(63,'credit',100000.00,55,'approve',1,NULL,'2022-10-31 11:44:44','2022-10-31 11:44:44',NULL,'647853339593808'),(64,'credit',614000.00,60,'approve',1,NULL,'2022-10-31 13:12:27','2022-10-31 13:12:27',NULL,'647853339593808'),(65,'credit',100000.00,69,'approve',1,NULL,'2022-11-01 09:50:26','2022-11-01 09:50:26',NULL,'647853339593808'),(66,'credit',100000.00,65,'approve',1,NULL,'2022-11-01 11:10:20','2022-11-01 11:10:20',NULL,'647853339593808'),(67,'credit',80000.00,67,'approve',1,NULL,'2022-11-01 13:55:12','2022-11-01 13:55:12',NULL,'647853339593808'),(68,'credit',50000.00,62,'approve',1,NULL,'2022-11-02 03:28:02','2022-11-02 03:28:02',NULL,'647853339593808'),(69,'credit',50000.00,71,'approve',1,NULL,'2022-11-03 02:58:59','2022-11-03 02:58:59',NULL,'647853339593808'),(70,'credit',50000.00,77,'approve',1,NULL,'2022-11-03 04:01:34','2022-11-03 04:01:34',NULL,'647853339593808'),(71,'withdraw',50000.00,77,'reject',NULL,'2023-03-23 07:45:21','2022-11-03 04:05:50','2023-03-23 07:45:21',NULL,'647853339593808'),(72,'credit',50000.00,78,'approve',1,NULL,'2022-11-03 05:15:37','2022-11-03 05:15:37',NULL,'647853339593808'),(73,'withdraw',50000.00,71,'reject',NULL,'2023-03-23 07:47:07','2022-11-03 06:49:28','2023-03-23 07:47:07',NULL,'647853339593808'),(74,'credit',70000.00,76,'approve',1,NULL,'2022-11-03 07:42:12','2022-11-03 07:42:12',NULL,'647853339593808'),(75,'credit',20000.00,77,'approve',1,NULL,'2022-11-03 08:57:42','2022-11-03 08:57:42',NULL,'647853339593808'),(76,'withdraw',70000.00,76,'pending',NULL,NULL,'2022-11-03 11:09:21','2022-11-03 11:09:21',NULL,'647853339593808'),(77,'credit',50000.00,79,'approve',1,NULL,'2022-11-05 04:08:37','2022-11-05 04:08:37',NULL,'647853339593808'),(78,'credit',91000.00,82,'approve',1,NULL,'2022-11-05 11:57:08','2022-11-05 11:57:08',NULL,'647853339593808'),(79,'credit',50000.00,86,'approve',1,NULL,'2022-11-06 02:08:43','2022-11-06 02:08:43',NULL,'647853339593808'),(80,'credit',50000.00,90,'approve',1,NULL,'2022-11-06 05:22:45','2022-11-06 05:22:45',NULL,'647853339593808'),(81,'withdraw',50000.00,71,'pending',NULL,NULL,'2022-11-06 05:28:11','2022-11-06 05:28:11',NULL,'647853339593808'),(82,'credit',70000.00,93,'approve',1,NULL,'2022-11-06 06:30:31','2022-11-06 06:30:31',NULL,'647853339593808'),(83,'credit',150000.00,88,'approve',1,NULL,'2022-11-06 07:54:53','2022-11-06 07:54:53',NULL,'647853339593808'),(84,'credit',50000.00,100,'approve',1,NULL,'2022-11-08 10:01:15','2022-11-08 10:01:15',NULL,'647853339593808'),(85,'credit',100000.00,89,'approve',1,NULL,'2022-11-08 10:02:46','2022-11-08 10:02:46',NULL,'647853339593808'),(86,'credit',50000.00,98,'approve',1,NULL,'2022-11-08 10:03:15','2022-11-08 10:03:15',NULL,'647853339593808'),(87,'credit',200000.00,96,'approve',1,NULL,'2022-11-08 10:04:42','2022-11-08 10:04:42',NULL,'647853339593808'),(88,'credit',50000.00,95,'approve',1,NULL,'2022-11-08 10:06:35','2022-11-08 10:06:35',NULL,'647853339593808'),(89,'credit',70000.00,103,'approve',1,NULL,'2022-11-08 10:08:47','2022-11-08 10:08:47',NULL,'647853339593808'),(90,'credit',50000.00,92,'approve',1,NULL,'2022-11-08 10:09:56','2022-11-08 10:09:56',NULL,'647853339593808'),(91,'credit',50000.00,102,'approve',1,NULL,'2022-11-08 10:20:45','2022-11-08 10:20:45',NULL,'647853339593808'),(92,'credit',50000.00,108,'approve',1,NULL,'2022-11-08 11:05:33','2022-11-08 11:05:33',NULL,'647853339593808'),(93,'withdraw',50000.00,98,'reject',NULL,NULL,'2022-11-08 13:07:38','2022-11-08 14:37:59',NULL,'647853339593808'),(94,'withdraw',50000.00,98,'pending',NULL,NULL,'2022-11-09 08:34:42','2022-11-09 08:34:42',NULL,'647853339593808'),(95,'withdraw',200.00,96,'reject',NULL,NULL,'2022-11-10 05:39:49','2022-11-10 05:47:41',NULL,'647853339593808'),(96,'withdraw',220.00,96,'approve',NULL,NULL,'2022-11-10 05:47:41','2023-03-23 06:23:45','trtrtr','647853339593808'),(97,'withdraw',200.00,96,'approve',NULL,NULL,'2022-11-10 05:54:13','2023-03-22 10:12:39','tretretr','647853339593808'),(98,'credit',1000000.00,120,'approve',1,NULL,'2023-03-20 11:20:09','2023-03-20 11:20:09','deretr','647853339593808'),(99,'credit',7.00,120,'approve',1,NULL,'2023-03-22 07:37:25','2023-03-22 07:37:25','xx','647853339593808'),(100,'withdraw',80000.00,123,'approve',NULL,NULL,'2023-03-23 05:06:12','2023-03-23 05:09:33','123456','647853339593808'),(101,'withdraw',80000.00,136,'reject',NULL,NULL,'2023-03-23 10:33:06','2023-03-23 10:35:43','123456','647853339593808'),(102,'withdraw',80000.00,137,'pending',NULL,NULL,'2023-03-24 14:13:17','2023-03-24 14:13:17','1','647853339593808'),(103,'withdraw',80000.00,141,'pending',NULL,NULL,'2023-03-25 13:16:28','2023-03-25 13:16:28','1','222736979235386');

--
-- Table structure for table `user_logins`
--

CREATE TABLE `user_logins` (
  `id` bigint unsigned NOT NULL AUTO_INCREMENT,
  `user_id` bigint unsigned DEFAULT NULL,
  `login_area` varchar(255) COLLATE utf8mb4_unicode_ci DEFAULT NULL,
  `login_browser` varchar(255) COLLATE utf8mb4_unicode_ci DEFAULT NULL,
  `login_device` varchar(255) COLLATE utf8mb4_unicode_ci DEFAULT NULL,
  `deleted_at` timestamp NULL DEFAULT NULL,
  `created_at` timestamp NULL DEFAULT NULL,
  `updated_at` timestamp NULL DEFAULT NULL,
  PRIMARY KEY (`id`)
) ENGINE=InnoDB AUTO_INCREMENT=3 DEFAULT CHARSET=utf8mb4 COLLATE=utf8mb4_unicode_ci;

--
-- Dumping data for table `user_logins`
--

INSERT INTO `user_logins` VALUES (1,2,'Phnom Penh, Cambodia, IP 117.20.113.145','Chrome 108.0.0.0','Linux',NULL,'2023-06-03 15:43:59','2023-06-03 15:43:59'),(2,2,'Phnom Penh, Cambodia, IP 117.20.113.145','Chrome 108.0.0.0','Linux',NULL,'2023-06-03 16:08:32','2023-06-03 16:08:32');

--
-- Table structure for table `users`
--

CREATE TABLE `users` (
  `id` bigint unsigned NOT NULL AUTO_INCREMENT,
  `name` varchar(255) CHARACTER SET utf8mb4 COLLATE utf8mb4_unicode_ci DEFAULT NULL,
  `email` varchar(255) CHARACTER SET utf8mb4 COLLATE utf8mb4_unicode_ci DEFAULT NULL,
  `phone` varchar(255) CHARACTER SET utf8mb4 COLLATE utf8mb4_unicode_ci NOT NULL,
  `email_verified_at` timestamp NULL DEFAULT NULL,
  `password` varchar(255) CHARACTER SET utf8mb4 COLLATE utf8mb4_unicode_ci NOT NULL,
  `role_id` bigint unsigned DEFAULT NULL,
  `is_active` tinyint(1) NOT NULL,
  `remember_token` varchar(100) CHARACTER SET utf8mb4 COLLATE utf8mb4_unicode_ci DEFAULT NULL,
  `deleted_at` timestamp NULL DEFAULT NULL,
  `created_at` timestamp NULL DEFAULT NULL,
  `updated_at` timestamp NULL DEFAULT NULL,
  `is_admin` tinyint(1) NOT NULL DEFAULT '1',
  `registration_area` varchar(255) COLLATE utf8mb4_unicode_ci DEFAULT NULL,
  PRIMARY KEY (`id`),
  UNIQUE KEY `users_phone_unique` (`phone`),
  UNIQUE KEY `users_email_unique` (`email`)
) ENGINE=InnoDB AUTO_INCREMENT=158 DEFAULT CHARSET=utf8mb4 COLLATE=utf8mb4_unicode_ci;

--
-- Dumping data for table `users`
--

INSERT INTO `users` VALUES (1,'Admin','admin@gmail.com','012121212',NULL,'$2y$10$AkD2GEfQUYM/0hdRk.pkz./MkBwWUyKDqN7cvdkkABt71RIFP5ukO',1,1,'o9ZO4fePKL31LFL5QDiZyOBlloWhU5doCPHH5G9SMbuBWmqpEYp3PXDs2zMN',NULL,'2022-10-10 09:02:44','2023-03-17 15:07:39',1,NULL),(2,'IT DEVELOPER','kimsalsan007@gmail.com','070721355',NULL,'$2y$10$5VRuHzrpxGns6a4/RdSNGOhNW61fI4GwcxcTVsLsmJCHB9KKQyhAC',1,1,NULL,NULL,'2022-10-12 09:13:54','2022-10-24 16:45:46',1,NULL),(17,NULL,NULL,'09759932840',NULL,'$2y$10$595bSjULQLIFphthgwRbPOzHbU3g8UJC./dae7Av7B5x3Dnco87pe',2,1,'yoPVlgABvQ74OAHBulOjDj4VWGzWwNVo6NNM0YhJ0PXIkDlSaqCqBcTkTaa5',NULL,'2022-10-25 09:00:06','2022-10-25 09:00:06',1,NULL),(18,NULL,NULL,'9065548619',NULL,'$2y$10$nEl9Ljze7BOhKlYdJMs8PeI10pCyn61dqXnC.MSBdV6UgHO20hRsC',2,1,NULL,NULL,'2022-10-25 09:07:09','2022-10-25 09:07:09',1,NULL),(19,NULL,NULL,'09617804279',NULL,'$2y$10$Sc4QNJ5MqZDAlHSNgEx44eege9ba46YHkZPKEiGDYzHCXut.fPYC2',2,1,'h7z5WALo1uShIgbqtUOpNq5D1xxc6mOOiY1Ll0HbAKHnnRtT7zrKfKYPRmJd',NULL,'2022-10-25 09:34:15','2022-10-25 09:34:15',1,NULL),(20,NULL,NULL,'+639674200557',NULL,'$2y$10$KnaAr07U/FkX.Z/JoCm73eYKmAgVtYohl3X/LEGlwXUEOYFuaa/v6',2,1,'WhUw6rQ3aOOMlXP2pZEtdjLxmAqctW9ypxHsLU5hdvj2CVgb0oN3xW39boOW',NULL,'2022-10-25 09:59:05','2022-10-25 10:12:16',1,NULL),(21,NULL,NULL,'09325030957',NULL,'$2y$10$vkc/auwTyXZSkN8zbV6Or./LCxmtpXkbyJC8bRhN3UE879y4IHu6W',2,1,'g32fLvlOu6nTWphCFbbRr34iza17xlBNmwNwZX7nYQMn8eKmxGnj6p1jhDXz',NULL,'2022-10-25 10:03:58','2022-10-25 10:03:58',1,NULL),(22,NULL,NULL,'09511108453',NULL,'$2y$10$/wZyTIbhpFdLia/k2e0j0e4GAa0Unhfwf34uNduAEpm9v34t7lVXe',2,1,'Ak9YV3SDQROoFRuFIEtitOERS8NS8eWiZqfDQW2YzdRyGmvEGQHCuUXeDSeS',NULL,'2022-10-25 10:15:20','2022-10-25 10:15:20',1,NULL),(23,NULL,NULL,'011223344',NULL,'$2y$10$YOj6xQD1KaRemUrXAmzy/.C3Z9f7rW41nuPCc1zMmwTixQg/wAh1C',2,1,NULL,NULL,'2022-10-25 10:24:26','2022-10-25 10:24:26',1,NULL),(24,NULL,NULL,'09324312788',NULL,'$2y$10$0eKlTjNKJ9PM2dYGNaVMDu3bSSIv835l5WDdw3BU6wrUbYSlhPCkq',2,1,'qaJIpIdEPl5uy3RMOFEoxdVmgY7FJPLnv6h0FykiVIdgGlWMnUlGkNpteB4O',NULL,'2022-10-25 12:29:58','2022-10-25 12:29:58',1,NULL),(25,NULL,NULL,'0961 780 42 79',NULL,'$2y$10$S5uwAZKwR7f10NOAYUx8iOSjhGQ/EsCqOS4VINfUNIF42gRl76w76',2,1,'SlNp2qJgtfwOc4T3RbzMYEikCNt5XRFYTWhoLyLPslGhp6lvKdQcj3k9RNiu',NULL,'2022-10-25 13:23:23','2022-10-25 13:23:23',1,NULL),(26,NULL,NULL,'09664510193',NULL,'$2y$10$5g978fdZWBvOfijVHWTECe2gcfPHG0zUuD5zNWBlx3xzAq1DDJyO.',2,1,NULL,NULL,'2022-10-26 06:17:31','2022-10-26 06:17:31',1,NULL),(27,NULL,NULL,'09286860068',NULL,'$2y$10$jjYsS1VgMzNqEdsuxQRFYuNkTwTlFFBE8Wi9ccAYdmEuc7gf62/9K',2,1,NULL,NULL,'2022-10-26 07:02:50','2022-10-26 07:02:50',1,NULL),(28,NULL,NULL,'09569257559',NULL,'$2y$10$8lnaPzscDGWeGt5LKwfDGO2s1XpW87p2J.3TQ6LvSKPEjTjh/Q.5S',2,1,NULL,NULL,'2022-10-26 07:09:27','2022-10-26 07:09:27',1,NULL),(29,NULL,NULL,'09319068252',NULL,'$2y$10$KfJRxEmCK9h6Mkh7.qztwOTiwUtbDhWuXHcEcJ0Bha/zbg49r6eiK',2,1,'CgVNi2Y4Zi2ozoED21sAlpkeVbPqgsJp2S3jgukeNjHcioil77Kun6iG0MOQ',NULL,'2022-10-26 07:52:06','2022-10-26 07:52:06',1,NULL),(30,NULL,NULL,'09953044698',NULL,'$2y$10$WU3kpXgKqBJDjaFfLdnshu/r8vmjXx/9KmaQx5UYmApc1rJEviBMK',2,1,NULL,NULL,'2022-10-26 10:49:29','2022-10-26 10:49:29',1,NULL),(31,NULL,NULL,'09707556553',NULL,'$2y$10$Z4zuknUmXFzoQWGCbpLyjeEV8IWWb2uxsNP6XpSxx09yOerW549Qy',2,1,'z093RB4u5P5gGXAxmRH2DxLc86FtW7cPN9tcYxwkhiLaPcl7d5rbcCGoirpS',NULL,'2022-10-26 12:59:17','2022-10-26 12:59:17',1,NULL),(32,NULL,NULL,'09052554090',NULL,'$2y$10$77juJ9dZfS.Ym5kiJGMyr.wTfT/UDHoRhJ11kV5c2OlsgXdarFyTa',2,1,'UXhPLsUbygK7Y9BUffXdbjsr7ckGBRjeuM9fxoL7AXKSj2D2P1kvMHhvf5SI',NULL,'2022-10-26 13:03:39','2022-10-26 13:03:39',1,NULL),(33,NULL,NULL,'09206112467',NULL,'$2y$10$GMBBQ5eZ/Ik4uXuPjqOrCem6XoS.avUvGq6SMddgU0NtmVxfA160C',2,1,NULL,NULL,'2022-10-26 13:13:38','2022-10-26 13:13:38',1,NULL),(34,NULL,NULL,'09382228400',NULL,'$2y$10$.tyBtxwvPKCEq9RdYKG.9.qKq4gZmx7TR1ROKNJMARnnRaUuhcfbK',2,1,'bTTCyFNb8MBUMcrCjmgEtS228cIFkEw4BYTwfUookDGFD9ueuSUf9emjIOyZ',NULL,'2022-10-26 14:01:48','2022-10-26 14:01:48',1,NULL),(35,NULL,NULL,'09206112466',NULL,'$2y$10$7QbYEjIUN2Fh5YE7bz0I2eyPlEt8pt5ok74ToEaP845dQvlQp.PXK',2,1,NULL,NULL,'2022-10-26 21:35:14','2022-10-26 21:35:14',1,NULL),(36,NULL,NULL,'09540690623',NULL,'$2y$10$ZS9FFWI6IRNTE1OY4bf4kuSZBOeT9HCRBTtM2Wrrily8216DzpkJK',2,1,'Psg0GzN8Yb8ZJl7eeDMzu0fMIcfw9cvV8LIkrxaUxFcYX4W3L29iUprkSSkk',NULL,'2022-10-27 05:33:54','2022-10-27 05:33:54',1,NULL),(37,NULL,NULL,'9662562796',NULL,'$2y$10$16r2km1Yg9DDwq76eFnUd.CaQQOCejdaY3HqD6eI9N8Rdcj5j2eNO',2,1,NULL,NULL,'2022-10-27 06:23:53','2022-10-27 06:23:53',1,NULL),(38,NULL,NULL,'09662562796',NULL,'$2y$10$xtIq3PNLjBCD40WdxyyeKu.BTsgIWsDL0J5irW.rxiIWfrU8nuvNC',2,1,'maFTXSxF4LHmo1P9G8452G7Ijjr9FuM9M3QsEiM3WGqSqTT6CUhcSlxdiZ7N',NULL,'2022-10-27 06:34:43','2022-10-27 06:34:43',1,NULL),(39,NULL,NULL,'09493932022',NULL,'$2y$10$rhJPadxZ.4D5LxxhuD8Ivu5kT0xJm./iaw0oKdr6Ryxw5eQ1guFiu',2,1,NULL,NULL,'2022-10-27 07:06:53','2022-10-27 07:06:53',1,NULL),(40,NULL,NULL,'09975593247',NULL,'$2y$10$plZoRcRSW4VAK29nHIUWReAJcnvCvvcMFubc4OD0eRNkA5dT0RBya',2,1,'1SlPHRAgC8GPEjIPzMajL4EOwiyNYqXIVNWuEZpSS4WVU5auscC2UEJlXfna',NULL,'2022-10-27 07:21:28','2022-10-27 07:32:17',1,NULL),(41,NULL,NULL,'09165362600',NULL,'$2y$10$dBnGOaLPUKecMTAtdAUxHOOEX31dlkW.VwAiahpZq1Pr96oYF20MO',2,1,'oY9vsrymgR9e05sIxD1RBUozOaRqQMDjSfY7ocUv3x2KnzYxBwEOUsqf7bX8',NULL,'2022-10-27 08:24:09','2022-10-27 08:24:09',1,NULL),(42,NULL,NULL,'09656634353',NULL,'$2y$10$5r5pDp1Y9DseSsLY5AxqHOInbqpRVntXL.P8aY6woIOUy4x3sr0hO',2,1,'uqKJ7qkAJxTgCG7YsexHg2hXD49JU2J6lGRSqeYUsKeHJme7AuHjNnA6cR8s',NULL,'2022-10-27 10:09:52','2022-10-27 10:09:52',1,NULL),(43,NULL,NULL,'09651177232',NULL,'$2y$10$SEhCw7gU45RLRD8q8ZU6HeU4T93hGrOyyjCrwpvH0bYDNXXdhwxEW',2,1,'wNhZLRJgRLAmJYvSiAFKvDYCmhoSt4iI4ICe0CtpfhshjEH0bMuddADMEjug',NULL,'2022-10-27 10:11:47','2022-10-27 10:11:47',1,NULL),(44,NULL,NULL,'09364073325',NULL,'$2y$10$P.eqF22psxFc.F96jfUcB.GZL.foPnDhODa7PUKw140bIDnTNy3a2',2,1,'3KGflkDU7QqYCYOqaqmFiKrNGy9x1gXSxsjWj1GeLsLYYEVa2SqW0Cd5wx2g',NULL,'2022-10-27 10:13:46','2022-10-27 10:13:46',1,NULL),(45,NULL,NULL,'070721313',NULL,'$2y$10$AINFl7pc6ENVn25lTLwGwOz1fQWtfencYgwN07o8DVosE3S4rk9nG',2,1,'dUzUpwJq9MvA9emWgkPBVF4rC5KdBOjiaSfeHIGdC7ectgdv9bX54sKfeyGZ',NULL,'2022-10-27 11:54:03','2022-10-27 11:54:03',1,NULL),(46,NULL,NULL,'09060663277',NULL,'$2y$10$WMOrJNxk3dR/4jP4EUwLvuHm3kWBAPmYnh34liSS4QCjq1cQAwd3S',2,1,'kcUsIR1vCoBFUxnGcbleEvdeITxq6FTNS1PJp5r4RlhkRtMLwrVMI0tqpuwR',NULL,'2022-10-27 12:49:07','2022-10-27 12:49:07',1,NULL),(47,NULL,NULL,'09455591709',NULL,'$2y$10$fPFqv/Pr9tLgoTSGrm2Gouf.ZCyWbXtRyL46Uy3wdx.nRNvpnVQMK',2,1,'KpcWz9dwWN2rP87PaLLQR0jwGehRDPDn9bZcFEs0QBUetiZqcVDTFigHUyVl',NULL,'2022-10-28 05:36:21','2022-10-28 05:36:21',1,NULL),(48,NULL,NULL,'09953237476',NULL,'$2y$10$L3r4wZgrSNjq3zfhpQ97xehMxu5DXHEmRRnQd7dolfqWD.s29xTDS',2,1,'GOUd8hBYzpus5Tu8d5auJMd34aMqzXirWGpw1xfQ8yahjYtRP20i6ShCbQmJ',NULL,'2022-10-29 07:14:30','2022-10-29 07:39:28',1,NULL),(49,NULL,NULL,'0915-016-5562',NULL,'$2y$10$l3jQ/jKiR8Givf5uJt/BGOunbuXmsjLt522f5OkGV8S0a9rp95ODe',2,1,NULL,NULL,'2022-10-29 09:04:42','2022-10-29 09:04:42',1,NULL),(50,NULL,NULL,'+639288267305',NULL,'$2y$10$HAcy/OadzQBtM1NQeAYUd.jWnpbYD9LqEntdjSGzX6VLxyN21zXkm',2,1,NULL,NULL,'2022-10-29 09:51:48','2022-10-29 09:51:48',1,NULL),(51,NULL,NULL,'09552310898',NULL,'$2y$10$DkYqjBMb9SjA.dpRmB02j.Pn86QJM.YR5.zGLMGktiv2m.Nhk4/Mq',2,1,NULL,NULL,'2022-10-29 11:10:03','2022-10-29 11:10:03',1,NULL),(52,NULL,NULL,'09368521396',NULL,'$2y$10$ixd/R81awDlsezTt4WWuh.YBxSl2l3nD.RPdVbViS3WCN3p7OlUc2',2,1,'vlaFqC6UzDRpU4co9R0NkWIS0Ll6CQalTaIj1evD2y8PyC6vM1awpgNM9DQx',NULL,'2022-10-30 07:28:39','2022-10-30 07:28:39',1,NULL),(53,NULL,NULL,'09755620384',NULL,'$2y$10$mZwdT39ABEny0ZrB.A0Ze.OvwVDnYtFXfCIx7U4t4Gd9KrEGre/mm',2,1,NULL,NULL,'2022-10-30 10:29:04','2022-10-30 10:29:04',1,NULL),(54,NULL,NULL,'0975 562 03 84',NULL,'$2y$10$otm7VaAGRn84aoajlFcpDeQQfOUuNavQJFkR3AQmtZcuz/T6ZmLIC',2,1,'5XOpBa7gvtZMISGCHhiaJEZOYRxB9qG8WxWDfSvjl0qUcgEhOUa9RuWerweq',NULL,'2022-10-30 10:31:16','2022-10-30 10:31:16',1,NULL),(55,NULL,NULL,'9052845026',NULL,'$2y$10$9lCMlM/FnjFiWLlGRuKjZeAaNs9J9aPIit/zCtSdNghr3SJwhjW.a',2,1,'fFy2oEQMGrE1s1BVSgYTi0JfSTlXj3CEfaTeEmoxuFSNrunFtCMNXfQq5IKZ',NULL,'2022-10-30 10:46:45','2022-10-30 10:46:45',1,NULL),(56,NULL,NULL,'09955013689',NULL,'$2y$10$jdRIPH3/RSBnK/r6MFjl2.cMcSiP3i6Mxidx/zooyRUdP./Cmc4PC',2,1,'KTdELuZswtFdLaRgGOA4h7BQdHq95azcMkvGEcvOqYI8NVhpXgQYBBYU1Z7Q',NULL,'2022-10-30 11:03:24','2022-10-30 11:03:24',1,NULL),(57,NULL,NULL,'09953258196',NULL,'$2y$10$H7rfC3TZxe.vh8zWTUWRE.pKZTzXYOfkVtq1SnoegoigqZabcILsy',2,1,NULL,NULL,'2022-10-30 12:51:47','2022-10-30 12:51:47',1,NULL),(58,NULL,NULL,'09953981208',NULL,'$2y$10$xZVF3K.1QOObbR2CPSUtc.fXVIG/ksRqDADBoKBuEhvepnrBBvRP2',2,1,'qmq8GMRo8dpnzP5ZKY9A5V1k0cZvtPt1LSh6mBf48D3uehu3EyPqbSlzKlCZ',NULL,'2022-10-30 13:56:08','2022-10-30 13:56:08',1,NULL),(59,NULL,NULL,'09453507291',NULL,'$2y$10$9oNrv8lR9/wLowwsiEjhQOubKHMLN.ez0ypYv2GqsNsuvw1iH80Tq',2,1,'y289NnD9IiS8IzDZGS5wdOhH3gDscp6Yc1H2E4KsTVHMgm3hfyisley0w65o',NULL,'2022-10-30 14:44:03','2022-10-30 14:44:03',1,NULL),(60,NULL,NULL,'09912360887',NULL,'$2y$10$qDIi2ika.VNPHWmYmTFstOfrAX4CYtJRbn0oPYacCDJ/t1wbeEcIO',2,1,'qDfMfxy3fonHD0Fbdi6JOwe50AYDH3VEBoaUTcplxOtAUPccHXRsj439CSWV',NULL,'2022-10-31 05:12:22','2022-10-31 05:12:22',1,NULL),(61,NULL,NULL,'0950 699 64 85',NULL,'$2y$10$cQQsMy4cNTUjaFifSBSZ9ewoSi0RmHOD1YvgYRaGrfwbVkaP4mG1K',2,1,'AT4VQs1iCT9ua9wGpeZEjNvjrugJQB9wf8YK7WdGFj3Qsu8WqX9n6aY1ZUTz',NULL,'2022-10-31 05:38:44','2022-10-31 05:38:44',1,NULL),(62,NULL,NULL,'09463356139',NULL,'$2y$10$BK8nEePzZvF5M.mP8GA9mejvuJ9TE8lslYe/7z/76hG.gwYf7Q4Pi',2,1,NULL,NULL,'2022-10-31 05:44:26','2022-10-31 05:44:26',1,NULL),(63,NULL,NULL,'09064472113',NULL,'$2y$10$JXN8KYiFIxhObdDPZx90juAi7Wi0I5eBZ6KrvN/bbRqAnHNvBweuO',2,1,'SNoQy5cegCJOYE8vRVfkAxJvRSRJdVIGlWEsX3KZFDi2LWHMcPfxz96zCrql',NULL,'2022-10-31 06:07:10','2022-10-31 06:07:10',1,NULL),(64,NULL,NULL,'09674018010',NULL,'$2y$10$OqvglwG4zw1xrFLSWk5wc.RjVDYQYwPlQPT.Riwka9r0bqR1BlMGe',2,1,NULL,NULL,'2022-10-31 08:30:24','2022-10-31 08:30:24',1,NULL),(65,NULL,NULL,'09563048274',NULL,'$2y$10$icKjdft3TW8VZU.TLoVkeepgF7YrgT5oDuRGrBnv.hhZvoUgpaX3y',2,1,'x7vzX97T4tvlTfyjYJHuADp2KqZXXmU3guccR2a87qx3qIU3uDagWiRzAZiS',NULL,'2022-10-31 08:30:55','2022-10-31 08:30:55',1,NULL),(66,NULL,NULL,'09664122303',NULL,'$2y$10$sokg8ZC0uBIfxKvBfa2Aq.k3CN4oqaDrFeHSsIpAf3TrBHyLPFFh.',2,1,NULL,NULL,'2022-10-31 12:28:30','2022-10-31 12:28:30',1,NULL),(67,NULL,NULL,'09152958662',NULL,'$2y$10$SbSS2WAVHS6vqmKsDxGPveWtOaRJkKEv3qj15aIeDuSXlpUQaK7u.',2,1,'hy3Sizh5oUGwBAcPLwnD313bovYrvcZJqXrMGa3Xkvqv6N6l3NyEDOyhkTsq',NULL,'2022-11-01 04:16:03','2022-11-01 04:16:03',1,NULL),(68,NULL,NULL,'09951279066',NULL,'$2y$10$TNRH04npVzSXevO7cfzR6uLLKdxEUx6CKIVCKYSK7QZvgo7fNA4H.',2,1,'9n1XiJ8cn8Zf6pNt5uslob0te79SVvGIBV6caO4JdbskNMmz9sMH9nocygZy',NULL,'2022-11-01 05:53:57','2022-11-01 05:53:57',1,NULL),(69,NULL,NULL,'09676577429',NULL,'$2y$10$Ntdf8tcU6vThqSGzLtO4LOhAHeJYX/Nm8AE/jitAtuiNiulOPaU92',2,1,'CBOjDi2myVhDCjKYaEza3bcSvnrmONogs4to8x9sEgiVoEuxS76oMndDxDnj',NULL,'2022-11-01 06:17:54','2022-11-01 06:17:54',1,NULL),(70,NULL,NULL,'O9676577429',NULL,'$2y$10$aoofbBvkra8w6GKKZL.pfumIjb4TO2KA5MJCpyn2P/j1CYbY1z3CO',2,1,NULL,NULL,'2022-11-01 06:46:40','2022-11-01 06:46:40',1,NULL),(71,NULL,NULL,'09057909168',NULL,'$2y$10$NCojIpmaWWS2nbaG1PQkNumRJjVpThOeATwHJFzbRECTny35zrAUK',2,1,'hbxDMsJPoWtKCc9eTtJ5MmzQU3U395xUANh3fA01915Bvx42GJEQ0m0gL0UG',NULL,'2022-11-01 06:48:06','2022-11-01 06:48:06',1,NULL),(72,NULL,NULL,'09918259244',NULL,'$2y$10$ngosekTn1dQqQN9GYAWKvuNohK9Gz56H1gf5wFCm7KAI7Miq5WufW',2,1,'Plz53vncN5LYthLANJyg5PoJE3EguzkyRFQWKsPH0dpJ1SKQOPwUnvjvvyJu',NULL,'2022-11-01 07:22:18','2022-11-01 07:22:18',1,NULL),(73,NULL,NULL,'09331541476',NULL,'$2y$10$ZQeeHLQnYuPLI5ivBK/9gefP1FjbVWb/gaJq7fVuqN5mYlVYsZnsa',2,1,'H3nbyTREEPdgDzRTzJR8vhiKn6whQZvZ1Xjq6pRQxGfFYfILqVyjodrMXjSM',NULL,'2022-11-01 07:28:25','2022-11-01 07:28:25',1,NULL),(74,NULL,NULL,'09389293480',NULL,'$2y$10$qxbvbs4rYp5/5MgckWxYfuIbuvF/Avm7mZ940yjTgcp/b4XUcqTQq',2,1,NULL,NULL,'2022-11-01 07:58:37','2022-11-01 07:58:37',1,NULL),(75,NULL,NULL,'09668191686',NULL,'$2y$10$c6fT4b.d6ieZNMqKoz2bV.9rbWaxfXN9syXfmaRQz/gMpcJ6cKIZi',2,1,'7vJhLmZQ74pKcHqnjSiNKjCTrk3HMJfii9FGqwULgnjRwtxtHXKsl2W8GelR',NULL,'2022-11-01 09:00:38','2022-11-01 09:00:38',1,NULL),(76,NULL,NULL,'09069721528',NULL,'$2y$10$ASp16Z7FSL6sZaqjzFv1W.xseqBM..yZGB0TVj8nz1mi8EEN4yJKe',2,1,'2jqg9E7SrTdmVWBx2n5fySrNVaAzsgAHPV5yhrPFyRPEAH1MJew3b0uCxEUL',NULL,'2022-11-01 09:02:10','2022-11-01 09:02:10',1,NULL),(77,NULL,NULL,'09694873232',NULL,'$2y$10$T19yWq8U/Sw.PddZkxzAEOuDj1nDqQdX0hLr5EWh8S5DgqLSqjtW.',2,1,'njNN2rCb5ShFEnyWBroufoH9AbHgsFxMQ3w7e4gtDu2y5oPvGhEal02CWCkN',NULL,'2022-11-01 09:22:45','2022-11-01 09:22:45',1,NULL),(78,NULL,NULL,'9973888390',NULL,'$2y$10$nQujKi5eq/VIXjHW6jh.huJwwgjXM6iVLaddA1lmEKLBVzj6p.NPy',2,1,NULL,NULL,'2022-11-01 09:25:13','2022-11-01 09:25:13',1,NULL),(79,NULL,NULL,'639093553656',NULL,'$2y$10$RhsmUSxOdfFXWw22yfLu9.wZFt9wMi7Ctsq0CF3Q157G.sSCoRdjm',2,1,NULL,NULL,'2022-11-01 09:28:18','2022-11-01 09:28:18',1,NULL),(80,NULL,NULL,'09956148662',NULL,'$2y$10$hbGmS.0nrehxySwVM1M/Fe1XGqYdX/patt7H6uKPHdYNViRbFee8S',2,1,NULL,NULL,'2022-11-01 10:03:12','2022-11-01 10:03:12',1,NULL),(81,NULL,NULL,'09508114934',NULL,'$2y$10$CS9FhSQcKW22hjbcYi7p9.NM91W12uFf8OOSgy7xpVFv0B8qM7IS2',2,1,'3reGTJmwWk4fw4ureH72iC6do1iry7daqswUwyTJZA4UPN7bxeV2nzN2MF6D',NULL,'2022-11-01 14:10:21','2022-11-01 14:10:21',1,NULL),(82,NULL,NULL,'09296590661',NULL,'$2y$10$2CqIrFDocnXTUY8VD/sQyOPWT5i3BKHmT1FHu1/lzRmo1iKkJjHc.',2,1,'qV0esvR3CVL7js2DW2yhDpII61b1kWDD4qN60f1N2OAxMt65SloPIHEiZ3RQ',NULL,'2022-11-02 14:31:28','2022-11-03 12:13:12',1,NULL),(83,NULL,NULL,'0884175411',NULL,'$2y$10$KjdRkAtudfi86aexPDpjR.mmpkdAHbhp92qGMzCzIK1aHbZF/jSRC',2,1,NULL,NULL,'2022-11-03 03:59:26','2022-11-03 03:59:26',1,NULL),(84,NULL,NULL,'09751202563',NULL,'$2y$10$m13Z/Hg/QkHECbHFwMndQOdXwkaw9KRRCe/xyGfrjsXcUnOeiXhwi',2,1,'19gxFxo03F6fpDQYUfWnN3OfsQWaXcon26AStIjiFp1AjGsfSAaKpfAOqccb',NULL,'2022-11-03 04:21:58','2022-11-03 04:21:58',1,NULL),(85,NULL,NULL,'raffitin',NULL,'$2y$10$1XzIkMmKZaDs5z9yAhAxTOnRqy9wrVGs7WhkW1K8ZT6r4Gh/0hX66',2,1,NULL,NULL,'2022-11-05 01:22:57','2022-11-05 01:22:57',1,NULL),(86,NULL,NULL,'09565314242',NULL,'$2y$10$/b1mUNYUyWuWyp8QS3i5pe0y7f5LBKzZseByr0O133NbsMmm87JNi',2,1,'SaReJTr8l2ptF1mHHwbghZN84QSfbIthOqVXZJYUCHp5BJPpiLdcpBd5RgIE',NULL,'2022-11-05 06:30:34','2022-11-05 06:30:34',1,NULL),(87,NULL,NULL,'09756410171',NULL,'$2y$10$AKlh.ExvcSF17pwdNJ73buPfhx3qa059SxwUfL17kEjU0uKbx6sQq',2,1,NULL,NULL,'2022-11-05 09:30:11','2022-11-05 09:30:11',1,NULL),(88,NULL,NULL,'0909 560 15 46',NULL,'$2y$10$9.JRAwuJLL33GwMtir2mluDCXKCAsqgfCVpt9D7y86C4wdVsqfsNy',2,1,'F5Z0Bp3pVHa1zuImA2sSRuDPcIlD70cbKq7BydNqODelMiIDRRZlDvWDCkPm',NULL,'2022-11-05 09:42:27','2022-11-05 09:42:27',1,NULL),(89,NULL,NULL,'09273971233',NULL,'$2y$10$d8VjVs9LMpFSwa6uaN0u4uf5Om5MFGKO96dUe4Mc0yIBsQbGV/NDq',2,1,'1Mhdr9Yj2N0aQVblCIW71S8RjLsDWDgJMWrP5I5OEW088zm2r4smIV8DTcaE',NULL,'2022-11-05 10:01:18','2022-11-05 10:01:18',1,NULL),(90,NULL,NULL,'09286627005',NULL,'$2y$10$gFQ8xiSRcR3NaRLKfS6r.u9YmYETNJhWSfVze1wbPWb3uGEELIeae',2,1,NULL,NULL,'2022-11-05 10:14:03','2022-11-05 10:14:03',1,NULL),(91,NULL,NULL,'09691646961',NULL,'$2y$10$jyLGyiOQHKU0gJlu8KuIPObaN3KNppXyR7M7HxD6WEZhilUdVD9Gm',2,1,'HuwvXyOnLnALfpAGvLafCvYS84aXR6I3yuf2uC66SfSFWE4IKNAWI8DTsEja',NULL,'2022-11-05 11:10:51','2022-11-05 11:10:51',1,NULL),(92,NULL,NULL,'09511074740',NULL,'$2y$10$cXXB1kEcZeCnf2FllzlJz.B.osiJfe4r98gMkd9uU5PwWnldpH1oi',2,1,'6zyWbJzasVsBkkwBmB6SF4dISMDrdvnIIUvvoLrXZljTqweR54sfzWmoYdqf',NULL,'2022-11-05 11:34:18','2022-11-05 11:34:18',1,NULL),(93,NULL,NULL,'09812611028',NULL,'$2y$10$WTwHoMiUUCVGCj1NmHf9dOV8xglclnBM.RFn4KcdG76rvap9tJOXK',2,1,'oyqjglKAl0OuLj2YBWr7kLmuImdlvLbGaxJgqOpZOnJU1mehKAgDO4OtxFN3',NULL,'2022-11-05 12:44:15','2022-11-05 12:44:15',1,NULL),(94,NULL,NULL,'09989683040',NULL,'$2y$10$t2BMJ3ynGKnCTpesaJcu1e38FYEAkS4hRLqzqh6IjNJpLcQpbE7.q',2,1,'iYY9LHTBkVrUav9u3W5mPmPMEoziWChjtZzsO2gpnCNBQKpWQy8ZHIleP67X',NULL,'2022-11-06 03:16:09','2022-11-06 03:16:09',1,NULL),(95,NULL,NULL,'09086128729',NULL,'$2y$10$T5RyvsTJ6hiMxAche41e6eVf01qD9/g2D3vx.mx3HUSzbb8brwduO',2,1,'MdLjPHb8LNaRJW3GTpxStepAcMtbHogymaaOGFqcMRE7CwDmexMhTLd7ppIO',NULL,'2022-11-06 03:26:55','2022-11-06 03:26:55',1,NULL),(96,NULL,NULL,'09058604963',NULL,'$2y$10$NxFm0ZffGSwVg3wlkicnpeWUv6RcPdo8mUsPbP4kiqWliKGr15ane',2,1,'Cql7XEvMtv4z4qhYSaMYxYVxbQCVqQJEaN5B472OLxu7Z8JBOZRoucCuEi2u',NULL,'2022-11-06 03:42:45','2022-11-06 03:42:45',1,NULL),(97,NULL,NULL,'09692850598',NULL,'$2y$10$Iu53iTyFlbQR52PWiCU1Uez6XgrH5XwFoxnAfL3Pz3NKcvdbHcTOq',2,1,'8MpSkv7J0VGyFdYsOj2mj91TmfxFnUGjh4juYJi0bNZiSpNfOM79S0CWEakX',NULL,'2022-11-06 03:45:37','2022-11-06 03:45:37',1,NULL),(98,NULL,NULL,'09451392221',NULL,'$2y$10$v20xAem1/gJpG4awltaPB.hp8l1Cr2GDZYglu07S1jQFMVdID89DW',2,1,'KzeKbA0hiFdIbe7N1QdQHN9SHsU0Msyylc9P5rWb0y2Iev5sQIqjwIcEtbq0',NULL,'2022-11-06 05:49:05','2022-11-06 05:49:05',1,NULL),(99,NULL,NULL,'09297044522',NULL,'$2y$10$oAf3xXWCdwWKgN6Q9iBcY.VOTl2AHsyHmlXMgkVAwTqOyIeR7MOUC',2,1,'BgvcMFdH3c0tPps6yqrDKr4lBlNNZaY8abn66wYzVYOjAUKagxxVfAEw70lB',NULL,'2022-11-06 05:53:55','2022-11-06 05:53:55',1,NULL),(100,NULL,NULL,'9274535157',NULL,'$2y$10$uWG5cq1wmlOjKGwGW0nU1eNzH0BJyzM2.LdxQE0OJ9NZ49bdcDANW',2,1,NULL,NULL,'2022-11-06 06:00:46','2022-11-06 06:00:46',1,NULL),(101,NULL,NULL,'09274535157',NULL,'$2y$10$cp1a3MjNV6trWE/K7Ai8mOXxdi2S/NXmm6950VXkJ/lSosVVsFwIe',2,1,'K7xuxw21j3Ana27xj17ViGPG3s7AWv5h6N2ggpeqQeHVDUA3rROuL5SR59C5',NULL,'2022-11-06 06:04:23','2022-11-06 06:04:23',1,NULL),(102,NULL,NULL,'09665276940',NULL,'$2y$10$tbt5w0UR8MMeK.EdjQaxo.UJVlnPFdj/AcafIzF8ZACGJYYEGCQkm',2,1,'byQ9qGnO2Hjgiw3iMUifcDJDmi13ABysMj7q73rTkMlw5AgS1nlGZtrVRaNX',NULL,'2022-11-06 06:15:32','2022-11-06 06:15:32',1,NULL),(103,NULL,NULL,'+639272637723',NULL,'$2y$10$JBUiH5IeieQfFxJMXhi41.K9M.MChrZXcdRbK02wDDADhJstLZxcu',2,1,NULL,NULL,'2022-11-06 06:18:05','2022-11-06 06:18:05',1,NULL),(104,NULL,NULL,'09272637723',NULL,'$2y$10$JP1sasSS6xJi4z8noPUPruwmX8k72nYDyAcNvymypvsTsfQVpDAJ2',2,1,'m4Y9bjuTgYPtEr1sIFOvWHsxzSLHRaFseJx1D5oGOSDH3gpFRiTgeu9bwlhV',NULL,'2022-11-06 06:21:03','2022-11-08 12:34:43',1,NULL),(105,NULL,NULL,'09069323955',NULL,'$2y$10$K2m8pljZ4JB/viv2Fm3md.cKoZbMviIDh2atYuAruxUyZ6s.xwbHq',2,1,'WryN7OjgIVgE9jCwvIh1LRT2SZ5e2tTw3YQZfnH5kzn4Xqevqu9ultM5mLWJ',NULL,'2022-11-06 07:10:28','2022-11-06 07:10:28',1,NULL),(106,NULL,NULL,'09553307833',NULL,'$2y$10$/VQacEMLIfLaIsaczvvD.OvI9eu1cKHJ6IMyzDxtiG4Zv1EE51l0O',2,1,NULL,NULL,'2022-11-06 07:50:17','2022-11-06 07:50:17',1,NULL),(107,NULL,NULL,'0945 447 00 56',NULL,'$2y$10$QjnLAxc0LqM/pg2tdFWGXesiKyqZmvNh1LevWaaj51hDNUtnmix0K',2,1,'kHsbpg02TIoh74852Pt5FlygIpOggIk7uencXK4hELHv71425zXwLjFyHRPH',NULL,'2022-11-06 08:16:18','2022-11-06 08:16:18',1,NULL),(108,NULL,NULL,'09677238525',NULL,'$2y$10$1f0HYYqE6ehNjoW0UXYt8O350s7uTh2/0XR5N9sI60njyVvwNiYzC',2,1,NULL,NULL,'2022-11-06 08:25:22','2022-11-06 08:25:22',1,NULL),(109,NULL,NULL,'09302827339',NULL,'$2y$10$Ep/Sv5.BAJCsxXV2t3R3SuxleANLomgGb6riXsI6wqGItMhE76KSe',2,1,'jDhqNe4kivlsjyQ7XXda6UMZqegOClYwaN5QixAvsbUwpQ0v5n5nrDJxmWxj',NULL,'2022-11-06 09:32:35','2022-11-06 09:32:35',1,NULL),(110,NULL,NULL,'09678166095',NULL,'$2y$10$9L5Y1BsHrJq4R9oARoWaMebgfEQSZsICYKvVn6NonXZ9yyVeQbbQS',2,1,NULL,NULL,'2022-11-06 10:29:06','2022-11-06 10:29:06',1,NULL),(111,NULL,NULL,'09296410642',NULL,'$2y$10$tiyo/L50AOFrrQtiqxZ.We1FdNc2NzCMf2KW0tsU6o5zyI0A97Yau',2,1,'2rtUOLLqhImeME8WOPSFAoRLC6H6UGq7sV54b0ZTS78p64pTkWcvDjnOZR2u',NULL,'2022-11-06 11:01:26','2022-11-06 11:01:26',1,NULL),(112,NULL,NULL,'09531749434',NULL,'$2y$10$u2yEXzmmJ7joUe0XQrFkI.bLtSwU8VUg8rLYgNEvuQ1PAa1VtQrYi',2,1,'4fntL8f0BVqaIba7GV7XejceySET7k2HxD4rgYWZe8VEqt46vWS8YHMUMfiz',NULL,'2022-11-06 12:03:03','2022-11-06 12:03:03',1,NULL),(113,NULL,NULL,'09213862056',NULL,'$2y$10$PHRq0C4IR1HC58G.tvehtefSZrbtefeXrkewDLOziGcxt9HtjFc5.',2,1,'0BfXe8WnQJ69nS0A70lD62BfHnL2gj1fgxagIPgLx1ytfUxoUws3YOk8uk79',NULL,'2022-11-06 13:22:22','2022-11-06 13:22:22',1,NULL),(114,NULL,NULL,'09452686383',NULL,'$2y$10$3fFX6J9DbD4i9dpecPJSBO4O6dGDcfNWv.rrnw5qjwsaSkctGpdnC',2,1,'amK1BEBnPfkOz6f08tByfrvymr0cZsGMlx97sd1VGx5TEDJrfMPBHTgQsJYu',NULL,'2022-11-07 03:53:20','2022-11-07 03:53:20',1,NULL),(115,NULL,NULL,'09562948889',NULL,'$2y$10$WYDbP4zwZUSQh/G.64tCte0/nmqVSkHUCEgUlUvgXef4RCOaaq6uy',2,1,'CXAX3OodskWeLIX3V6BESEDqQgnKL9dylcc5phONfqDz2amgwYLL2LkOVOli',NULL,'2022-11-07 06:40:59','2022-11-07 06:40:59',1,NULL),(116,NULL,NULL,'mrvs Santos',NULL,'$2y$10$huV5vr5gRobE8WpKlXQ4putYbekR5clCuWRz0PS.96Iua34Elv8by',2,1,NULL,NULL,'2022-11-07 06:47:24','2022-11-07 06:47:24',1,NULL),(117,NULL,NULL,'09562948882',NULL,'$2y$10$nJ4lI/O30UBwh8C7i4kDmuY62/Q0y.UpLPve0wm9gi3zFxVLPjWqa',2,1,NULL,NULL,'2022-11-08 10:35:45','2022-11-08 10:35:45',1,NULL),(118,NULL,NULL,'0927 263 77 23',NULL,'$2y$10$FkteRnsuTm34eDjbGVtzCuzbbboRQpXb00MG0zeXkdr7YChq8NO9S',2,1,NULL,NULL,'2022-11-08 10:39:15','2022-11-08 10:39:15',1,NULL),(119,NULL,NULL,'09472608611',NULL,'$2y$10$lWg4naYwxrHORa5Dfq5Gfel6oYJ.rqWUGqaf4ufBTnyVkRbLqVKh.',2,1,NULL,NULL,'2022-11-10 05:21:59','2022-11-10 05:21:59',1,NULL),(120,NULL,NULL,'09159328885',NULL,'$2y$10$iYVvH/5HLvkwW8x8H.TR5.7ELl9wdhNpWjaJDDvFtGnl/RRVeTCLS',2,1,'HxWnHsp0FqcmblQWHGXGcoNh0cemN7dGfcotoh3wkQM363rDbnHZzSnMpJu1',NULL,'2022-11-10 07:42:53','2022-11-10 07:42:53',1,NULL),(121,NULL,NULL,'09973574506',NULL,'$2y$10$1nmoWDIhiIqbOc4feQ.VIebfYhY0lSsSbQ32SXNEMlP.zm7W.Xb1e',2,1,NULL,NULL,'2022-11-10 09:15:57','2022-11-10 09:15:57',1,NULL),(122,NULL,NULL,'9973574506',NULL,'$2y$10$D9.9c.jKfqeN6T8OS/fbHODwDcIMImRN.0DVAYMtq7X5hnxKcieg.',2,1,'he9dtH1wOxDaFKk2iouSOxffeyeAO4hoRw5RiN6AickdIt8OMiYKEyYDKowM',NULL,'2022-11-10 09:16:37','2022-11-10 09:16:37',1,NULL),(123,NULL,NULL,'639695979031',NULL,'$2y$10$JsJJuboYAHUtjjXGfjZnDOJ5mplxKuhNverjL1flrkKLJguhVuCQG',2,1,NULL,NULL,'2022-11-10 09:47:30','2022-11-10 09:47:30',1,NULL),(124,NULL,NULL,'09453147024',NULL,'$2y$10$Et71DwME/08heDahZqPjMObidT6abTcPN.Kx/y9pCzoN9P2NvkxVO',2,1,'MFpXkMyACM8OyhNq4MOG68uOldG4KDnQihFb7OukW8fMhsnOCgZzu8brnT3G',NULL,'2022-11-10 09:57:36','2022-11-10 09:57:36',1,NULL),(125,NULL,NULL,'09778550065',NULL,'$2y$10$kU1as/us5Rvd2HwO7aiFH.tW2Pvg3ChTW6LVC5QyEdObzTnGOAXLS',2,1,'rWzVMS08JmCYuTa3tpg3Zi8gFOzuzYIMq4lJrjQzV3kmimietfZCoySSWTz3',NULL,'2022-11-24 09:56:15','2022-11-24 09:56:15',1,NULL),(126,NULL,NULL,'070721357',NULL,'$2y$10$WjPqo8c5ce4s9SeO10SCXOsJfJxPwVF0D1Yr9pVQWR8Ooebth3n0C',2,1,NULL,NULL,'2023-03-20 09:10:44','2023-03-20 09:10:44',1,NULL),(127,NULL,NULL,'admin@gmail.com',NULL,'$2y$10$D4Raf65QgmshPI6N8j3rkuc.GAnfpEXonWY/RYQPdsGXEB.oZZ0ke',2,1,NULL,NULL,'2023-03-21 06:28:54','2023-03-21 06:28:54',1,NULL),(128,NULL,NULL,'123456',NULL,'$2y$10$MQU3EbMLz3S46zhFeIWJxun70ZsgEVFwfHuYmp3zRpMbaJsp7p6fO',2,1,NULL,NULL,'2023-03-21 06:36:14','2023-03-21 06:36:14',1,NULL),(129,NULL,NULL,'070721356',NULL,'$2y$10$i4wbJDLOLbe3ujm5E9LI2e11.r7uXjha2qGkcSgBNUy/oL62V0ANO',2,1,NULL,NULL,'2023-03-22 04:54:05','2023-03-22 04:54:05',1,NULL),(130,NULL,NULL,'013131313',NULL,'$2y$10$hXmIJz0kTITxloEeBypwVu7uAMRsTUkrxaVxUaCQWXzhhpet1ajSW',2,1,NULL,NULL,'2023-03-22 06:41:27','2023-03-22 06:41:27',1,NULL),(131,NULL,NULL,'014141414',NULL,'$2y$10$gDvLAb96kTsAiW69RF4fKeibRKDUNHCiQLvNJoIrfLuyuS.GYu58e',2,1,NULL,NULL,'2023-03-22 06:42:37','2023-03-22 06:42:37',1,NULL),(132,NULL,NULL,'015151515',NULL,'$2y$10$hSGefABrGkDSByH0wyKpf.xZPO4/QoMSeyb6N2/9oEDH.cmKcaeJO',2,1,NULL,NULL,'2023-03-22 06:42:59','2023-03-22 06:42:59',1,NULL),(133,NULL,NULL,'01561161616',NULL,'$2y$10$N/J7uRyWksFL645Ioj6RgOu6WG/RjYlO/o6CdbRorZyQZf2zSVSmK',2,1,NULL,NULL,'2023-03-22 06:44:32','2023-03-22 06:44:32',1,NULL),(134,NULL,NULL,'01612305',NULL,'$2y$10$JoyfPJSTLKRRcx.9bV/TpuSgvw6q/js6LMPUhY61FegAQ80tEN5x6',2,1,NULL,NULL,'2023-03-22 06:47:03','2023-03-22 06:47:03',1,NULL),(135,NULL,NULL,'01212369',NULL,'$2y$10$F3dkPDK4hDJH.uFlOGvPKuAUHOX2NXorfSlns6mOlY4ABfgpNy2Hq',2,1,NULL,NULL,'2023-03-22 06:47:24','2023-03-22 06:47:24',1,NULL),(136,NULL,NULL,'056595696',NULL,'$2y$10$ABZvC21tWVNcy/Pq9b7njOjO7Y/jW631PUETYzmZOHxNYvgnfiPQm',2,1,NULL,NULL,'2023-03-22 06:50:38','2023-03-22 06:50:38',1,NULL),(137,NULL,NULL,'0565956961',NULL,'$2y$10$nvd5o6LB.EjyOo94NGzyzOuLHfEcQegVehgDiqHZWmu4PI.zjboVe',2,1,NULL,NULL,'2023-03-22 06:50:58','2023-03-22 06:50:58',1,NULL),(138,NULL,NULL,'05659569611',NULL,'$2y$10$Xu9Fq2fYX.wJ6unZRXo9qOIYww7n/vzUB9ZCk.MxI/sNvW2ADyF0y',2,1,NULL,NULL,'2023-03-22 06:52:16','2023-03-22 06:52:16',1,NULL),(139,NULL,NULL,'0236985',NULL,'$2y$10$xW1oVZdbW0hQJfWu.FvsMeb.Xdsptc.gpZfmWSAhc3hom/zU8iETu',2,1,NULL,NULL,'2023-03-22 06:53:39','2023-03-22 06:53:39',1,NULL),(140,NULL,NULL,'02369851',NULL,'$2y$10$hbAhHyTWvv.w/utQxvdaLeOCzHQcD2XNGiA71HZLEsQ3XhlZp6ms2',2,1,NULL,NULL,'2023-03-22 06:53:53','2023-03-22 06:53:53',1,NULL),(141,NULL,NULL,'02526',NULL,'$2y$10$wZjEIfKcqZvbikd4.tHsae6S./zBJXzmzQ4cRxoYTJA4BJxfoOoh.',2,1,'dwG9M7Nfe55mWvHFa4E0qfym2VDrMv7j8jGC6qkV9JjrxuoWMmTaojaWomt4',NULL,'2023-03-22 06:55:15','2023-03-22 12:24:48',1,NULL),(142,NULL,NULL,'0258963',NULL,'$2y$10$O6trnMRJsDEZZTllQ/jOC.dv0JyCk2WKJ58fFdEjKqTwPbJuSjiw6',2,1,'VGCzRQE0Byye930NEllTP2UDUFhwJJBkfGRaftTRxKjHWGKqxAJf4rSz7WMp',NULL,'2023-03-23 10:31:11','2023-03-23 10:31:11',1,NULL),(143,NULL,NULL,'056595696111',NULL,'$2y$10$VC0vck.UhgGDP8oCyy5iGOm1NzSQ3Z90H4ovIxQyvp7nlGK0Z3pPi',2,1,'0Yno98yUv9nRy5vQDzcuuMSouZUl8AuAeK873xNkAzh7vpWHHC7opbBxOp7j',NULL,'2023-03-23 16:41:17','2023-04-02 16:35:23',1,NULL),(144,NULL,NULL,'admin@gmail.com0558896',NULL,'$2y$10$h0cR3zFQkyOM6h8xtX1/zO8AhBjuikjY2S0CYcdi4rBdciSPKP3xa',2,1,NULL,NULL,'2023-03-24 16:15:36','2023-03-24 16:15:36',1,NULL),(145,NULL,NULL,'fdsfdsf',NULL,'$2y$10$4EchmMSH7Y5HMGqDZ4TZL./ixNFN.2BDrFUyEy3WYKSgK04DBRJwa',2,1,'05TOJem4WT9VaYMjvjSZVQUjslZoNAjqV6e5gczK6Ijqi1uKaXGobaOn92i5',NULL,'2023-03-24 16:15:49','2023-03-24 16:15:49',1,NULL),(147,NULL,NULL,'datas',NULL,'$2y$10$DycgEl4G.tk0c7nQ3WogVORfnLgn1WRbXwYuGaiC.Izpm9DA9o5bK',2,1,'feOowqj5T8odDpuDvfttZF1rtw18TmD0o8dLWG6LF0XE17rx3jcO1kI62sBj',NULL,'2023-03-25 07:08:52','2023-03-25 07:08:52',1,NULL),(148,'026262626',NULL,'026262626',NULL,'$2y$10$R6eCz7G8YwCOkVXijEbsW.pVJxeIeMqty3idvkP.vegwzKoL/mpDG',2,1,'rkJETIMhQXBYxHmTq6P07GpwzpFdXQ5yLd0YUL3u2rGT5awnXH2PmoGrX07s',NULL,'2023-03-25 10:08:47','2023-04-02 16:35:30',1,NULL),(150,'ABCD','staff@gmail.com','12345678900',NULL,'$2y$10$dh.ZSnlpMzS.bLzOVa7rSuileXTsSEIE0VkLJ2iUj0W119sInR8gC',1,1,NULL,NULL,'2023-03-25 13:42:40','2023-03-25 13:52:45',0,NULL),(151,NULL,NULL,'0123456789',NULL,'$2y$10$i5.C77AVNTAbdhH5yHBYguQ3/phEpjEqae7wTVCeXZ4jvghgIln6u',2,1,'ArnKYyjKQCalvAvkSlW53o2dpRx9plg4RXW7MLmAGZjigN383kdcHneAJ809',NULL,'2023-03-27 07:00:37','2023-04-02 16:37:39',1,NULL),(152,NULL,NULL,'012369875',NULL,'$2y$10$/BZZEO9s4qGuTw15yIdy9eiLo2Gob6f0MA96sMdWzWzVUmQ2jXRlq',2,1,'UtJ72oB0nk0arEitNa7VKKVssd4HOZ7A7TyvRULr3agN61GIaqGivFDnMran',NULL,'2023-03-27 07:21:55','2023-04-02 16:36:24',1,NULL),(153,NULL,NULL,'03698769',NULL,'$2y$10$jb321x9ZuLnpc7YahEdkhe4JVhaHaJhf3UgUqVSVkt/NyYxAPPfo6',2,1,'ezniBp9OFkobea6pRhlEi6fOg2IakCmshxEMGAKzR17PLsk8kCUzEF6By1OI',NULL,'2023-03-27 14:08:49','2023-04-02 16:36:16',1,NULL),(154,NULL,NULL,'03698659',NULL,'$2y$10$c0L3EeqlpHyHuD.puIiX9uwasvr6oDJ1iydSAS84f266XYm5pojUu',2,1,'u2vrbivwu3TSmcuQK1e2Vg8T2I4xQzRXgydsfw7XumQY86TQ9bh9UiAXRrjR',NULL,'2023-03-27 14:50:50','2023-04-02 16:36:03',1,NULL),(155,'999999',NULL,'999999',NULL,'$2y$10$MaH5Je9kU2dAzM23ggLY4uQHGWnl8gas.yUXEVdPSo2qjWqwUXuh6',2,1,'ltAGZqmVmaYJuB54YE7e9kIKaB6YbuUVRx61uGSff217mOefvtO2wLA3Jdw9',NULL,'2023-03-27 15:10:12','2023-04-02 16:35:49',1,NULL),(156,NULL,NULL,'aaaa',NULL,'$2y$10$ciwAh8guzihgsvj6LpQUcuPTyPu6JtUD4W58I85cM4XEaid6wq482',2,1,'Yth9rNUE5nfecg1dp3r3RGzIs0l2cgUqFRoS7oPgGSCuXUACIPH1uv011TRE',NULL,'2023-04-01 15:47:04','2023-04-23 11:25:53',1,NULL),(157,'admin','admin1@gmail.com','01236987',NULL,'$2y$10$LW0FqtAdPfU6D7kXO80v5./7TQLkQ4xewBDuYAkiW.BQhCHXLczPC',1,1,NULL,NULL,'2023-04-13 04:39:31','2023-04-13 04:39:31',1,NULL);

--
-- Table structure for table `withdraw_codes`
--

CREATE TABLE `withdraw_codes` (
  `id` bigint unsigned NOT NULL AUTO_INCREMENT,
  `withdraw_code` varchar(255) CHARACTER SET utf8mb4 COLLATE utf8mb4_unicode_ci DEFAULT NULL,
  `user_id` bigint unsigned DEFAULT NULL,
  `deleted_at` timestamp NULL DEFAULT NULL,
  `created_at` timestamp NULL DEFAULT NULL,
  `updated_at` timestamp NULL DEFAULT NULL,
  `is_active` tinyint(1) NOT NULL DEFAULT '1',
  PRIMARY KEY (`id`)
) ENGINE=InnoDB AUTO_INCREMENT=25 DEFAULT CHARSET=utf8mb4 COLLATE=utf8mb4_unicode_ci;

--
-- Dumping data for table `withdraw_codes`
--

INSERT INTO `withdraw_codes` VALUES (13,'a1g23a',1,'2022-10-29 08:37:15','2022-10-26 04:23:19','2022-10-29 08:37:15',1),(14,'af12c3',1,'2022-10-29 08:37:13','2022-10-28 09:15:09','2022-10-29 08:37:13',1),(15,'fj3k11',1,NULL,'2022-11-03 04:04:00','2022-11-03 04:05:50',0),(16,'ks1a26',1,NULL,'2022-11-03 06:47:00','2022-11-03 06:49:28',0),(17,'ks2p34',1,NULL,'2022-11-03 11:03:43','2022-11-03 11:09:21',0),(18,'f1ki22',1,NULL,'2022-11-06 05:24:29','2022-11-06 05:28:11',0),(19,'ks9m90',1,NULL,'2022-11-08 13:06:30','2022-11-08 13:07:38',0),(20,'fj3k11',1,NULL,'2022-11-09 08:28:42','2022-11-09 08:34:42',0),(21,'fj3k11',1,NULL,'2022-11-10 05:21:42','2022-11-10 05:39:49',0),(22,'fj3k11',1,NULL,'2022-11-10 05:43:53','2022-11-10 05:47:41',0),(23,'fj3k62',1,NULL,'2022-11-10 05:53:01','2022-11-10 05:54:13',0),(24,'xxxx',1,NULL,'2023-03-22 10:13:30','2023-03-22 10:13:30',1);


