--
-- Host: localhost    Database: shopifyth2
-- ------------------------------------------------------


--
-- Table structure for table `banks`
--

CREATE TABLE `banks` (
  `id` bigint unsigned NOT NULL AUTO_INCREMENT,
  `name` varchar(191) CHARACTER SET utf8mb4 COLLATE utf8mb4_unicode_ci NOT NULL,
  `is_active` tinyint(1) NOT NULL DEFAULT '1',
  `sort_number` int DEFAULT NULL,
  `created_at` timestamp NULL DEFAULT NULL,
  `updated_at` timestamp NULL DEFAULT NULL,
  PRIMARY KEY (`id`)
) ENGINE=InnoDB AUTO_INCREMENT=14 DEFAULT CHARSET=utf8mb4 COLLATE=utf8mb4_unicode_ci ROW_FORMAT=DYNAMIC;

--
-- Dumping data for table `banks`
--

INSERT INTO `banks` VALUES (1,'ธนาคารกสิกรไทย Kbank',1,1,'2023-05-04 12:54:50','2023-07-14 14:17:52'),(3,'ธนาคารไทยพาณิชย์ SCB',1,3,'2023-05-04 12:55:13','2023-07-14 14:18:04'),(4,'ธนาคาร เกียรตินาคิน KKP',1,4,'2023-05-04 12:55:51','2023-07-14 14:20:04'),(5,'ธนาคารกรุงเทพ BBL',1,5,'2023-05-04 12:55:59','2023-07-14 14:21:06'),(6,'ธนาคารกรุงไทย KTB',1,6,'2023-05-04 12:56:06','2023-07-14 14:23:36'),(7,'ธนาคารกรุงศรีอยุธยา BAY',1,7,'2023-05-04 12:56:13','2023-07-14 14:24:50'),(8,'ธนาคารทหารไทยธนชาต ttb',1,8,'2023-05-04 12:56:32','2023-07-14 14:17:22'),(9,'ธนาคารออมสิน GSB',1,9,'2023-05-04 12:56:41','2023-07-14 14:25:05'),(10,'พร้อมเพย์',1,10,'2023-05-04 12:56:48','2023-07-17 18:36:34'),(11,'ธนาคาร ยูโอบี UOB',1,11,'2023-05-04 12:56:56','2023-07-14 14:30:36'),(12,'ธนาคารอาคาร ธกส',1,12,'2023-07-14 14:29:17','2023-08-08 09:05:47'),(13,'พร้อมเพย์',0,13,'2023-07-17 18:35:05','2023-07-17 18:35:05');

--
-- Table structure for table `commission_orders`
--

CREATE TABLE `commission_orders` (
  `id` bigint unsigned NOT NULL AUTO_INCREMENT,
  `commission_id` int NOT NULL,
  `order_id` int NOT NULL,
  `get_withdraw` tinyint NOT NULL DEFAULT '0',
  `created_at` timestamp NULL DEFAULT NULL,
  `updated_at` timestamp NULL DEFAULT NULL,
  PRIMARY KEY (`id`)
) ENGINE=InnoDB DEFAULT CHARSET=utf8mb4 COLLATE=utf8mb4_unicode_ci ROW_FORMAT=DYNAMIC;

--
-- Dumping data for table `commission_orders`
--


--
-- Table structure for table `commissions`
--

CREATE TABLE `commissions` (
  `id` bigint unsigned NOT NULL AUTO_INCREMENT,
  `price` double NOT NULL,
  `product_id` int NOT NULL DEFAULT '0',
  `created_at` timestamp NULL DEFAULT NULL,
  `updated_at` timestamp NULL DEFAULT NULL,
  PRIMARY KEY (`id`)
) ENGINE=InnoDB AUTO_INCREMENT=1005 DEFAULT CHARSET=utf8mb4 COLLATE=utf8mb4_unicode_ci ROW_FORMAT=DYNAMIC;

--
-- Dumping data for table `commissions`
--

INSERT INTO `commissions` VALUES (940,287,937,'2024-01-05 08:20:12','2024-03-18 12:06:40'),(941,580,938,'2024-01-05 08:22:06','2025-04-17 12:04:47'),(942,37,939,'2024-01-05 08:24:09','2024-01-05 08:24:09'),(943,445,940,'2024-01-05 08:26:22','2024-01-05 08:26:22'),(944,690,941,'2024-01-05 08:29:11','2024-03-23 14:10:37'),(945,999,942,'2024-01-05 08:36:54','2024-02-03 08:04:25'),(946,1299,943,'2024-01-05 08:41:16','2024-01-05 08:41:16'),(947,1499,944,'2024-01-05 08:43:41','2024-01-05 08:43:41'),(948,1890,945,'2024-01-05 08:48:06','2024-01-29 12:58:56'),(949,590,946,'2024-01-05 08:52:23','2024-01-05 08:52:23'),(950,53,947,'2024-01-05 08:53:37','2025-04-17 11:43:15'),(951,1799,948,'2024-01-05 08:55:29','2024-01-18 15:18:06'),(952,2249,949,'2024-01-05 08:57:48','2024-01-05 08:57:48'),(953,1180,950,'2024-01-05 08:59:20','2024-01-29 13:04:14'),(954,3900,951,'2024-01-05 09:01:44','2024-02-21 12:45:14'),(955,3099,952,'2024-01-05 09:03:22','2024-01-05 09:03:22'),(956,2899,953,'2024-01-05 09:07:07','2024-01-05 09:07:07'),(957,3500,954,'2024-01-05 09:12:55','2024-01-05 09:12:55'),(958,18900,955,'2024-01-05 09:20:37','2024-01-25 06:06:20'),(959,98000,956,'2024-01-05 09:22:18','2024-08-20 03:58:46'),(960,23500,957,'2024-01-05 09:25:14','2024-06-14 08:51:18'),(961,15900,958,'2024-01-05 10:43:39','2024-02-08 13:24:30'),(962,4200,959,'2024-01-05 10:46:19','2024-06-12 08:02:17'),(963,2570,960,'2024-01-05 10:48:12','2024-01-05 10:48:12'),(964,6099,961,'2024-01-05 10:52:49','2024-07-16 12:58:55'),(965,35500,962,'2024-02-04 10:26:30','2024-02-04 10:26:30'),(966,18000,963,'2024-02-04 10:27:30','2024-02-08 13:23:05'),(967,32000,964,'2024-02-04 10:30:09','2024-05-24 05:45:35'),(968,22000,965,'2024-02-04 10:31:08','2024-02-04 10:31:08'),(969,11000,966,'2024-02-04 10:32:09','2024-02-04 10:32:10'),(970,1600,967,'2024-02-04 10:32:43','2024-02-04 10:32:43'),(971,8400,968,'2024-02-04 10:33:31','2024-02-04 10:33:31'),(972,5100,969,'2024-02-04 10:35:07','2024-02-04 10:35:07'),(973,2149,970,'2024-02-04 10:35:50','2024-02-04 10:35:50'),(974,7545,971,'2024-02-04 10:36:31','2024-02-04 10:36:31'),(975,4500,972,'2024-02-04 10:39:59','2024-02-04 10:39:59'),(976,139900,973,'2024-02-04 10:40:59','2024-08-21 04:53:42'),(977,13750,974,'2024-02-04 10:51:04','2024-02-04 10:51:04'),(978,350,975,'2024-02-07 13:25:36','2024-06-04 16:14:41'),(979,299,976,'2024-02-07 13:29:26','2024-02-07 13:29:26'),(980,27900,977,'2024-02-08 05:10:25','2024-02-08 05:10:25'),(981,3359,978,'2024-02-08 07:16:19','2024-02-08 07:16:19'),(982,27819,979,'2024-02-08 12:42:06','2025-04-17 12:06:32'),(983,249,980,'2024-02-08 12:49:30','2024-02-08 12:49:30'),(984,390,981,'2024-02-08 13:08:52','2024-02-13 12:00:05'),(985,750,982,'2024-02-08 13:09:50','2024-05-27 13:29:30'),(986,790,983,'2024-02-08 13:11:30','2024-02-08 13:11:30'),(987,199,984,'2024-02-13 11:24:16','2024-02-13 12:05:12'),(988,15,985,'2024-02-13 11:27:23','2025-04-17 11:43:49'),(989,150,986,'2024-02-13 11:30:42','2024-02-13 11:30:42'),(990,189,987,'2024-02-13 11:32:20','2024-02-13 11:32:20'),(991,1350,988,'2024-02-13 11:34:53','2024-02-13 11:34:53'),(992,6667,989,'2024-02-13 11:37:07','2025-04-17 12:05:31'),(993,1530,990,'2024-02-13 11:38:58','2024-02-13 11:38:58'),(994,12500,991,'2024-02-13 11:44:43','2024-02-13 11:56:19'),(995,60900,992,'2024-02-13 11:53:07','2024-06-02 07:42:30'),(996,1559,993,'2024-02-13 12:02:24','2024-02-13 12:02:24'),(997,4482,994,'2024-02-14 05:38:04','2025-05-03 12:16:41'),(998,28900,995,'2024-02-14 05:40:40','2024-04-22 15:17:25'),(999,55000,996,'2024-02-14 06:00:27','2024-05-17 06:48:59'),(1000,9900,997,'2024-02-26 13:58:10','2024-02-26 13:58:10'),(1001,105000,998,'2024-04-10 11:56:06','2024-06-15 12:12:42'),(1002,150000,999,'2024-05-08 11:07:10','2024-05-08 11:07:10'),(1003,239000,1000,'2024-05-27 13:31:59','2024-05-27 13:31:59'),(1004,15,1001,'2025-04-17 11:01:30','2025-04-17 11:01:30');

--
-- Table structure for table `customer_codes`
--

CREATE TABLE `customer_codes` (
  `id` bigint unsigned NOT NULL AUTO_INCREMENT,
  `code` varchar(25) CHARACTER SET utf8mb4 COLLATE utf8mb4_unicode_ci NOT NULL,
  `user_id` int NOT NULL,
  `description` varchar(191) CHARACTER SET utf8mb4 COLLATE utf8mb4_unicode_ci DEFAULT NULL,
  `is_active` tinyint NOT NULL DEFAULT '1',
  `created_at` timestamp NULL DEFAULT NULL,
  `updated_at` timestamp NULL DEFAULT NULL,
  `customer_id` bigint unsigned DEFAULT NULL,
  PRIMARY KEY (`id`)
) ENGINE=InnoDB AUTO_INCREMENT=1149 DEFAULT CHARSET=utf8mb4 COLLATE=utf8mb4_unicode_ci ROW_FORMAT=DYNAMIC;

--
-- Dumping data for table `customer_codes`
--

INSERT INTO `customer_codes` VALUES (1,'001',1,'Admin',1,'2023-04-22 22:32:50','2025-03-04 22:14:25',NULL),(1105,'2b2e5b==',1369,NULL,1,'2025-03-04 23:11:47','2025-03-04 23:11:47',1357),(1106,'73ca71==',1370,NULL,1,'2025-03-05 13:29:14','2025-03-05 13:29:14',1358),(1107,'009',1,'',1,'2025-03-06 11:19:51','2025-04-17 11:04:43',NULL),(1108,'008',1,'',1,'2025-03-06 11:20:02','2025-04-17 11:04:34',NULL),(1109,'007',1,'',1,'2025-03-06 11:20:09','2025-04-17 11:03:10',NULL),(1110,'006',1,'',1,'2025-03-06 11:20:16','2025-04-17 11:03:05',NULL),(1111,'005',1,'',1,'2025-03-06 11:20:22','2025-04-17 11:02:59',NULL),(1112,'004',1,'',1,'2025-03-06 11:20:28','2025-04-17 11:02:54',NULL),(1113,'003',1,'',1,'2025-03-06 11:20:33','2025-04-17 11:02:48',NULL),(1114,'280686==',1371,NULL,1,'2025-03-06 11:23:42','2025-03-06 11:23:42',1359),(1115,'002',1,'',1,'2025-03-06 19:37:19','2025-04-17 11:02:41',NULL),(1116,'39f696==',1372,NULL,1,'2025-03-06 19:45:02','2025-03-06 19:45:02',1360),(1117,'f840b8==',1373,NULL,1,'2025-03-06 19:48:13','2025-03-06 19:48:13',1361),(1118,'a891a5==',1374,NULL,1,'2025-03-06 20:40:58','2025-03-06 20:40:58',1362),(1119,'057bb9==',1375,NULL,1,'2025-03-11 13:36:40','2025-03-11 13:36:40',1363),(1120,'2a3a77==',1378,NULL,1,'2025-03-19 16:30:59','2025-03-19 16:30:59',1364),(1121,'fa563f==',1380,NULL,1,'2025-03-19 16:33:12','2025-03-19 16:33:12',1365),(1122,'04f780==',1381,NULL,1,'2025-03-19 20:21:42','2025-03-19 20:21:42',1366),(1123,'26b9a1==',1382,NULL,1,'2025-03-19 20:23:29','2025-03-19 20:23:29',1367),(1124,'7ed17c==',1383,NULL,1,'2025-03-21 08:11:44','2025-03-21 08:11:44',1368),(1125,'612f02==',1384,NULL,1,'2025-03-21 21:27:57','2025-03-21 21:27:57',1369),(1126,'5988fc==',1385,NULL,1,'2025-03-22 16:09:13','2025-03-22 16:09:13',1370),(1127,'79899b==',1386,NULL,1,'2025-03-22 16:20:18','2025-03-22 16:20:18',1371),(1128,'3514a2==',1387,NULL,1,'2025-03-22 20:57:50','2025-03-22 20:57:50',1372),(1129,'5ad259==',1388,NULL,1,'2025-03-26 20:37:51','2025-03-26 20:37:51',1373),(1130,'799d81==',1389,NULL,1,'2025-03-28 21:05:30','2025-03-28 21:05:30',1374),(1131,'41be64==',1390,NULL,1,'2025-04-02 20:46:01','2025-04-02 20:46:01',1375),(1132,'010',1,'',1,'2025-04-17 11:04:51','2025-04-17 11:04:51',NULL),(1133,'481baa==',1391,NULL,1,'2025-04-17 11:42:01','2025-04-17 11:42:01',1376),(1134,'1529ab==',1392,NULL,1,'2025-04-19 12:20:02','2025-04-19 12:20:02',1377),(1135,'77425d==',1393,NULL,1,'2025-04-19 13:36:08','2025-04-19 13:36:08',1378),(1136,'10f266==',1394,NULL,1,'2025-04-19 14:01:20','2025-04-19 14:01:20',1379),(1137,'81cb0e==',1395,NULL,1,'2025-04-19 14:49:05','2025-04-19 14:49:05',1380),(1138,'1c7983==',1399,NULL,1,'2025-04-21 20:54:56','2025-04-21 20:54:56',1381),(1139,'d67c60==',1400,NULL,1,'2025-04-22 10:11:31','2025-04-22 10:11:31',1382),(1140,'ac7cfa==',1401,NULL,1,'2025-04-29 18:13:11','2025-04-29 18:13:11',1383),(1141,'8453ca==',1402,NULL,1,'2025-04-29 20:45:38','2025-04-29 20:45:38',1384),(1142,'5af0ad==',1403,NULL,1,'2025-04-30 20:13:03','2025-04-30 20:13:03',1385),(1143,'c7fabf==',1404,NULL,1,'2025-05-03 09:01:19','2025-05-03 09:01:19',1386),(1144,'830fea==',1405,NULL,1,'2025-05-03 09:17:50','2025-05-03 09:17:50',1387),(1145,'8650eb==',1406,NULL,1,'2025-05-03 10:04:01','2025-05-03 10:04:01',1388),(1146,'89ca5c==',1407,NULL,1,'2025-05-03 10:04:41','2025-05-03 10:04:41',1389),(1147,'e6022d==',1408,NULL,1,'2025-05-03 10:04:50','2025-05-03 10:04:50',1390),(1148,'3b3963==',1409,NULL,1,'2025-05-03 10:18:51','2025-05-03 10:18:51',1391);

--
-- Table structure for table `customer_packages`
--

CREATE TABLE `customer_packages` (
  `id` bigint unsigned NOT NULL AUTO_INCREMENT,
  `customer_vip_id` int NOT NULL,
  `user_id` int NOT NULL,
  `customer_id` int NOT NULL,
  `order_time` int NOT NULL DEFAULT '0',
  `is_completed` int NOT NULL DEFAULT '0',
  `is_stop` int NOT NULL DEFAULT '0',
  `created_at` timestamp NULL DEFAULT NULL,
  `updated_at` timestamp NULL DEFAULT NULL,
  PRIMARY KEY (`id`)
) ENGINE=InnoDB AUTO_INCREMENT=1822 DEFAULT CHARSET=utf8mb4 COLLATE=utf8mb4_unicode_ci ROW_FORMAT=DYNAMIC;

--
-- Dumping data for table `customer_packages`
--

INSERT INTO `customer_packages` VALUES (1797,40,1,1357,0,0,0,'2025-03-06 13:15:10','2025-03-06 13:15:10'),(1798,40,1,1359,0,0,0,'2025-03-06 13:15:17','2025-03-06 13:15:17'),(1799,40,1,1360,0,0,0,'2025-03-06 19:49:20','2025-03-06 19:49:20'),(1800,40,1,1361,0,0,0,'2025-03-06 19:49:28','2025-03-06 19:49:28'),(1801,40,1,1362,0,0,0,'2025-03-06 20:42:18','2025-03-06 20:42:18'),(1802,40,1,1363,0,0,0,'2025-03-11 20:49:13','2025-03-11 20:49:13'),(1803,40,1376,1364,0,0,0,'2025-03-19 17:12:40','2025-03-19 17:12:40'),(1804,40,1376,1365,0,0,1,'2025-03-19 17:23:11','2025-03-19 17:23:40'),(1805,40,1376,1365,0,0,1,'2025-03-19 17:24:08','2025-03-19 17:25:33'),(1806,40,1376,1365,0,0,0,'2025-03-19 17:55:45','2025-03-19 17:55:45'),(1807,40,1,1376,0,0,0,'2025-04-17 11:45:40','2025-04-17 11:45:40'),(1808,40,1,1375,0,0,0,'2025-04-17 12:03:03','2025-04-17 12:03:03'),(1809,40,1,1377,0,0,0,'2025-04-19 12:22:19','2025-04-19 12:22:19'),(1810,40,1,1378,0,0,0,'2025-04-19 13:36:38','2025-04-19 13:36:38'),(1811,40,1,1379,0,0,0,'2025-04-19 14:02:38','2025-04-19 14:02:38'),(1812,40,1,1380,0,0,0,'2025-04-19 14:49:56','2025-04-19 14:49:56'),(1813,41,1,1382,0,0,0,'2025-04-22 10:16:19','2025-04-22 10:16:19'),(1814,41,1376,1386,0,0,1,'2025-05-03 09:03:01','2025-05-03 09:03:15'),(1815,40,1376,1386,0,0,1,'2025-05-03 09:04:12','2025-05-03 09:04:36'),(1816,39,1376,1386,0,0,0,'2025-05-03 09:14:05','2025-05-03 09:14:05'),(1817,0,1376,1387,0,0,1,'2025-05-03 09:20:09','2025-05-03 09:24:12'),(1818,41,1376,1387,0,0,1,'2025-05-03 09:24:44','2025-05-03 09:27:12'),(1819,40,1376,1387,0,0,0,'2025-05-03 09:27:21','2025-05-03 09:27:21'),(1820,39,1376,1389,0,0,0,'2025-05-03 10:07:16','2025-05-03 10:07:16'),(1821,39,1376,1391,0,0,0,'2025-05-03 10:26:22','2025-05-03 10:26:22');

--
-- Table structure for table `customer_vips`
--

CREATE TABLE `customer_vips` (
  `id` bigint unsigned NOT NULL AUTO_INCREMENT,
  `order` int NOT NULL,
  `user_id` int NOT NULL,
  `title` varchar(191) CHARACTER SET utf8mb4 COLLATE utf8mb4_unicode_ci NOT NULL,
  `description` varchar(191) CHARACTER SET utf8mb4 COLLATE utf8mb4_unicode_ci DEFAULT NULL,
  `is_active` tinyint NOT NULL DEFAULT '1',
  `created_at` timestamp NULL DEFAULT NULL,
  `updated_at` timestamp NULL DEFAULT NULL,
  `is_random` varchar(191) CHARACTER SET utf8mb4 COLLATE utf8mb4_unicode_ci NOT NULL DEFAULT '1',
  `sort_number` int DEFAULT NULL,
  `is_show_to_customer` tinyint(1) NOT NULL DEFAULT '1',
  PRIMARY KEY (`id`)
) ENGINE=InnoDB AUTO_INCREMENT=42 DEFAULT CHARSET=utf8mb4 COLLATE=utf8mb4_unicode_ci ROW_FORMAT=DYNAMIC;

--
-- Dumping data for table `customer_vips`
--

INSERT INTO `customer_vips` VALUES (38,100,1,'ร้านค้า','',1,'2024-01-05 14:22:50','2024-01-15 13:16:14','1',NULL,1),(39,100,1,'สินค้าทั้งหมด','',1,'2024-02-04 10:50:08','2024-02-04 10:50:08','1',2,1),(40,100,1,'สินค้าที่ร่วมรายการ','',1,'2024-02-13 12:26:57','2024-05-27 13:35:42','1',3,1),(41,10,1,'VIP 1','',1,'2025-04-22 10:16:03','2025-04-22 10:16:03','1',NULL,1);

--
-- Table structure for table `dashboards`
--

CREATE TABLE `dashboards` (
  `id` bigint unsigned NOT NULL AUTO_INCREMENT,
  `created_at` timestamp NULL DEFAULT NULL,
  `updated_at` timestamp NULL DEFAULT NULL,
  PRIMARY KEY (`id`)
) ENGINE=MyISAM DEFAULT CHARSET=utf8mb4 COLLATE=utf8mb4_unicode_ci;

--
-- Dumping data for table `dashboards`
--


--
-- Table structure for table `deposits`
--

CREATE TABLE `deposits` (
  `id` bigint unsigned NOT NULL AUTO_INCREMENT,
  `user_id` int NOT NULL,
  `creator_id` int NOT NULL DEFAULT '0',
  `customer_id` int NOT NULL,
  `transfer_amount` double NOT NULL,
  `is_withdrawal` tinyint NOT NULL DEFAULT '0',
  `description` varchar(191) CHARACTER SET utf8mb4 COLLATE utf8mb4_unicode_ci DEFAULT NULL,
  `is_approve` tinyint NOT NULL DEFAULT '0',
  `reject` tinyint NOT NULL DEFAULT '0',
  `special_case` tinyint NOT NULL DEFAULT '0' COMMENT '0 = simple; 1 = not yet get special case; 2= already get;',
  `created_at` timestamp NULL DEFAULT NULL,
  `updated_at` timestamp NULL DEFAULT NULL,
  PRIMARY KEY (`id`)
) ENGINE=MyISAM AUTO_INCREMENT=6902 DEFAULT CHARSET=utf8mb4 COLLATE=utf8mb4_unicode_ci;

--
-- Dumping data for table `deposits`
--

INSERT INTO `deposits` VALUES (6901,1376,1376,1391,7900,0,NULL,1,0,0,'2025-05-03 10:42:01','2025-05-03 10:42:01'),(6900,1376,1376,1391,1399000,0,NULL,1,0,0,'2025-05-03 10:39:04','2025-05-03 10:39:04'),(6899,1376,1376,1391,4450,0,NULL,1,0,0,'2025-05-03 10:35:19','2025-05-03 10:35:19'),(6898,1376,1376,1391,11800,1,NULL,1,0,0,'2025-05-03 10:29:10','2025-05-03 10:32:47'),(6897,1376,1376,1389,5000,0,NULL,1,0,0,'2025-05-03 10:08:54','2025-05-03 10:08:54'),(6896,1376,1376,1390,5000,0,NULL,1,0,0,'2025-05-03 10:08:22','2025-05-03 10:08:22'),(6895,1376,1376,1387,2450,1,NULL,1,0,0,'2025-05-03 09:32:06','2025-05-03 09:33:04'),(6894,1376,1376,1387,50000,1,NULL,1,0,0,'2025-05-03 09:30:05','2025-05-03 09:33:04'),(6893,1376,1376,1387,1000,1,NULL,1,0,0,'2025-05-03 09:18:30','2025-05-03 09:33:04'),(6892,1376,1376,1386,3560,0,NULL,1,0,0,'2025-05-03 09:11:12','2025-05-03 09:11:12'),(6891,1,1,1382,90,0,NULL,1,0,0,'2025-04-22 10:17:27','2025-04-22 10:17:27'),(6890,1,1,1382,10,0,NULL,1,0,0,'2025-04-22 10:17:09','2025-04-22 10:17:09'),(6889,1,1,1376,399,0,NULL,1,0,0,'2025-04-19 19:23:12','2025-04-19 19:23:12'),(6888,1,1,1379,650,0,NULL,1,0,0,'2025-04-19 15:51:03','2025-04-19 15:51:03'),(6887,1,1,1380,100,0,NULL,1,0,0,'2025-04-19 14:50:03','2025-04-19 14:50:03'),(6886,1,1,1379,399,0,NULL,1,0,0,'2025-04-19 14:32:58','2025-04-19 14:32:58'),(6885,1,1,1378,399,1,NULL,1,0,0,'2025-04-19 14:09:55','2025-04-19 14:26:38'),(6884,1,1,1379,190,0,NULL,1,0,0,'2025-04-19 14:02:51','2025-04-19 14:02:51'),(6883,1,1,1378,100,1,NULL,1,0,0,'2025-04-19 13:36:44','2025-04-19 14:26:38'),(6882,1,1,1377,115,1,NULL,1,0,0,'2025-04-19 12:43:27','2025-04-19 12:55:41'),(6881,1,1,1377,284,1,NULL,1,0,0,'2025-04-19 12:41:14','2025-04-19 12:55:41'),(6880,1,1,1377,100,1,NULL,1,0,0,'2025-04-19 12:25:09','2025-04-19 12:55:41'),(6879,1,1,1377,0.01,1,NULL,1,0,0,'2025-04-19 12:22:28','2025-04-19 12:55:41'),(6878,1,1,1375,0.01,0,NULL,1,0,0,'2025-04-17 12:03:23','2025-04-17 12:03:23'),(6877,1,1,1376,100,0,NULL,1,0,0,'2025-04-17 11:54:23','2025-04-17 11:54:23'),(6876,1,1,1376,0.01,0,NULL,1,0,0,'2025-04-17 11:45:56','2025-04-17 11:45:56'),(6875,1,1,1357,0.01,0,NULL,1,0,0,'2025-04-17 11:21:19','2025-04-17 11:21:19'),(6874,1376,1376,1367,1000,0,NULL,1,0,0,'2025-03-23 19:52:32','2025-03-23 19:52:32'),(6873,1376,1376,1372,1000,0,NULL,1,0,0,'2025-03-23 19:50:15','2025-03-23 19:50:15'),(6872,1376,1376,1365,1000,1,NULL,1,0,0,'2025-03-19 17:32:55','2025-03-19 18:00:05'),(6871,1376,1376,1365,2000,1,NULL,1,0,0,'2025-03-19 17:28:43','2025-03-19 17:31:29'),(6870,1376,1376,1364,2000,1,NULL,1,0,0,'2025-03-19 17:14:04','2025-03-19 17:18:37'),(6869,1376,1376,1365,5000,1,NULL,1,0,0,'2025-03-19 16:54:57','2025-03-19 17:28:08'),(6868,1,1,1363,3000,0,NULL,1,0,0,'2025-03-13 11:07:28','2025-03-13 11:07:28'),(6867,1,1,1361,0.01,0,NULL,1,0,0,'2025-03-11 20:49:29','2025-03-11 20:49:29'),(6866,1,1,1363,0.01,0,NULL,1,0,0,'2025-03-11 20:49:08','2025-03-11 20:49:08'),(6865,1,1,1361,-2000,0,NULL,1,0,0,'2025-03-08 13:24:03','2025-03-08 13:24:03'),(6864,1,1,1360,2000,0,NULL,1,0,0,'2025-03-08 13:23:54','2025-03-08 13:23:54'),(6863,1,1,1361,2000,0,NULL,1,0,0,'2025-03-08 13:23:19','2025-03-08 13:23:19'),(6862,1,1,1359,1000,0,NULL,1,0,0,'2025-03-06 21:56:39','2025-03-06 21:56:39'),(6861,1,1,1359,1000,1,NULL,1,0,0,'2025-03-06 21:53:44','2025-03-06 21:54:58'),(6860,1,1,1359,0.01,1,NULL,1,0,0,'2025-03-06 20:42:55','2025-03-06 21:54:58'),(6859,1,1,1362,0.01,0,NULL,1,0,0,'2025-03-06 20:42:33','2025-03-06 20:42:33'),(6858,1,1,1359,-5000,1,NULL,1,0,0,'2025-03-06 13:33:37','2025-03-06 21:54:58'),(6857,1,1,1359,5000,1,NULL,1,0,0,'2025-03-06 13:32:59','2025-03-06 21:54:58');

--
-- Table structure for table `empty_winners`
--

CREATE TABLE `empty_winners` (
  `id` bigint unsigned NOT NULL AUTO_INCREMENT,
  `phone` varchar(191) CHARACTER SET utf8mb4 COLLATE utf8mb4_unicode_ci NOT NULL,
  `win_amount` varchar(191) CHARACTER SET utf8mb4 COLLATE utf8mb4_unicode_ci NOT NULL,
  `user_id` int NOT NULL,
  `description` varchar(191) CHARACTER SET utf8mb4 COLLATE utf8mb4_unicode_ci DEFAULT NULL,
  `is_active` tinyint NOT NULL DEFAULT '1',
  `created_at` timestamp NULL DEFAULT NULL,
  `updated_at` timestamp NULL DEFAULT NULL,
  PRIMARY KEY (`id`)
) ENGINE=InnoDB AUTO_INCREMENT=25 DEFAULT CHARSET=utf8mb4 COLLATE=utf8mb4_unicode_ci ROW_FORMAT=DYNAMIC;

--
-- Dumping data for table `empty_winners`
--

INSERT INTO `empty_winners` VALUES (1,'095****091','2,050,000 THB',1,'',1,'2022-11-14 05:49:22','2023-05-02 17:23:44'),(2,'0698833***','55,068 THB',1,'',1,'2022-11-14 05:51:46','2023-05-02 17:26:24'),(3,'084**565236','1050,000 THB',1,'',1,'2023-05-02 07:37:57','2023-05-02 17:26:13'),(4,'09856**579','250,100 THB',1,'',1,'2023-05-02 07:42:49','2023-05-02 17:26:05'),(5,'099**56357','433,000 THB',1,'',1,'2023-05-02 07:45:35','2023-05-02 17:25:58'),(6,'09923**413','50,00 THB',1,'',1,'2023-05-02 07:46:49','2023-05-02 17:25:51'),(7,'09678**157','12000 THB',1,'',1,'2023-05-02 07:49:44','2023-05-02 17:25:44'),(8,'09945**863','540,000 THB',1,'',1,'2023-05-02 07:51:10','2023-05-02 17:25:36'),(9,'086**89641','1,450 THB',1,'',1,'2023-05-02 08:15:09','2023-05-02 17:25:29'),(10,'08756541**','13,000 THB',1,'',1,'2023-05-02 08:16:36','2023-05-02 17:25:21'),(11,'083**56289','23,000 THB',1,'',1,'2023-05-02 08:17:11','2023-05-02 17:25:10'),(12,'08456871**','3,500 THB',1,'',1,'2023-05-02 08:17:34','2023-05-02 17:25:03'),(13,'085**57129','2,400 THB',1,'',1,'2023-05-02 08:18:23','2023-05-02 17:24:54'),(14,'081**71965','190,00 THB',1,'',1,'2023-05-02 08:18:49','2023-05-02 17:24:45'),(15,'0879645***','856,000 THB',1,'',1,'2023-05-02 08:21:16','2023-05-02 17:24:37'),(16,'082**57219','1,500 THB',1,'',1,'2023-05-02 08:22:03','2023-05-02 17:23:49'),(17,'063**45238','6,500 THB',1,'',1,'2023-05-02 08:24:36','2023-05-02 17:23:54'),(18,'0865874***','7,500 THB',1,'',1,'2023-05-02 08:25:50','2023-05-02 17:24:00'),(19,'083**85915','10,500 THB',1,'',1,'2023-05-02 08:27:50','2023-05-02 17:24:32'),(20,'0955617***','460,000 THB',1,'',1,'2023-05-02 08:29:52','2023-05-02 17:24:26'),(21,'08656***14','12,500 THB',1,'',1,'2023-05-02 08:32:10','2023-05-02 17:24:20'),(22,'082***7463','1,500,000 THB',1,'',1,'2023-05-02 08:33:01','2023-05-02 17:24:15'),(23,'089**78453','14,600 THB',1,'',1,'2023-05-02 08:33:53','2023-05-02 17:24:09'),(24,'084***5613','570,000 THB',1,'congra',1,'2023-05-02 08:34:16','2023-05-02 17:23:11');

--
-- Table structure for table `failed_jobs`
--

CREATE TABLE `failed_jobs` (
  `id` bigint unsigned NOT NULL AUTO_INCREMENT,
  `connection` text CHARACTER SET utf8mb4 COLLATE utf8mb4_unicode_ci NOT NULL,
  `queue` text CHARACTER SET utf8mb4 COLLATE utf8mb4_unicode_ci NOT NULL,
  `payload` longtext CHARACTER SET utf8mb4 COLLATE utf8mb4_unicode_ci NOT NULL,
  `exception` longtext CHARACTER SET utf8mb4 COLLATE utf8mb4_unicode_ci NOT NULL,
  `failed_at` timestamp NOT NULL DEFAULT CURRENT_TIMESTAMP,
  PRIMARY KEY (`id`)
) ENGINE=MyISAM DEFAULT CHARSET=utf8mb4 COLLATE=utf8mb4_unicode_ci;

--
-- Dumping data for table `failed_jobs`
--


--
-- Table structure for table `file_systems`
--

CREATE TABLE `file_systems` (
  `id` bigint unsigned NOT NULL AUTO_INCREMENT,
  `module_id` int NOT NULL,
  `module` varchar(191) CHARACTER SET utf8mb4 COLLATE utf8mb4_unicode_ci NOT NULL,
  `type` tinyint NOT NULL DEFAULT '0' COMMENT '0=other;1=deposit;2=withdraw',
  `original_file` varchar(191) CHARACTER SET utf8mb4 COLLATE utf8mb4_unicode_ci NOT NULL,
  `encrypt_file` varchar(191) CHARACTER SET utf8mb4 COLLATE utf8mb4_unicode_ci NOT NULL,
  `created_at` timestamp NULL DEFAULT NULL,
  `updated_at` timestamp NULL DEFAULT NULL,
  PRIMARY KEY (`id`)
) ENGINE=MyISAM AUTO_INCREMENT=40 DEFAULT CHARSET=utf8mb4 COLLATE=utf8mb4_unicode_ci;

--
-- Dumping data for table `file_systems`
--

INSERT INTO `file_systems` VALUES (25,3,'Profile',0,'photo_2023-05-23_18-54-22.jpg','client-profiles/Anmj0fGhHAG1I1JnFfQRZC33WoBUndd59qGGiaS9.jpg',NULL,NULL),(13,36,'Profile',0,'IMG_4390.jpeg','client-profiles/ZwwiCYXlDYPJ8t9FAmaBySeoce47neqDfTyMmwdZ.jpg',NULL,NULL),(12,15,'Profile',0,'38971BC0-1F6B-45CF-AD66-BF7EE1D54BDB.jpeg','client-profiles/DLxJCe26aRPDzIMe5XkKlin8x9QYGI6H8LUeZx2U.jpg',NULL,NULL),(15,17,'Profile',0,'243252694_418681796351374_5111789259281376993_n.jpg','client-profiles/TlVeH9k4lwM4AS1CcPnqBXEoafc3l2iBlhmxmLlx.jpg',NULL,NULL),(16,56,'Profile',0,'IMG_5277.jpeg','client-profiles/4CdrSGkWtdU7EtH7LIJoLFuNu4WXbfhlfdhucQWM.jpg',NULL,NULL),(17,32,'Profile',0,'322663881_535674498499112_751409227450434396_n.jpg','client-profiles/vanX3YyV8RvMQkXIBGWqwqFOyUTMS5ryxPpcQgoz.jpg',NULL,NULL),(21,87,'Profile',0,'inbound-350005428.jpg','client-profiles/tzahBja4K8rfcXglQPmiGwbhv3xBnyNpaYfPxlqN.jpg',NULL,NULL),(28,95,'Profile',0,'inbound992591535189486230.jpg','client-profiles/O2Rx9eBc74EcYlwUhwUlXAmu7lyxCWe161dHKBEv.jpg',NULL,NULL),(26,120,'Profile',0,'IMG_20230530_105706107_HDR.jpg','client-profiles/JkdtPgIrstYom9ryxeF2blxPczGONAMDkh5br3ld.jpg',NULL,NULL),(27,74,'Profile',0,'12.jpg','client-profiles/DH8EpQF7RK7HwSC1WSl9mAMSThJE8VCY11aIuhPO.jpg',NULL,NULL),(29,167,'Profile',0,'79B194DF-BCDC-407D-895A-D6F6D5B29C2F.jpeg','client-profiles/k3U8Am0cPNvwcFIMuU9mAhTQS0yGIWZksXHRq5XY.jpg',NULL,NULL),(30,185,'Profile',0,'357406371_224681017182511_4442917292039681931_n.jpg','client-profiles/xQNdmGTT6ZE27yIVRDAjblTrAgwZKCkQt6AwYPlH.jpg',NULL,NULL),(31,216,'Profile',0,'photo_๒๐๒๓-๐๗-๒๒_๑๘-๒๗-๒๕.jpg','client-profiles/BeGYUnChKzW7qP29rI9a6OYLKrTT9DJJDPntRHs2.jpg',NULL,NULL),(32,217,'Profile',0,'inbound5926416868943717366.jpg','client-profiles/E99xrRt7QVO9anSEiQATODshNEvmUUpyUVFf25ZI.jpg',NULL,NULL),(33,213,'Profile',0,'image.jpg','client-profiles/unops4QjgzRWRQDyvGE0kPEHMY2BZtPH6xfSh0vW.jpg',NULL,NULL),(34,241,'Profile',0,'inbound887137701.jpg','client-profiles/hdr9gBWYFhlN2bjhVdorhTNoK8Ukco259kP50kbN.jpg',NULL,NULL),(35,336,'Profile',0,'C7996A45-926C-4257-8627-66CEE965D2E6.jpeg','client-profiles/Mdk7gUI2DDAGSIpXzknFt6xVlmwIVNIgfH5HxKlk.jpg',NULL,NULL),(38,339,'Profile',0,'inbound8889275399572791563.jpg','client-profiles/7iRUTtg3Je33YHGnuflfWYGIgaGYKaLfcsV4LOMQ.jpg',NULL,NULL),(39,374,'Profile',0,'inbound5256057224247208565.jpg','client-profiles/jdY65zt8tDC0vBVVrnnybmlrXBZXlIVw88nUkHMb.jpg',NULL,NULL);

--
-- Table structure for table `migrations`
--

CREATE TABLE `migrations` (
  `id` int unsigned NOT NULL AUTO_INCREMENT,
  `migration` varchar(191) CHARACTER SET utf8mb4 COLLATE utf8mb4_unicode_ci NOT NULL,
  `batch` int NOT NULL,
  PRIMARY KEY (`id`)
) ENGINE=MyISAM AUTO_INCREMENT=50 DEFAULT CHARSET=utf8mb4 COLLATE=utf8mb4_unicode_ci;

--
-- Dumping data for table `migrations`
--

INSERT INTO `migrations` VALUES (1,'2014_10_12_000000_create_users_table',1),(2,'2014_10_12_100000_create_password_resets_table',1),(3,'2019_08_19_000000_create_failed_jobs_table',1),(4,'2022_05_07_095938_create_players_table',1),(5,'2022_05_30_160833_create_deposits_table',1),(6,'2022_05_30_162127_create_file_systems_table',1),(7,'2022_06_17_160924_create_withdraws_table',1),(8,'2022_06_23_104016_create_banks_table',1),(9,'2022_06_23_104136_create_dashboards_table',1),(10,'2022_07_06_082823_create_withdrawals_table',1),(11,'2022_07_06_083458_create_bank_balances_table',1),(12,'2022_07_13_143316_create_client_banks_table',1),(13,'2022_09_09_171245_create_notifications_table',2),(14,'2022_09_21_223225_create_promotions_table',2),(15,'2022_09_21_223703_create_promotion_percentages_table',2),(16,'2022_09_21_223826_create_promotion_periods_table',2),(17,'2022_09_21_223943_create_promotion_deposits_table',2),(18,'2022_10_16_061913_create_promotion_deposit_times_table',3),(19,'2022_10_18_052514_create_permission_tables',4),(20,'2022_11_13_134338_create_customers_table',5),(21,'2022_11_13_142811_create_customer_codes_table',6),(22,'2022_11_14_112958_create_empty_winners_table',7),(23,'2022_11_20_140122_create_products_table',8),(24,'2022_11_20_140341_create_orders_table',8),(25,'2022_11_20_140427_create_commissions_table',8),(26,'2022_11_20_140501_create_commission_orders_table',8),(27,'2022_12_07_110408_create_customer_vips_table',9),(28,'2022_12_07_123207_create_customer_packages_table',10),(29,'2022_12_14_224037_create_withdraw_setting_table',11),(30,'2022_12_20_083641_create_not_vip_packages_table',12),(31,'2023_01_12_123259_create_vip_packages_table',13),(32,'2023_01_12_123358_create_product_takens_table',13),(33,'2019_12_14_000001_create_personal_access_tokens_table',14),(34,'2023_01_23_110822_create_product_token_to_lists_table',14),(35,'2023_05_01_192619_add_is_random_to_customer_vips',15),(36,'2023_05_03_001042_add_order_to_customer_vips_and_products_table',16),(37,'2023_05_04_173548_create_banks_table',17),(38,'2023_06_09_141138_create_user_logins_table',18),(39,'2023_06_22_010045_add_is_test_account_to_customers_table',19),(40,'2023_06_29_140323_add_is_show_to_customer_to_customer_vips_table',20),(41,'2023_11_20_152724_create_slides_table',21),(42,'2023_12_10_181601_add_is_online_to_user_logins_table',22),(43,'2023_12_11_182941_add_account_code_to_customers_table',23),(44,'2023_12_11_235752_add_customer_id-to_customer_codes_table',24),(45,'2023_12_14_162522_add_product_code_to_products_table',25),(46,'2023_12_14_185645_add_more_columns_to_orders_table',25),(47,'2023_12_14_190855_create_sells_table_table',25),(48,'2024_02_18_123611_add_more_info_to_settings_table',26),(49,'2024_04_29_140107_add_working_hours_to_settings_table',27);

--
-- Table structure for table `model_has_permissions`
--

CREATE TABLE `model_has_permissions` (
  `permission_id` bigint unsigned NOT NULL,
  `model_type` varchar(191) CHARACTER SET utf8mb4 COLLATE utf8mb4_unicode_ci NOT NULL,
  `model_id` bigint unsigned NOT NULL,
  PRIMARY KEY (`permission_id`,`model_id`,`model_type`),
  KEY `model_has_permissions_model_id_model_type_index` (`model_id`,`model_type`),
  CONSTRAINT `model_has_permissions_permission_id_foreign` FOREIGN KEY (`permission_id`) REFERENCES `permissions` (`id`) ON DELETE CASCADE
) ENGINE=InnoDB DEFAULT CHARSET=utf8mb4 COLLATE=utf8mb4_unicode_ci ROW_FORMAT=DYNAMIC;

--
-- Dumping data for table `model_has_permissions`
--


--
-- Table structure for table `model_has_roles`
--

CREATE TABLE `model_has_roles` (
  `role_id` bigint unsigned NOT NULL,
  `model_type` varchar(191) CHARACTER SET utf8mb4 COLLATE utf8mb4_unicode_ci NOT NULL,
  `model_id` bigint unsigned NOT NULL,
  PRIMARY KEY (`role_id`,`model_id`,`model_type`),
  KEY `model_has_roles_model_id_model_type_index` (`model_id`,`model_type`),
  CONSTRAINT `model_has_roles_role_id_foreign` FOREIGN KEY (`role_id`) REFERENCES `roles` (`id`) ON DELETE CASCADE
) ENGINE=InnoDB DEFAULT CHARSET=utf8mb4 COLLATE=utf8mb4_unicode_ci ROW_FORMAT=DYNAMIC;

--
-- Dumping data for table `model_has_roles`
--

INSERT INTO `model_has_roles` VALUES (1,'App\\User',1),(1,'App\\User',13),(4,'App\\User',26),(4,'App\\User',27),(4,'App\\User',28),(4,'App\\User',29),(4,'App\\User',1376);

--
-- Table structure for table `not_vip_packages`
--

CREATE TABLE `not_vip_packages` (
  `id` bigint unsigned NOT NULL AUTO_INCREMENT,
  `customer_package_id` int NOT NULL,
  `product_id` int NOT NULL,
  `user_id` int NOT NULL,
  `customer_id` tinyint NOT NULL DEFAULT '0',
  `is_confirm_order` tinyint NOT NULL DEFAULT '0',
  `is_withdraw` tinyint NOT NULL DEFAULT '0',
  `is_stop` tinyint NOT NULL DEFAULT '0',
  `created_at` timestamp NULL DEFAULT NULL,
  `updated_at` timestamp NULL DEFAULT NULL,
  PRIMARY KEY (`id`)
) ENGINE=InnoDB DEFAULT CHARSET=utf8mb4 COLLATE=utf8mb4_unicode_ci ROW_FORMAT=DYNAMIC;

--
-- Dumping data for table `not_vip_packages`
--


--
-- Table structure for table `notifications`
--

CREATE TABLE `notifications` (
  `id` bigint unsigned NOT NULL AUTO_INCREMENT,
  `user_id` int NOT NULL DEFAULT '0',
  `approve_by` int NOT NULL DEFAULT '0',
  `notification_type` int NOT NULL DEFAULT '0',
  `amount` double NOT NULL DEFAULT '0',
  `phone` varchar(191) CHARACTER SET utf8mb4 COLLATE utf8mb4_unicode_ci DEFAULT NULL,
  `date_time` timestamp NOT NULL DEFAULT CURRENT_TIMESTAMP ON UPDATE CURRENT_TIMESTAMP,
  `id_pusher` int NOT NULL DEFAULT '0',
  `status` int NOT NULL DEFAULT '0',
  `created_at` timestamp NULL DEFAULT NULL,
  `updated_at` timestamp NULL DEFAULT NULL,
  PRIMARY KEY (`id`)
) ENGINE=MyISAM AUTO_INCREMENT=5821 DEFAULT CHARSET=utf8mb4 COLLATE=utf8mb4_unicode_ci;

--
-- Dumping data for table `notifications`
--

INSERT INTO `notifications` VALUES (5820,1391,1376,3,12980,'0611201812','2025-05-03 10:32:47',2479,1,'2025-05-03 10:32:18','2025-05-03 10:32:47'),(5819,1391,0,4,0,'0611201812','2025-05-03 03:29:16',1821,1,'2025-05-03 10:26:22','2025-05-03 10:29:16'),(5818,1389,0,4,0,'0961244561','2025-05-03 03:08:35',1820,1,'2025-05-03 10:07:16','2025-05-03 10:08:35'),(5817,1387,0,3,2785,'1112','2025-05-03 09:53:29',2478,0,'2025-05-03 09:53:29','2025-05-03 09:53:29'),(5816,1387,1376,3,50966,'1112','2025-05-03 09:33:04',2477,1,'2025-05-03 09:32:39','2025-05-03 09:33:04'),(5815,1387,0,4,0,'1112','2025-05-03 02:29:42',1819,1,'2025-05-03 09:27:21','2025-05-03 09:29:42'),(5814,1387,0,4,0,'1112','2025-05-03 02:29:42',1818,1,'2025-05-03 09:24:44','2025-05-03 09:29:42'),(5813,1387,0,4,0,'1112','2025-05-03 02:29:42',1817,1,'2025-05-03 09:20:09','2025-05-03 09:29:42'),(5812,1386,0,4,0,'1234555','2025-05-03 02:14:40',1816,1,'2025-05-03 09:14:05','2025-05-03 09:14:40'),(5811,1386,0,4,0,'1234555','2025-05-03 02:14:40',1815,1,'2025-05-03 09:04:12','2025-05-03 09:14:40'),(5810,1386,0,4,0,'1234555','2025-05-03 02:14:40',1814,1,'2025-05-03 09:03:01','2025-05-03 09:14:40'),(5809,1379,0,3,1871,'0918367704','2025-04-29 17:48:34',2476,0,'2025-04-29 17:48:34','2025-04-29 17:48:34'),(5808,1382,0,4,0,'11223344','2025-04-22 03:20:31',1813,1,'2025-04-22 10:16:19','2025-04-22 10:20:31'),(5807,1376,0,3,551.01,'0829452772','2025-04-20 14:43:41',2475,0,'2025-04-20 14:43:41','2025-04-20 14:43:41'),(5806,1379,0,3,1871,'0918367704','2025-04-19 12:17:11',2474,-1,'2025-04-19 17:23:17','2025-04-19 19:17:11'),(5805,1379,0,3,1871,'0918367704','2025-04-19 09:13:27',2473,-1,'2025-04-19 16:12:12','2025-04-19 16:13:27'),(5804,1379,0,3,1871,'0918367704','2025-04-19 09:10:19',2472,-1,'2025-04-19 16:09:56','2025-04-19 16:10:19'),(5803,1379,0,3,1871,'0918367704','2025-04-19 09:08:50',2471,-1,'2025-04-19 16:06:12','2025-04-19 16:08:50'),(5802,1379,0,3,1871,'0918367704','2025-04-19 09:05:10',2470,-1,'2025-04-19 16:01:44','2025-04-19 16:05:10'),(5801,1379,0,3,1871,'0918367704','2025-04-19 08:57:09',2469,-1,'2025-04-19 15:55:33','2025-04-19 15:57:09'),(5800,1380,0,4,0,'0621039215','2025-04-19 08:35:55',1812,1,'2025-04-19 14:49:56','2025-04-19 15:35:55'),(5799,1379,0,3,641,'0918367704','2025-04-19 07:41:49',2468,-1,'2025-04-19 14:41:26','2025-04-19 14:41:49'),(5798,1378,1,3,115,'0945722321','2025-04-19 14:26:38',2467,1,'2025-04-19 14:24:55','2025-04-19 14:26:38'),(5797,1379,0,3,205,'0918367704','2025-04-19 07:23:52',2466,-1,'2025-04-19 14:23:16','2025-04-19 14:23:52'),(5796,1379,0,4,0,'0918367704','2025-04-19 07:13:03',1811,1,'2025-04-19 14:02:38','2025-04-19 14:13:03'),(5795,1378,0,4,0,'0945722321','2025-04-19 06:42:57',1810,1,'2025-04-19 13:36:38','2025-04-19 13:42:57'),(5794,1377,0,3,436.01,'0810685812','2025-04-19 06:07:51',2465,-1,'2025-04-19 13:07:12','2025-04-19 13:07:51'),(5793,1377,1,3,115,'0810685912','2025-04-19 12:55:41',2464,1,'2025-04-19 12:52:57','2025-04-19 12:55:41'),(5792,1377,0,4,0,'0810685912','2025-04-19 05:25:17',1809,1,'2025-04-19 12:22:19','2025-04-19 12:25:17'),(5791,1375,0,4,0,'0807655714','2025-04-17 12:03:03',1808,0,'2025-04-17 12:03:03','2025-04-17 12:03:03'),(5790,1376,0,4,0,'0829452772','2025-04-17 04:56:01',1807,1,'2025-04-17 11:45:40','2025-04-17 11:56:01'),(5789,1365,1376,3,1292,'0974251325','2025-03-19 18:00:05',2462,1,'2025-03-19 17:59:45','2025-03-19 18:00:05'),(5788,1365,0,4,0,'0974251325','2025-03-19 10:57:12',1806,1,'2025-03-19 17:55:45','2025-03-19 17:57:12'),(5787,1365,1376,3,2152,'0974251325','2025-03-19 17:31:29',2461,1,'2025-03-19 17:31:17','2025-03-19 17:31:29'),(5786,1365,1376,3,5236,'0974251325','2025-03-19 17:28:08',2460,1,'2025-03-19 17:28:02','2025-03-19 17:28:08'),(5785,1365,0,4,0,'0974251325','2025-03-19 10:57:12',1805,1,'2025-03-19 17:24:08','2025-03-19 17:57:12'),(5784,1365,0,4,0,'0974251325','2025-03-19 10:57:12',1804,1,'2025-03-19 17:23:11','2025-03-19 17:57:12'),(5783,1364,1376,3,2150,'0858198147','2025-03-19 17:18:37',2459,1,'2025-03-19 17:17:16','2025-03-19 17:18:37'),(5782,1364,0,4,0,'0858198147','2025-03-19 10:14:13',1803,1,'2025-03-19 17:12:40','2025-03-19 17:14:13'),(5781,1363,0,4,0,'0824511167','2025-03-13 03:48:40',1802,1,'2025-03-11 20:49:13','2025-03-13 10:48:40'),(5780,1359,1,3,1000,'0947014072','2025-03-06 21:54:58',2458,1,'2025-03-06 21:54:46','2025-03-06 21:54:58'),(5779,1359,0,3,1000,'0947014072','2025-03-06 14:54:27',2457,-1,'2025-03-06 21:53:54','2025-03-06 21:54:27'),(5778,1362,0,4,0,'0989877724','2025-03-06 13:59:28',1801,1,'2025-03-06 20:42:18','2025-03-06 20:59:28'),(5777,1361,0,4,0,'0827195524','2025-03-06 19:49:28',1800,0,'2025-03-06 19:49:28','2025-03-06 19:49:28'),(5776,1360,0,4,0,'0641859747','2025-03-08 06:02:19',1799,1,'2025-03-06 19:49:20','2025-03-08 13:02:19'),(5775,1359,0,4,0,'0947014072','2025-03-06 08:22:06',1798,1,'2025-03-06 13:15:17','2025-03-06 15:22:06'),(5774,1357,0,4,0,'0956530329','2025-03-06 06:28:14',1797,1,'2025-03-06 13:15:10','2025-03-06 13:28:14');

--
-- Table structure for table `orders`
--

CREATE TABLE `orders` (
  `id` bigint unsigned NOT NULL AUTO_INCREMENT,
  `customer_id` int NOT NULL,
  `is_approve` tinyint NOT NULL DEFAULT '0',
  `reject` tinyint NOT NULL DEFAULT '0',
  `is_confirm` tinyint NOT NULL DEFAULT '0',
  `is_stop` tinyint NOT NULL DEFAULT '0',
  `is_withdrawal` tinyint NOT NULL DEFAULT '0',
  `description` varchar(191) CHARACTER SET utf8mb4 COLLATE utf8mb4_unicode_ci DEFAULT NULL,
  `user_id` int DEFAULT NULL,
  `created_at` timestamp NULL DEFAULT NULL,
  `updated_at` timestamp NULL DEFAULT NULL,
  `customer_vip_id` int DEFAULT NULL,
  `product_id` int DEFAULT NULL,
  `price` double DEFAULT NULL,
  `commission` double DEFAULT NULL,
  PRIMARY KEY (`id`)
) ENGINE=InnoDB AUTO_INCREMENT=6822 DEFAULT CHARSET=utf8mb4 COLLATE=utf8mb4_unicode_ci ROW_FORMAT=DYNAMIC;

--
-- Dumping data for table `orders`
--

INSERT INTO `orders` VALUES (6647,1359,1,0,1,0,0,NULL,1371,'2025-03-06 21:55:59','2025-03-06 21:56:57',40,939,368,37),(6648,1360,1,0,1,0,0,NULL,1372,'2025-03-08 13:17:33','2025-03-08 13:24:44',40,938,1158,115),(6651,1363,1,0,1,0,0,NULL,1375,'2025-03-13 10:49:01','2025-03-13 11:07:59',40,986,1500,150),(6658,1364,1,0,1,0,0,NULL,1378,'2025-03-19 17:13:13','2025-03-19 17:14:25',40,986,1500,150),(6661,1365,1,0,1,0,0,NULL,1380,'2025-03-19 17:25:39','2025-03-19 17:27:01',40,984,1999,199),(6663,1365,1,0,1,0,0,NULL,1380,'2025-03-19 17:26:28','2025-03-19 17:29:34',40,939,368,37),(6664,1365,1,0,1,0,0,NULL,1380,'2025-03-19 17:26:33','2025-03-19 17:29:07',40,938,1158,115),(6665,1365,1,0,1,0,0,NULL,1380,'2025-03-19 17:26:47','2025-03-19 17:27:47',40,939,368,37),(6666,1365,1,0,1,0,0,NULL,1380,'2025-03-19 17:56:57','2025-03-19 17:57:18',40,947,600,60),(6667,1365,1,0,1,0,0,NULL,1380,'2025-03-19 17:57:27','2025-03-19 17:57:43',40,939,368,37),(6668,1365,1,0,1,0,0,NULL,1380,'2025-03-19 17:58:02','2025-03-19 17:58:52',40,985,800,80),(6669,1365,1,0,1,0,0,NULL,1380,'2025-03-19 17:58:24','2025-03-19 17:59:25',40,938,1158,115),(6690,1376,1,0,1,0,0,NULL,1391,'2025-04-17 11:52:58','2025-04-17 11:56:32',40,985,100,15),(6693,1375,0,0,0,0,0,NULL,1390,'2025-04-17 12:03:27','2025-04-17 12:07:57',40,938,NULL,NULL),(6694,1377,1,0,1,0,0,NULL,1392,'2025-04-19 12:27:10','2025-04-19 12:30:44',40,985,100,15),(6699,1377,1,0,1,0,0,NULL,1392,'2025-04-19 12:55:52','2025-04-19 12:59:37',40,939,399,37),(6701,1377,0,0,0,0,0,NULL,1392,'2025-04-19 13:08:13','2025-04-19 13:09:55',40,938,NULL,NULL),(6703,1378,1,0,1,0,0,NULL,1393,'2025-04-19 13:48:36','2025-04-19 13:53:36',40,985,100,15),(6706,1379,1,0,1,0,0,NULL,1394,'2025-04-19 14:10:12','2025-04-19 14:17:19',40,985,100,15),(6711,1379,1,0,1,0,0,NULL,1394,'2025-04-19 14:34:50','2025-04-19 14:35:17',40,939,399,37),(6723,1378,1,0,1,0,0,NULL,1393,'2025-04-19 14:41:59','2025-04-19 15:00:24',40,939,399,37),(6735,1378,0,0,0,0,0,NULL,1393,'2025-04-19 15:12:16','2025-04-19 15:12:22',40,938,NULL,NULL),(6736,1379,1,0,1,0,0,NULL,1394,'2025-04-19 15:33:30','2025-04-19 15:51:22',40,938,1290,580),(6738,1380,1,0,1,0,0,NULL,1395,'2025-04-19 15:36:10','2025-04-19 15:41:15',40,985,100,15),(6763,1379,0,0,0,0,0,NULL,1394,'2025-04-19 16:08:23','2025-04-19 16:08:30',40,940,NULL,NULL),(6765,1376,1,0,1,0,0,NULL,1391,'2025-04-19 19:25:45','2025-04-19 19:30:39',40,939,399,37),(6766,1379,0,0,0,0,0,NULL,1394,'2025-04-20 03:49:29','2025-05-03 09:09:36',40,938,NULL,NULL),(6780,1376,0,0,0,1,0,NULL,1391,'2025-04-20 14:41:42','2025-04-20 15:01:08',40,NULL,NULL,NULL),(6781,1376,0,0,0,1,0,NULL,1391,'2025-04-20 14:41:49','2025-04-20 15:01:04',40,NULL,NULL,NULL),(6782,1376,0,0,0,1,0,NULL,1391,'2025-04-20 14:41:51','2025-04-20 14:57:48',40,NULL,NULL,NULL),(6783,1376,0,0,0,1,0,NULL,1391,'2025-04-20 14:41:58','2025-04-20 14:47:59',40,NULL,NULL,NULL),(6784,1376,0,0,0,1,0,NULL,1391,'2025-04-20 14:42:01','2025-04-20 14:44:49',40,NULL,NULL,NULL),(6785,1376,0,0,0,1,0,NULL,1391,'2025-04-20 14:42:02','2025-04-20 14:43:25',40,NULL,NULL,NULL),(6786,1376,0,0,0,1,0,NULL,1391,'2025-04-20 14:42:04','2025-04-20 14:42:11',40,NULL,NULL,NULL),(6787,1376,0,0,0,1,0,NULL,1391,'2025-04-20 15:01:08','2025-04-20 16:08:48',40,NULL,NULL,NULL),(6788,1376,0,0,0,1,0,NULL,1391,'2025-04-20 15:03:27','2025-04-20 16:08:44',40,NULL,NULL,NULL),(6789,1376,0,0,0,1,0,NULL,1391,'2025-04-20 16:55:21','2025-04-21 11:57:03',40,NULL,NULL,NULL),(6791,1382,0,0,0,1,0,NULL,1400,'2025-04-22 10:16:24','2025-04-22 10:16:25',41,NULL,NULL,NULL),(6792,1382,0,0,0,1,0,NULL,1400,'2025-04-22 10:17:30','2025-04-22 10:17:31',41,NULL,NULL,NULL),(6793,1382,0,0,0,1,0,NULL,1400,'2025-04-22 10:17:33','2025-04-22 10:20:25',41,NULL,NULL,NULL),(6794,1382,0,0,0,1,0,NULL,1400,'2025-04-22 10:20:26','2025-04-22 10:20:30',41,NULL,NULL,NULL),(6795,1382,0,0,0,1,0,NULL,1400,'2025-04-22 10:20:38','2025-04-22 10:21:59',41,NULL,NULL,NULL),(6796,1382,0,0,0,1,0,NULL,1400,'2025-04-22 10:22:01','2025-04-22 10:38:35',41,NULL,NULL,NULL),(6797,1382,0,0,0,1,0,NULL,1400,'2025-04-22 10:29:07','2025-04-22 10:29:15',41,NULL,NULL,NULL),(6798,1379,0,0,0,1,0,NULL,1394,'2025-04-29 17:47:31','2025-04-29 17:47:44',40,NULL,NULL,NULL),(6800,1379,0,0,0,1,0,NULL,1394,'2025-04-29 17:49:17','2025-04-29 17:50:52',40,NULL,NULL,NULL),(6801,1379,0,0,0,1,0,NULL,1394,'2025-04-29 17:50:52','2025-04-29 17:51:20',40,NULL,NULL,NULL),(6802,1377,0,0,0,1,0,NULL,1392,'2025-05-02 17:25:51','2025-05-02 17:26:35',40,NULL,NULL,NULL),(6803,1386,0,0,0,1,0,NULL,1404,'2025-05-03 09:14:54','2025-05-03 09:16:21',39,NULL,NULL,NULL),(6805,1387,1,0,1,0,0,NULL,1405,'2025-05-03 09:24:53','2025-05-03 09:25:37',41,1001,100,15),(6806,1387,0,0,0,1,0,NULL,1405,'2025-05-03 09:25:53','2025-05-03 09:26:06',41,NULL,NULL,NULL),(6807,1387,0,0,0,1,0,NULL,1405,'2025-05-03 09:26:34','2025-05-03 09:27:04',41,NULL,NULL,NULL),(6809,1387,1,0,1,0,0,NULL,1405,'2025-05-03 09:28:32','2025-05-03 09:33:19',40,980,2499,249),(6811,1387,1,0,1,0,0,NULL,1405,'2025-05-03 09:37:31','2025-05-03 09:41:34',40,939,399,37),(6812,1386,0,0,0,1,0,NULL,1404,'2025-05-03 09:42:12','2025-05-03 09:42:13',39,NULL,NULL,NULL),(6813,1386,0,0,0,1,0,NULL,1404,'2025-05-03 09:42:25','2025-05-03 09:42:26',39,NULL,NULL,NULL),(6815,1389,1,0,1,0,0,NULL,1407,'2025-05-03 10:07:21','2025-05-03 10:09:22',39,938,1290,580),(6816,1391,1,0,1,0,0,NULL,1409,'2025-05-03 10:27:17','2025-05-03 10:29:43',39,950,11800,1180),(6817,1391,1,0,1,0,0,NULL,1409,'2025-05-03 10:34:31','2025-05-03 10:36:47',39,940,4450,445),(6818,1391,1,0,1,0,0,NULL,1409,'2025-05-03 10:38:18','2025-05-03 10:39:29',39,973,1399000,139900),(6819,1391,1,0,1,0,0,NULL,1409,'2025-05-03 10:41:12','2025-05-03 10:42:12',39,983,7900,790),(6820,1387,0,0,0,1,0,NULL,1405,'2025-05-03 13:01:41','2025-05-03 15:21:17',40,NULL,NULL,NULL),(6821,1387,0,0,0,1,0,NULL,1405,'2025-05-03 15:21:21','2025-05-03 15:21:23',40,NULL,NULL,NULL);

--
-- Table structure for table `permissions`
--

CREATE TABLE `permissions` (
  `id` bigint unsigned NOT NULL AUTO_INCREMENT,
  `name` varchar(191) CHARACTER SET utf8mb4 COLLATE utf8mb4_unicode_ci NOT NULL,
  `guard_name` varchar(191) CHARACTER SET utf8mb4 COLLATE utf8mb4_unicode_ci NOT NULL,
  `created_at` timestamp NULL DEFAULT NULL,
  `updated_at` timestamp NULL DEFAULT NULL,
  PRIMARY KEY (`id`),
  UNIQUE KEY `permissions_name_guard_name_unique` (`name`,`guard_name`)
) ENGINE=InnoDB AUTO_INCREMENT=39 DEFAULT CHARSET=utf8mb4 COLLATE=utf8mb4_unicode_ci ROW_FORMAT=DYNAMIC;

--
-- Dumping data for table `permissions`
--

INSERT INTO `permissions` VALUES (1,'role-list','web','2022-10-17 23:07:51','2022-10-17 23:07:51'),(2,'role-create','web','2022-10-17 23:07:51','2022-10-17 23:07:51'),(3,'role-edit','web','2022-10-17 23:07:51','2022-10-17 23:07:51'),(4,'role-delete','web','2022-10-17 23:07:51','2022-10-17 23:07:51'),(5,'user-list','web','2022-10-17 23:07:51','2022-10-17 23:07:51'),(6,'user-create','web','2022-10-17 23:07:51','2022-10-17 23:07:51'),(7,'user-edit','web','2022-10-17 23:07:51','2022-10-17 23:07:51'),(8,'user-delete','web','2022-10-17 23:07:51','2022-10-17 23:07:51'),(9,'role-infomation','web','2022-10-26 04:36:16','2022-10-26 04:36:16'),(10,'user-infomation','web','2022-10-26 04:36:16','2022-10-26 04:36:16'),(16,'dashboard-list','web','2022-10-26 04:36:17','2022-10-26 04:36:17'),(17,'notification-list','web','2022-10-26 04:36:17','2022-10-26 04:36:17'),(18,'over-view','web','2022-10-26 04:36:17','2022-10-26 04:36:17'),(38,'auto-approve','web','2022-10-31 16:13:13','2022-10-31 16:13:13');

--
-- Table structure for table `post_videos`
--

CREATE TABLE `post_videos` (
  `id` int NOT NULL AUTO_INCREMENT,
  `title` varchar(100) DEFAULT NULL,
  `description` varchar(500) DEFAULT NULL,
  `image_resize` varchar(100) NOT NULL,
  `thumbnail` varchar(100) NOT NULL,
  `video_url` varchar(100) NOT NULL,
  `creator_id` int NOT NULL,
  `updator_id` int NOT NULL,
  `is_active` tinyint NOT NULL,
  `created_at` timestamp NOT NULL DEFAULT CURRENT_TIMESTAMP,
  `updated_at` timestamp NOT NULL DEFAULT CURRENT_TIMESTAMP,
  PRIMARY KEY (`id`)
) ENGINE=MyISAM DEFAULT CHARSET=utf8mb3;

--
-- Dumping data for table `post_videos`
--


--
-- Table structure for table `product_taken_to_lists`
--

CREATE TABLE `product_taken_to_lists` (
  `id` int NOT NULL AUTO_INCREMENT,
  `vip_package_id` int NOT NULL,
  `customer_vip_id` int NOT NULL,
  `product_id` int NOT NULL,
  `percentage_price` double DEFAULT NULL,
  `customer_id` int NOT NULL,
  `is_stop` tinyint NOT NULL DEFAULT '0',
  `is_approve` tinyint NOT NULL DEFAULT '1',
  `is_deposit` tinyint NOT NULL DEFAULT '0',
  `is_hidden` tinyint NOT NULL DEFAULT '0',
  `is_withdraw` tinyint NOT NULL DEFAULT '0',
  `created_at` timestamp NULL DEFAULT CURRENT_TIMESTAMP,
  `updated_at` timestamp NOT NULL DEFAULT CURRENT_TIMESTAMP,
  PRIMARY KEY (`id`)
) ENGINE=MyISAM AUTO_INCREMENT=36016 DEFAULT CHARSET=utf8mb3;

--
-- Dumping data for table `product_taken_to_lists`
--


--
-- Table structure for table `product_takens`
--

CREATE TABLE `product_takens` (
  `id` bigint unsigned NOT NULL AUTO_INCREMENT,
  `vip_package_id` int NOT NULL,
  `customer_vip_id` int NOT NULL,
  `customer_id` int NOT NULL,
  `product_id` int NOT NULL,
  `percentage_price` double DEFAULT NULL,
  `is_taken` tinyint NOT NULL DEFAULT '0',
  `is_stop` tinyint NOT NULL DEFAULT '0',
  `is_approve` tinyint NOT NULL DEFAULT '1',
  `is_withdraw` tinyint NOT NULL DEFAULT '0',
  `is_deposit` tinyint NOT NULL DEFAULT '0',
  `is_hidden` tinyint NOT NULL DEFAULT '0',
  `created_at` timestamp NULL DEFAULT NULL,
  `updated_at` timestamp NULL DEFAULT NULL,
  PRIMARY KEY (`id`)
) ENGINE=InnoDB AUTO_INCREMENT=33332 DEFAULT CHARSET=utf8mb4 COLLATE=utf8mb4_unicode_ci ROW_FORMAT=DYNAMIC;

--
-- Dumping data for table `product_takens`
--


--
-- Table structure for table `product_token_to_lists`
--

CREATE TABLE `product_token_to_lists` (
  `id` bigint unsigned NOT NULL AUTO_INCREMENT,
  `vip_package_id` int NOT NULL,
  `customer_vip_id` int NOT NULL,
  `customer_id` int NOT NULL,
  `product_id` int NOT NULL,
  `percentage_price` double DEFAULT NULL,
  `is_stop` tinyint NOT NULL DEFAULT '0',
  `is_deposit` tinyint NOT NULL DEFAULT '0',
  `is_withdraw` tinyint NOT NULL DEFAULT '0',
  `is_approve` tinyint NOT NULL DEFAULT '1',
  `is_hidden` tinyint NOT NULL DEFAULT '0',
  `created_at` timestamp NULL DEFAULT NULL,
  `updated_at` timestamp NULL DEFAULT NULL,
  PRIMARY KEY (`id`)
) ENGINE=InnoDB DEFAULT CHARSET=utf8mb4 COLLATE=utf8mb4_unicode_ci ROW_FORMAT=DYNAMIC;

--
-- Dumping data for table `product_token_to_lists`
--


--
-- Table structure for table `products`
--

CREATE TABLE `products` (
  `id` bigint unsigned NOT NULL AUTO_INCREMENT,
  `product_title` varchar(191) CHARACTER SET utf8mb4 COLLATE utf8mb4_unicode_ci NOT NULL,
  `price` double NOT NULL,
  `description` varchar(2000) CHARACTER SET utf8mb4 COLLATE utf8mb4_unicode_ci DEFAULT NULL,
  `commission_id` int NOT NULL,
  `image_resize` varchar(100) CHARACTER SET utf8mb4 COLLATE utf8mb4_unicode_ci NOT NULL,
  `thumbnail` varchar(100) CHARACTER SET utf8mb4 COLLATE utf8mb4_unicode_ci NOT NULL,
  `creator_id` int NOT NULL,
  `updator_id` int NOT NULL,
  `is_active` tinyint NOT NULL DEFAULT '1',
  `created_at` timestamp NULL DEFAULT NULL,
  `updated_at` timestamp NULL DEFAULT NULL,
  `sort_number` int DEFAULT NULL,
  `product_code` varchar(191) CHARACTER SET utf8mb4 COLLATE utf8mb4_unicode_ci NOT NULL,
  PRIMARY KEY (`id`)
) ENGINE=InnoDB AUTO_INCREMENT=1002 DEFAULT CHARSET=utf8mb4 COLLATE=utf8mb4_unicode_ci ROW_FORMAT=DYNAMIC;

--
-- Dumping data for table `products`
--

INSERT INTO `products` VALUES (937,'Hivison TV ทีวี LEDTV LED',2879,'Shopee Hivison TV ทีวี LEDTV LED สมาร์ททีวี ดิจิตอลทีวี อนาล็อกทีวี HD ขนาด 32นิ้ว',940,'image_resize/C2gydYkwMC.png','#',1,1,1,'2024-01-05 08:20:12','2024-01-05 08:20:12',1,'พัน'),(938,'นาฬิกาและแว่นตา',1290,'Shopee นาฬิกาและแว่นตา อุปกรณ์สวมใส่ข้อมือ นาฬิกากีฬา Playboy',941,'image_resize/FQ82K5Xs0n.png','#',1,1376,1,'2024-01-05 08:22:06','2025-05-03 09:02:21',2,'พัน'),(939,'กระเป๋าสะพายข้างผู้หญิง MOSSDOOM',399,'Shopee กระเป๋า กระเป๋าสะพายข้าง กระเป๋าสะพายข้างผู้หญิง MOSSDOOM กระเป๋าแฟชั่นเรียบง่าย',942,'image_resize/bTEal8tf8S.png','#',1,1,1,'2024-01-05 08:24:09','2025-04-17 11:15:09',1,'ร้อย'),(940,'นาฬิกาข้อมือผู้ชาย Diver Green Dial Silver รุ่น AR11338',4450,'Shopee Mall Ralunar Official Shop Emporio Armani นาฬิกาข้อมือผู้ชาย Diver Green Dial Silver รุ่น AR11338',943,'image_resize/L04PRcRwMM.png','#',1,1,1,'2024-01-05 08:26:22','2024-01-05 08:26:22',4,'พัน'),(941,'Dowinx Gaming Chair',6900,'AMAZON Dowinx Gaming Chair Fabric with Pocket Spring Cushion',944,'image_resize/diG4kHTVJR.png','#',1,1,1,'2024-01-05 08:29:11','2024-01-05 08:29:11',5,'พัน'),(942,'TROXUS รถวิบาก49cc',9990,'TROXUS รถวิบาก49cc รถจักรยานยนต์ครอสคันทรีความเร็ว 50 กม. / ชั่วโมง มอเตอร์ไซค์เด็ก รถของเล่น มอเตอร์ไซค์ของเล่น',945,'image_resize/KVDC4Ea7LB.png','#',1,1,1,'2024-01-05 08:36:54','2024-02-03 08:03:25',6,'พัน'),(943,'SAMSUNG ตู้เย็น 2 ประตู',12990,'SAMSUNG ตู้เย็น 2 ประตู RB30N4050B1/ST พร้อมด้วย Counter Depth Desig, 10.9 คิว (310 L)',946,'image_resize/WJmhR1bNnq.png','#',1,1,1,'2024-01-05 08:41:16','2024-01-05 08:41:16',7,'หมื่น'),(944,'แหวนเพชรน้ำ 99 สี',14990,'Shopee PRIMA แหวนเพชรน้ำ 99 สี RG แบบ Impression Collection 105R4002-01',947,'image_resize/QKRQauCwna.png','#',1,1,1,'2024-01-05 08:43:41','2024-01-05 08:48:30',8,'หมื่น'),(945,'หูฟังตัดเสียงรบกวนไร้สาย WF-1000XM5',18900,'WF-1000XM5 มาพร้อมเทคโนโลยีทันสมัยเพื่อมอบคุณภาพเสียงระดับพรีเมียมและประสิทธิภาพการตัดเสียงรบกวนที่ยอดเยี่ยมที่สุดในตลาด โปรเซสเซอร์เสียงแบบเรียลไทม์และไมค์ประสิทธิภาพสูงขับเคลื่อนไดรเวอร์ยูนิต Dynamic Driver X ที่ได้รับการออกแบบเป็นพิเศษเพื่อการสร้างความถี่กว้าง เบสลึก และเสียงร้องชัดเจน ได้รับการออกแบบให้คุณดื่มด่ำไปกับเสียงที่ยอดเยี่ยม ให้ความรู้สึกเหมือนคุณอยู่ในสตูดิโอกับศิลปินที่คุณชื่นชอบ หูฟัง WF-1000XM5 ยกมาตรฐานของการฟังที่ไร้การรบกวนและความคมชัดของเสียง',948,'image_resize/Q3tncSvIOE.png','#',1,1,1,'2024-01-05 08:48:06','2024-01-25 06:05:49',8,'หมื่น'),(946,'Samsung เครื่องซักผ้า 2 ถัง',5900,'Samsung เครื่องซักผ้า 2 ถัง 13 kg รุ่น WT13B5040BA/ST SRT-WT13B5040BA/ST',949,'image_resize/tphIP5n2f3.png','#',1,1,1,'2024-01-05 08:52:23','2024-01-05 08:52:23',10,'พัน'),(947,'หม้อทอดไร้น้ำมัน',600,'SMARTHOME สมาร์ทโฮม หม้อทอดไร้น้ำมัน หม้อทอดไฟฟ้า ขนาด 3.5 ลิตร รุ่น MV-1200',950,'image_resize/UWfx5ikY5A.png','#',1,1,1,'2024-01-05 08:53:37','2025-04-17 11:43:15',3,'ร้อย'),(948,'LG 55 นิ้ว',17900,'LG 55 นิ้ว NANO75SQA NanoCell 4K Smart TV รุ่น 55NANO75SQAl HDR10 Pro l LG ThinQ AI l Google Assistant',951,'image_resize/d8mIxSEj0A.png','#',1,1,1,'2024-01-05 08:55:29','2024-01-05 08:55:29',12,'หมื่น'),(949,'LG เครื่องดูดฝุ่น รุ่น A9K-MAX',22490,'LG เครื่องดูดฝุ่น รุ่น A9K-MAX แบบด้ามจับ เทคโนโลยี Kompressor™ พร้อม Smart WI-FI control ควบคุมสั่งงานผ่านสมาร์ทโฟน',952,'image_resize/PzFwEveclA.png','#',1,1,1,'2024-01-05 08:57:48','2024-01-05 08:57:48',13,'หมื่น'),(950,'LG เครื่องฟอกอากาศ PuriCare 360 Hit รุ่น AS60GHWG0',11800,'LG เครื่องฟอกอากาศ PuriCare 360 Hit รุ่น AS60GHWG0',953,'image_resize/HhF3xsRfBr.png','#',1,1,1,'2024-01-05 08:59:20','2024-01-29 13:04:14',14,'พัน'),(951,'LG OLED 4K Smart TV รุ่นOLED48C3PSA',39000,'LG OLED 4K Smart TV รุ่นOLED48C3PSA | Self Lighting |Dolby Vision & Atmos |G-Sync & FreeSync l Hands Free Voice Control',954,'image_resize/a2xhgzL8qC.png','#',1,1,1,'2024-01-05 09:01:44','2024-02-21 12:45:14',15,'หมื่น'),(952,'LG เครื่องอบผ้า รุ่น RV10VHP3W1',30990,'LG เครื่องอบผ้า รุ่น RV10VHP3W1 ระบบ DUAL Inverter Heat Pump™ ความจุ 10 กก. พร้อม Smart WI-FI control',955,'image_resize/Az9GYeX51H.png','#',1,1,1,'2024-01-05 09:03:22','2024-01-05 09:03:22',16,'หมื่น'),(953,'Marshall Woburn III',28990,'Marshall Woburn III ลำโพงบลูทูธ Woburn 3 รับประกันศูนย์ไทย Music Arms',956,'image_resize/1HRcOv12rM.png','#',1,1,1,'2024-01-05 09:07:07','2024-01-05 09:07:07',17,'หมื่น'),(954,'รองเท้าpradaแท้​100​%',35000,'รองเท้าpradaแท้​100​%',957,'image_resize/xBDaJpoK3c.png','#',1,1,1,'2024-01-05 09:12:55','2024-01-05 09:12:55',18,'หมื่น'),(955,'Gucci horsebit สีขาว',189000,'Gucci horsebit สีขาว',958,'image_resize/oDNdzMuA3D.png','#',1,1,1,'2024-01-05 09:20:37','2024-02-08 13:39:25',19,'แสน'),(956,'รถแทรคเตอร์ 105 แรงม้า YTO-NLX1054',980000,'รถแทรคเตอร์ 105 แรงม้า YTO-NLX1054',959,'image_resize/9fYqIW3fWk.png','thumbnail/bdmiR5OLnC.png',1,1,1,'2024-01-05 09:22:18','2024-08-20 03:58:46',20,'แสน'),(957,'แหวนเพชรรอบนิ้ว ProudGems',235000,'Shopee Mall แหวนเพชรรอบนิ้ว ProudGems - Stylish Diamond Ring (RD10468)',960,'image_resize/D2SJwDmBiM.png','#',1,1,1,'2024-01-05 09:25:14','2024-06-14 08:51:18',22,'แสน'),(958,'เครื่องผลิตน้ำไฮโดรเจน NECTAR HYDROGEN',159000,'เครื่องผลิตน้ำไฮโดรเจน NECTAR HYDROGEN WATER รับประกัน 1 ปี ผ่อน0% ช่วงนี้มีของแถมมูลค่า',961,'image_resize/tjI7zqQWWT.png','thumbnail/7g9oaWT8Qp.png',1,1,1,'2024-01-05 10:43:39','2024-02-08 13:24:30',23,'แสน'),(959,'AUN mini Projector Android 9 Beamer Ubeamer 1 Pro 4K Video Projector Decode Home Theater',42000,'AUN mini Projector Android 9 Beamer Ubeamer 1 Pro 4K Video Projector Decode Home Theater',962,'image_resize/2VTZS1YgFd.png','thumbnail/8UZ6Mxj6nI.png',1,1,1,'2024-01-05 10:46:19','2024-06-12 08:02:17',24,'หมื่น'),(960,'ตู้กาแฟหยอดเหรียญ',25700,'ตู้กาแฟหยอดเหรียญ รองรับ 4 เหรียญไทย 1,2,5,10 บาท ชนิดเครื่องดื่ม 3 ชนิด ระบบสายปั้มน้ำในถัง',963,'image_resize/xZUxqTl9p5.png','#',1,1,1,'2024-01-05 10:48:12','2024-01-05 10:48:12',25,'หมื่น'),(961,'โคมระย้า',60990,'โคมระย้าห้องรับประทานอาหารโคมไฟคริสตัลหรูหราเบาๆโคมไฟตั้งโต๊ะสี่เหลี่ยมสไตล์อิตาลีโมเดิร์นเรียบง่ายสไตล์ยุโรปห้องนั่งเล่น',964,'image_resize/snmRAcKWBa.png','thumbnail/ILfBoDveBj.png',1,1,1,'2024-01-05 10:52:49','2024-07-16 12:58:55',26,'หมื่น'),(962,'แทรกเตอร์คูโบต้า M9808',355000,'แทรกเตอร์คูโบต้า M9808',965,'image_resize/DkqZzkbKS1.png','thumbnail/uWoD50K0Si.png',1,1,1,'2024-02-04 10:26:30','2024-05-27 13:24:50',4,'แสน'),(963,'Alibaba Leili บิ๊กเครื่องบินทิ้งระเบิด12000วัตต์ Enduro E จักรยานที่เร็วที่สุดไฟฟ้า',180000,NULL,966,'image_resize/NLBrwojRDj.png','#',1,1,1,'2024-02-04 10:27:30','2024-02-08 13:23:05',NULL,'แสน'),(964,'Amazon Kawasaki Ninja 400 ขนาด 399 ซีซี. DOHC 8 วาล์ว ทำงานร่วมกับเกียร์ 6 สปีด',320000,NULL,967,'image_resize/h6Aby2WOjv.png','#',1,1,1,'2024-02-04 10:30:09','2024-05-24 05:45:35',2,'แสน'),(965,'Alibaba Chery QQ-Ice Cream รถมือสองรถไฟฟ้า2023รุ่นใหม่ล่าสุด',220000,NULL,968,'image_resize/j9W9MrYTU1.png','#',1,1,1,'2024-02-04 10:31:08','2024-02-08 12:50:38',4,'แสน'),(966,'LazadaViolin Akord Kvint Jan Loenz No.10 ไวโอลิน by Churairat Music',110000,NULL,969,'image_resize/4EtmkBaki9.png','#',1,1,1,'2024-02-04 10:32:09','2024-02-08 12:51:06',4,'แสน'),(967,'AMAZON Apple iPhone 12, 64GB, Red - Unlocked (Renewed Premium) Visit the Amazon Renewed Store',16000,NULL,970,'image_resize/5xl5OMdlbP.png','#',1,1,1,'2024-02-04 10:32:43','2024-02-08 12:51:27',4,'หมื่น'),(968,'Lazada Yamaha SG1802 กีตาร์ไฟฟ้า 6 สาย 22 เฟร็ต ไม้ เมเปิ้ล',84000,NULL,971,'image_resize/kKyu2LSS7s.png','#',1,1,1,'2024-02-04 10:33:31','2024-02-14 06:02:05',5,'หมื่น'),(969,'Alibaba มุมหรูหรา3ที่นั่งออกแบบปกชุดโซฟาที่ทันสมัยเฟอร์นิเจอร์',51000,NULL,972,'image_resize/2RQNfh9kBG.png','#',1,1,1,'2024-02-04 10:35:07','2024-02-08 13:44:19',2,'หมื่น'),(970,'Shopee คอมพิวเตอร์และแล็ปท็อป แล็ปท็อปและคอมตั้งโต๊ะ Gaming ยี่ห้อ Intel(อินเทล)',21490,NULL,973,'image_resize/x0LLhEhZGt.png','#',1,1,1,'2024-02-04 10:35:50','2024-02-14 06:01:49',4,'หมื่น'),(971,'Lazada Roland TD-27K กลองไฟฟ้า',75450,NULL,974,'image_resize/6GXGsoBv6H.png','#',1,1,1,'2024-02-04 10:36:31','2024-02-04 10:36:31',4,'1'),(972,'Shopee Superhomefactory Official Shop  เครื่องใช้ในบ้าน สวน อื่นๆ ยี่ห้อ Tazawa',45000,NULL,975,'image_resize/a9GUix4WD3.png','#',1,1,1,'2024-02-04 10:39:59','2024-02-04 10:39:59',4,'1'),(973,'Amazon Recommended Priceเครื่องยนต์ 998 ซีซี  divided  แรงบิดสูงสุด 113.3 นิวตันเมตร',1399000,NULL,976,'image_resize/QFBb7EdQ4Y.png','#',1,1,1,'2024-02-04 10:40:59','2024-08-21 04:53:42',4,'ล้าน'),(974,'opee Mall เปียโนอัพไรท์ Kawai K-15E พร้อมเก้าอี้',137500,NULL,977,'image_resize/zbV0ZXIlZ3.png','#',1,1,1,'2024-02-04 10:51:04','2024-02-08 12:45:22',2,'แสน'),(975,'oppo a17',3500,'oppo a17 (6G/128G)ถูกที่สุด แถมฟรี อุปกรณ์เสริมมือถือครบชุด ปลดล็อคลายนิ้วมือ จอใหญ่ แบต 5000mAh ประกันร้าน 1 ปี',978,'image_resize/P7bWOJX1ak.png','#',1,1,1,'2024-02-07 13:25:36','2024-06-04 16:14:41',3,'พัน'),(976,'OPPO A55 5G',2990,'OPPO A55 5G 6.5 นิ้ว (แรม8 รอม256 GB.) Android11. (ติดฟิล์มกระจกให้ฟรี+ฟรีเคสใส) ประกันร้าน 1 ปี.',979,'image_resize/jhoK6fH7DS.png','#',1,1,1,'2024-02-07 13:29:26','2024-02-07 13:29:26',NULL,'พัน'),(977,'เพชรน้ำงาม เพชรรอบ',279000,NULL,980,'image_resize/bUk5Mqy4ft.png','#',1,1,1,'2024-02-08 05:10:25','2024-02-08 05:10:25',NULL,'แสน'),(978,'โคมไฟคริสตัลระย้า',33590,'โคมไฟคริสตัลนระย้า ทำด้วยคริสตัล K9 แท้\r\n\r\nเหมาะสำหรับห้องนั่งเล่น ห้องอาหาร โถงบันได\r\n\r\n60x200 cm 8H Free LED',981,'image_resize/5j2O7eh2RX.png','#',1,1,1,'2024-02-08 07:16:19','2024-02-08 13:44:40',NULL,'หมื่น'),(979,'โคมไฟคริสตัลระย้า โคมไฟบันได รหัส MZ-002',28100,'คมไฟเพดาน คริสตัส ระย้า\r\n\r\nทำจากคริสตัลทั้งหมด ทางโรงงานจะร้อยคริสตัลมาให้เรียบร้อย เวลาติดตั้งให้ใช้เส้นคริสตัลเกี่ยวที่ฐานโคมไฟได้เลย',982,'image_resize/hEIgrKBMpC.png','thumbnail/d3HSJIuWaM.png',1,1,1,'2024-02-08 12:42:06','2025-04-17 12:06:32',43,'หมื่น'),(980,'เก้าอี้สำนักงาน เบาะหนัง พนักพิงพับเก็บได้ สีดำ/สีขาว',2499,NULL,983,'image_resize/tlrshakvPG.png','#',1,1,1,'2024-02-08 12:49:30','2024-02-08 12:49:30',44,'พัน'),(981,'เก้าอี้ไฟฟ้านวดตัวอัตโนมัติ',3900,'เก้าอี้ไฟฟ้านวดตัวอัตโนมัติ',984,'image_resize/1o7xqsMQyS.png','thumbnail/nIQ9odDyO1.png',1,1,1,'2024-02-08 13:08:52','2024-02-13 12:00:05',53,'พัน'),(982,'เก้าอี้เกมมิ่ง Neolution',7500,'เก้าอี้เกมมิ่ง Neolution',985,'image_resize/AcTKUuksr2.png','thumbnail/Qzk70YBDNH.png',1,1,1,'2024-02-08 13:09:50','2024-05-27 13:29:30',44,'พัน'),(983,'FROZEN เก้าอี้เพื่อสุขภาพ พนักพิง',7900,NULL,986,'image_resize/REAG3OvWZB.png','#',1,1,1,'2024-02-08 13:11:30','2024-02-08 13:11:30',44,'พัน'),(984,'itimtoys รถจิ๊บรุ่นใหม่ 5 รถแบตเตอรี่เด็ก มอเตอร์บังคับผ่านมือถือได้ รถจิ๊บ  261 ✔ 2',1999,'Product image 🔥 โปรโมชั่นดุดัน ไม่เกรงใจใคร 🔥 itimtoys รถจิ๊บรุ่นใหม่ 5 รถแบตเตอรี่เด็ก มอเตอร์บังคับผ่านมือถือได้ รถจิ๊บ  261',987,'image_resize/a6pBNqTcr5.png','#',1,1,1,'2024-02-13 11:24:16','2024-02-13 12:05:12',5,'พัน'),(985,'สระน้ำเหลี่ยม',100,NULL,988,'image_resize/7E8SHfOyoQ.png','#',1,1,1,'2024-02-13 11:27:23','2025-04-17 11:43:49',6,'ร้อย'),(986,'โมบายติดเตียงเด็ก โมบายตุ๊กผ้า สไตลเกาหลี มีเสียงดนตรี 35 เพลง',1500,'โมบายติดเตียงเด็ก โมบายตุ๊กผ้า สไตลเกาหลี มีเสียงดนตรี 35 เพลง',989,'image_resize/Y44paiS3cG.png','#',1,1,1,'2024-02-13 11:30:42','2024-02-13 11:30:42',7,'พัน'),(987,'ตัวต่อแม่เหล็ก',1890,NULL,990,'image_resize/p9tZvNgmgC.png','#',1,1,1,'2024-02-13 11:32:20','2024-02-13 11:32:20',8,'พัน'),(988,'แหวนเพชรแท้ 💎 เพชรเบลเยี่ยมคัต น้ำ100 ทองคำแท้9K',13500,NULL,991,'image_resize/IZuv6dV99Q.png','#',1,1,1,'2024-02-13 11:34:53','2024-02-13 11:34:53',NULL,'หมื่น'),(989,'แหวนเพชรแท้ 💎 เพชรเบลเยี่ยมคัต น้ำ100 ทองคำแท้9K',8890,NULL,992,'image_resize/x0a2IhfBNR.png','#',1,1,1,'2024-02-13 11:37:07','2025-04-17 12:05:31',9,'พัน'),(990,'เพชรแท้ 💎 ทองคำแท้9K (ทอง37.5%) เพชรแท้น้ำ100 เบลเยี่ยมคัต',15300,NULL,993,'image_resize/A256X1lBXD.png','#',1,1,1,'2024-02-13 11:38:58','2024-02-13 11:38:58',10,'พัน'),(991,'โคมระย้าวิศวกรรมโรงแรมอาคารดูเพล็กซ์ห้องนั่งเล่น',125000,'วิลล่าที่กำหนดเองสไตล์ยุโรปทิฟฟานี่โคมระย้าวิศวกรรมโรงแรมอาคารดูเพล็กซ์ห้องนั่งเล่นห้องนอนโคมไฟร้านอาหารสร้างสรรค์ไฟบาร์',994,'image_resize/bhjoIBt13U.png','thumbnail/KRoOn7e7u4.png',1,1,1,'2024-02-13 11:44:43','2024-02-13 11:57:28',51,'แสน'),(992,'โคมไฟระย้าแบบกลวงในวิลล่า',609000,NULL,995,'image_resize/f7IEbKyz13.png','#',1,1,1,'2024-02-13 11:53:07','2024-06-02 07:42:30',NULL,'แสน'),(993,'Benbofranchisestore เก้าอี้นวด เก้าอี้นวดไฟฟ้า',15590,'Benbofranchisestore เก้าอี้นวด เก้าอี้นวดไฟฟ้า',996,'image_resize/9LJC2g3fFx.png','#',1,1,1,'2024-02-13 12:02:24','2024-02-13 12:02:24',58,'หมื่น'),(994,'แล็ปท็อป Pro15 2023 Ryzen R7-7840HS AMD Radeon 780M 16GB',3898,'ชุด',997,'image_resize/ZlaR7x0zB8.png','thumbnail/JDXTL7LatY.png',1,1376,1,'2024-02-14 05:38:05','2025-05-03 12:17:23',NULL,'6689'),(995,'ASUS ร็อคสตริกซ์แผลเป็น18 Intel แกน I9 13980HX 64G RAM 2T',289000,'แล็ปท็อปสำหรับเล่นเกม ASUS ร็อคสตริกซ์แผลเป็น18 Intel แกน I9 13980HX 64G RAM 2T RTX4090 SSD 16GB 2.5K หน้าจอ165Hz 18นิ้วคอมพิวเตอร์',998,'image_resize/XfuEI8bBsC.png','thumbnail/OROJhVY1le.png',1,1,1,'2024-02-14 05:40:40','2024-04-22 15:17:25',60,'แสน'),(996,'Radeon 780M 16GB RAM 512G/2T SSD 15.6นิ้ว3.2K 120Hz โน๊ตบุ๊ค',550000,NULL,999,'image_resize/08zgcrHtE4.png','#',1,1,1,'2024-02-14 06:00:27','2024-05-17 06:48:59',60,'แสน'),(997,'แหวนเพชรเบลเยี่ยม',99000,NULL,1000,'image_resize/T3Ylphfsun.png','#',1,1,1,'2024-02-26 13:58:10','2024-02-26 13:58:10',68,'หมื่น'),(998,'A LIMITED EDITION NATUREL BARÉNIA LEATHER & OSIER PICNIC KELLY 35 WITH PALLADIUM HARDWARE HERMÈS, 2011',1050000,NULL,1001,'image_resize/tPgUdkb8ad.png','#',1,1,1,'2024-04-10 11:56:06','2024-06-15 12:12:42',68,'ล้าน'),(999,'A LIMITED EDITION NATUREL BARÉNIA LEATHER & OSIER PICNIC KELLY 35 WITH PALLADIUM HARDWARE HERMÈS, 2011',1500000,'A LIMITED EDITION NATUREL BARÉNIA LEATHER & OSIER PICNIC KELLY 35 WITH PALLADIUM HARDWARE HERMÈS, 2011',1002,'image_resize/SxAN9uoJGd.png','#',1,1,1,'2024-05-08 11:07:10','2024-05-08 11:07:10',88,'88'),(1000,'แทรกเตอร์ M108S',2390000,'แทรกเตอร์ M108S',1003,'image_resize/mWNUjxhdFe.png','#',1,1,1,'2024-05-27 13:31:59','2024-05-27 13:31:59',60,'ล้าน'),(1001,'กระเป๋าสตางค์ผู้หญิงสีพาสเทล',100,'CHENSON W20333-7',1004,'image_resize/1R6T4D0xvR.png','#',1,1,1,'2025-04-17 11:01:30','2025-04-17 11:42:01',97,'ร้อย');

--
-- Table structure for table `role_has_permissions`
--

CREATE TABLE `role_has_permissions` (
  `permission_id` bigint unsigned NOT NULL,
  `role_id` bigint unsigned NOT NULL,
  PRIMARY KEY (`permission_id`,`role_id`),
  KEY `role_has_permissions_role_id_foreign` (`role_id`),
  CONSTRAINT `role_has_permissions_permission_id_foreign` FOREIGN KEY (`permission_id`) REFERENCES `permissions` (`id`) ON DELETE CASCADE,
  CONSTRAINT `role_has_permissions_role_id_foreign` FOREIGN KEY (`role_id`) REFERENCES `roles` (`id`) ON DELETE CASCADE
) ENGINE=InnoDB DEFAULT CHARSET=utf8mb4 COLLATE=utf8mb4_unicode_ci ROW_FORMAT=DYNAMIC;

--
-- Dumping data for table `role_has_permissions`
--

INSERT INTO `role_has_permissions` VALUES (1,1),(2,1),(3,1),(4,1),(5,1),(6,1),(7,1),(8,1),(9,1),(10,1),(16,1),(17,1),(18,1),(38,1),(18,4);

--
-- Table structure for table `roles`
--

CREATE TABLE `roles` (
  `id` bigint unsigned NOT NULL AUTO_INCREMENT,
  `name` varchar(191) CHARACTER SET utf8mb4 COLLATE utf8mb4_unicode_ci NOT NULL,
  `guard_name` varchar(191) CHARACTER SET utf8mb4 COLLATE utf8mb4_unicode_ci NOT NULL,
  `created_at` timestamp NULL DEFAULT NULL,
  `updated_at` timestamp NULL DEFAULT NULL,
  PRIMARY KEY (`id`),
  UNIQUE KEY `roles_name_guard_name_unique` (`name`,`guard_name`)
) ENGINE=InnoDB AUTO_INCREMENT=6 DEFAULT CHARSET=utf8mb4 COLLATE=utf8mb4_unicode_ci ROW_FORMAT=DYNAMIC;

--
-- Dumping data for table `roles`
--

INSERT INTO `roles` VALUES (1,'Admin','web','2022-10-16 01:42:27','2022-10-16 01:42:27'),(4,'Management','web','2022-10-23 04:41:50','2022-10-23 04:41:50');

--
-- Table structure for table `sells`
--

CREATE TABLE `sells` (
  `id` bigint unsigned NOT NULL AUTO_INCREMENT,
  `order_id` int NOT NULL,
  `status` int NOT NULL,
  `created_at` timestamp NULL DEFAULT NULL,
  `updated_at` timestamp NULL DEFAULT NULL,
  PRIMARY KEY (`id`)
) ENGINE=InnoDB AUTO_INCREMENT=3003 DEFAULT CHARSET=utf8mb4 COLLATE=utf8mb4_unicode_ci ROW_FORMAT=DYNAMIC;

--
-- Dumping data for table `sells`
--

INSERT INTO `sells` VALUES (2973,6647,1,'2025-03-06 21:56:57','2025-03-13 11:09:06'),(2974,6648,1,'2025-03-08 13:24:44','2025-03-13 11:09:08'),(2975,6651,1,'2025-03-13 11:07:59','2025-03-13 11:09:09'),(2976,6658,1,'2025-03-19 17:14:25','2025-03-19 17:15:05'),(2977,6661,1,'2025-03-19 17:27:01','2025-03-19 17:27:09'),(2978,6665,1,'2025-03-19 17:27:47','2025-03-19 17:27:49'),(2979,6664,1,'2025-03-19 17:29:07','2025-03-19 17:29:36'),(2980,6663,1,'2025-03-19 17:29:34','2025-03-19 17:29:41'),(2981,6666,1,'2025-03-19 17:57:18','2025-03-19 17:57:53'),(2982,6667,1,'2025-03-19 17:57:43','2025-03-19 17:57:52'),(2983,6668,1,'2025-03-19 17:58:52','2025-03-19 17:59:15'),(2984,6669,1,'2025-03-19 17:59:25','2025-03-19 17:59:32'),(2985,6690,1,'2025-04-17 11:56:32','2025-04-17 11:57:17'),(2986,6694,1,'2025-04-19 12:30:44','2025-04-19 12:31:22'),(2987,6699,1,'2025-04-19 12:59:37','2025-04-19 13:03:56'),(2988,6703,1,'2025-04-19 13:53:36','2025-04-19 13:55:41'),(2989,6706,1,'2025-04-19 14:17:19','2025-04-19 14:18:36'),(2990,6711,1,'2025-04-19 14:35:17','2025-04-19 14:36:18'),(2991,6723,1,'2025-04-19 15:00:24','2025-04-19 15:02:09'),(2992,6738,1,'2025-04-19 15:41:15','2025-04-19 15:58:19'),(2993,6736,1,'2025-04-19 15:51:22','2025-04-19 15:53:49'),(2994,6765,1,'2025-04-19 19:30:39','2025-04-20 14:37:39'),(2995,6805,1,'2025-05-03 09:25:37','2025-05-03 09:26:00'),(2996,6809,1,'2025-05-03 09:33:19','2025-05-03 09:33:27'),(2997,6811,1,'2025-05-03 09:41:34','2025-05-03 09:42:53'),(2998,6815,1,'2025-05-03 10:09:22','2025-05-03 10:09:30'),(2999,6816,1,'2025-05-03 10:29:43','2025-05-03 10:29:47'),(3000,6817,1,'2025-05-03 10:36:47','2025-05-03 10:37:02'),(3001,6818,2,'2025-05-03 10:39:29','2025-05-03 10:39:49'),(3002,6819,2,'2025-05-03 10:42:12','2025-05-03 10:42:59');

--
-- Table structure for table `settings`
--

CREATE TABLE `settings` (
  `id` bigint unsigned NOT NULL AUTO_INCREMENT,
  `module_name` varchar(191) CHARACTER SET utf8mb4 COLLATE utf8mb4_unicode_ci NOT NULL,
  `is_auto` tinyint NOT NULL DEFAULT '0',
  `user_id` int NOT NULL,
  `created_at` timestamp NULL DEFAULT NULL,
  `updated_at` timestamp NULL DEFAULT NULL,
  `partner` varchar(191) CHARACTER SET utf8mb4 COLLATE utf8mb4_unicode_ci NOT NULL DEFAULT '660,000',
  `brand_to_promote` varchar(191) CHARACTER SET utf8mb4 COLLATE utf8mb4_unicode_ci NOT NULL DEFAULT '500',
  `total_sale` varchar(191) CHARACTER SET utf8mb4 COLLATE utf8mb4_unicode_ci NOT NULL DEFAULT '$2.6พันล้าน',
  `payment_to_partner` varchar(191) CHARACTER SET utf8mb4 COLLATE utf8mb4_unicode_ci NOT NULL DEFAULT '$38.6ล้าน',
  `working_hours` varchar(191) CHARACTER SET utf8mb4 COLLATE utf8mb4_unicode_ci NOT NULL DEFAULT 'เวลาทำการ 11.30-23.30 น. สมาชิกพร้อมทำรายการสามารถติดต่อศูนย์บริการได้ตลอดเวลาทำการค่ะworking_hours_to_settings_table --table=settings',
  PRIMARY KEY (`id`)
) ENGINE=InnoDB AUTO_INCREMENT=2 DEFAULT CHARSET=utf8mb4 COLLATE=utf8mb4_unicode_ci ROW_FORMAT=DYNAMIC;

--
-- Dumping data for table `settings`
--

INSERT INTO `settings` VALUES (1,'auto-approve',1,1,'2022-11-07 18:04:29','2025-04-02 21:10:30','800,000','50000000','$2.6พันล้าน','$28.6ล้าน','เวลาทำการ 10.00 น.-21.00 น. สมาชิกพร้อมทำรายการสามารถติดต่อศูนย์บริการได้ตลอดเวลาทำการค่ะ');

--
-- Table structure for table `slides`
--

CREATE TABLE `slides` (
  `id` bigint unsigned NOT NULL AUTO_INCREMENT,
  `is_active` tinyint(1) NOT NULL DEFAULT '1',
  `feature_image` varchar(191) CHARACTER SET utf8mb4 COLLATE utf8mb4_unicode_ci NOT NULL,
  `order` int NOT NULL,
  `slide_type` int NOT NULL DEFAULT '1',
  `deleted_at` timestamp NULL DEFAULT NULL,
  `created_at` timestamp NULL DEFAULT NULL,
  `updated_at` timestamp NULL DEFAULT NULL,
  PRIMARY KEY (`id`)
) ENGINE=InnoDB AUTO_INCREMENT=5 DEFAULT CHARSET=utf8mb4 COLLATE=utf8mb4_unicode_ci ROW_FORMAT=DYNAMIC;

--
-- Dumping data for table `slides`
--

INSERT INTO `slides` VALUES (1,1,'storage/slides/1822851266313381.jpg',1,2,NULL,'2023-11-20 15:47:28','2025-02-01 17:40:58'),(2,1,'storage/slides/1822851354895163.jpg',2,2,NULL,'2025-02-01 17:41:59','2025-02-01 17:41:59'),(3,1,'storage/slides/1822851388341780.jpg',3,2,NULL,'2025-02-01 17:42:31','2025-02-01 17:42:31'),(4,1,'storage/slides/1822851995838736.jpg',4,2,NULL,'2025-02-01 17:52:11','2025-02-01 17:57:52');

--
-- Table structure for table `user_logins`
--

CREATE TABLE `user_logins` (
  `id` bigint unsigned NOT NULL AUTO_INCREMENT,
  `user_id` bigint unsigned DEFAULT NULL,
  `login_area` varchar(191) CHARACTER SET utf8mb4 COLLATE utf8mb4_unicode_ci DEFAULT NULL,
  `login_browser` varchar(191) CHARACTER SET utf8mb4 COLLATE utf8mb4_unicode_ci DEFAULT NULL,
  `login_device` varchar(191) CHARACTER SET utf8mb4 COLLATE utf8mb4_unicode_ci DEFAULT NULL,
  `deleted_at` timestamp NULL DEFAULT NULL,
  `created_at` timestamp NULL DEFAULT NULL,
  `updated_at` timestamp NULL DEFAULT NULL,
  `is_online` tinyint(1) NOT NULL DEFAULT '0',
  `last_seen` timestamp NULL DEFAULT NULL,
  PRIMARY KEY (`id`)
) ENGINE=InnoDB AUTO_INCREMENT=12818 DEFAULT CHARSET=utf8mb4 COLLATE=utf8mb4_unicode_ci ROW_FORMAT=DYNAMIC;

--
-- Dumping data for table `user_logins`
--

INSERT INTO `user_logins` VALUES (12567,1,'Phnom Penh, Cambodia, IP 36.37.196.215','Chrome 131.0.0.0','Linux',NULL,'2025-03-04 22:12:33','2025-05-03 17:08:11',1,'2025-05-03 17:08:11'),(12568,NULL,'California, United States, IP 66.102.0.0','Chrome 133.0.0.0','Windows',NULL,'2025-03-04 23:11:47','2025-03-04 23:11:47',0,NULL),(12569,1369,'California, United States, IP 66.102.0.0','Safari 16.6','iOS',NULL,'2025-03-04 23:14:35','2025-04-17 11:21:41',1,'2025-04-17 11:21:41'),(12570,NULL,'California, United States, IP 66.102.0.0','Chrome 133.0.6943.137','AndroidOS',NULL,'2025-03-05 13:29:14','2025-03-05 13:29:14',0,NULL),(12571,1369,'California, United States, IP 66.102.0.0','Chrome 133.0.0.0','Windows',NULL,'2025-03-05 18:06:41','2025-04-17 11:21:41',1,'2025-04-17 11:21:41'),(12572,1369,'California, United States, IP 66.102.0.0','Chrome 133.0.0.0','Windows',NULL,'2025-03-05 20:41:01','2025-04-17 11:21:41',1,'2025-04-17 11:21:41'),(12573,1,'Phnom Penh, Cambodia, IP 118.67.205.208','Chrome 133.0.0.0','Windows',NULL,'2025-03-06 11:07:34','2025-05-03 17:08:11',1,'2025-05-03 17:08:11'),(12574,1,'Phnom Penh, Cambodia, IP 118.67.205.208','Chrome 133.0.0.0','Windows',NULL,'2025-03-06 11:11:34','2025-05-03 17:08:11',1,'2025-05-03 17:08:11'),(12575,NULL,'California, United States, IP 66.102.0.0','Chrome 133.0.0.0','Windows',NULL,'2025-03-06 11:23:42','2025-03-06 11:23:42',0,NULL),(12576,1369,'California, United States, IP 66.102.0.0','Chrome 133.0.0.0','Windows',NULL,'2025-03-06 12:23:12','2025-04-17 11:21:41',1,'2025-04-17 11:21:41'),(12577,1371,'California, United States, IP 66.102.0.0','Chrome 133.0.0.0','Windows',NULL,'2025-03-06 13:33:15','2025-03-06 22:05:51',1,'2025-03-06 22:05:51'),(12578,1,'Phnom Penh, Cambodia, IP 118.67.205.41','Chrome 133.0.0.0','Windows',NULL,'2025-03-06 19:37:00','2025-05-03 17:08:11',1,'2025-05-03 17:08:11'),(12579,NULL,'California, United States, IP 66.102.0.0','Chrome 133.0.0.0','Windows',NULL,'2025-03-06 19:45:02','2025-03-06 19:45:02',0,NULL),(12580,NULL,'California, United States, IP 66.102.0.0','Chrome 134.0.0.0','Windows',NULL,'2025-03-06 19:48:13','2025-03-06 19:48:13',0,NULL),(12581,1369,'California, United States, IP 66.102.0.0','Chrome 133.0.0.0','Windows',NULL,'2025-03-06 19:54:00','2025-04-17 11:21:41',1,'2025-04-17 11:21:41'),(12582,NULL,'California, United States, IP 66.102.0.0','Safari ','iOS',NULL,'2025-03-06 20:40:58','2025-03-06 20:40:58',0,NULL),(12583,1,'Phnom Penh, Cambodia, IP 110.74.192.17','Chrome 126.0.0.0','Linux',NULL,'2025-03-06 20:54:54','2025-05-03 17:08:11',1,'2025-05-03 17:08:11'),(12584,1370,'California, United States, IP 66.102.0.0','Chrome 126.0.0.0','Linux',NULL,'2025-03-06 21:03:06','2025-05-03 15:44:51',1,'2025-05-03 15:44:51'),(12585,1371,'California, United States, IP 66.102.0.0','Chrome 133.0.0.0','Windows',NULL,'2025-03-06 21:07:42','2025-03-06 22:05:51',1,'2025-03-06 22:05:51'),(12586,1369,'California, United States, IP 66.102.0.0','Safari 17.6.1','iOS',NULL,'2025-03-07 16:37:16','2025-04-17 11:21:41',1,'2025-04-17 11:21:41'),(12587,1369,'California, United States, IP 66.102.0.0','Safari 17.6.1','iOS',NULL,'2025-03-07 16:52:26','2025-04-17 11:21:41',1,'2025-04-17 11:21:41'),(12588,1372,'California, United States, IP 66.102.0.0','Safari 16.6','iOS',NULL,'2025-03-08 12:50:16','2025-03-20 20:51:48',1,'2025-03-20 20:51:48'),(12589,1,'Phnom Penh, Cambodia, IP 118.67.205.41','Chrome 133.0.0.0','Windows',NULL,'2025-03-08 13:22:35','2025-05-03 17:08:11',1,'2025-05-03 17:08:11'),(12590,1372,'California, United States, IP 66.102.0.0','Safari 16.6','iOS',NULL,'2025-03-08 13:31:09','2025-03-20 20:51:48',1,'2025-03-20 20:51:48'),(12591,1372,'California, United States, IP 66.102.0.0','Safari 16.6','iOS',NULL,'2025-03-08 15:43:03','2025-03-20 20:51:48',1,'2025-03-20 20:51:48'),(12592,1369,'California, United States, IP 66.102.0.0','Safari 18.3.1','iOS',NULL,'2025-03-10 10:36:51','2025-04-17 11:21:41',1,'2025-04-17 11:21:41'),(12593,1369,'California, United States, IP 66.102.0.0','Safari 18.3.1','iOS',NULL,'2025-03-10 10:38:35','2025-04-17 11:21:41',1,'2025-04-17 11:21:41'),(12594,NULL,'California, United States, IP 66.102.0.0','Chrome 133.0.0.0','Windows',NULL,'2025-03-11 13:36:40','2025-03-11 13:36:40',0,NULL),(12595,1369,'California, United States, IP 66.102.0.0','Chrome 133.0.0.0','Windows',NULL,'2025-03-11 20:47:46','2025-04-17 11:21:41',1,'2025-04-17 11:21:41'),(12596,1,'Phnom Penh, Cambodia, IP 118.67.205.41','Chrome 133.0.0.0','Windows',NULL,'2025-03-11 20:48:12','2025-05-03 17:08:11',1,'2025-05-03 17:08:11'),(12597,1372,'California, United States, IP 66.102.0.0','Safari 16.6','iOS',NULL,'2025-03-12 13:44:19','2025-03-20 20:51:48',1,'2025-03-20 20:51:48'),(12598,1,'Phnom Penh, Cambodia, IP 118.67.205.41','Chrome 134.0.0.0','Windows',NULL,'2025-03-12 19:12:07','2025-05-03 17:08:11',1,'2025-05-03 17:08:11'),(12599,1369,'California, United States, IP 66.102.0.0','Chrome 134.0.0.0','Windows',NULL,'2025-03-12 20:56:06','2025-04-17 11:21:41',1,'2025-04-17 11:21:41'),(12600,1375,'California, United States, IP 66.102.0.0','Chrome 134.0.0.0','Windows',NULL,'2025-03-13 10:30:43','2025-03-13 11:15:10',1,'2025-03-13 11:15:10'),(12601,1372,'California, United States, IP 66.102.0.0','Safari 16.6','iOS',NULL,'2025-03-13 10:34:20','2025-03-20 20:51:48',1,'2025-03-20 20:51:48'),(12602,1,'Phnom Penh, Cambodia, IP 118.67.205.41','Chrome 134.0.0.0','Windows',NULL,'2025-03-13 11:06:13','2025-05-03 17:08:11',1,'2025-05-03 17:08:11'),(12603,1369,'California, United States, IP 66.102.0.0','Safari 18.3.1','iOS',NULL,'2025-03-15 23:33:44','2025-04-17 11:21:41',1,'2025-04-17 11:21:41'),(12604,1369,'California, United States, IP 66.102.0.0','Safari 16.6','iOS',NULL,'2025-03-19 14:03:25','2025-04-17 11:21:41',1,'2025-04-17 11:21:41'),(12605,1,'Phnom Penh, Cambodia, IP 118.67.205.237','Chrome 134.0.0.0','Windows',NULL,'2025-03-19 14:13:20','2025-05-03 17:08:11',1,'2025-05-03 17:08:11'),(12606,1,'Phnom Penh, Cambodia, IP 118.67.205.237','Chrome 134.0.0.0','Windows',NULL,'2025-03-19 14:13:26','2025-05-03 17:08:11',1,'2025-05-03 17:08:11'),(12607,1,'Phnom Penh, Cambodia, IP 118.67.205.237','Chrome 134.0.0.0','Windows',NULL,'2025-03-19 14:15:50','2025-05-03 17:08:11',1,'2025-05-03 17:08:11'),(12608,1376,'Phnom Penh, Cambodia, IP 118.67.205.237','Chrome 134.0.0.0','Windows',NULL,'2025-03-19 14:18:31','2025-05-03 17:08:11',1,'2025-05-03 17:08:11'),(12609,1376,'California, United States, IP 66.102.0.0','Safari 16.6','iOS',NULL,'2025-03-19 14:23:02','2025-05-03 17:08:11',1,'2025-05-03 17:08:11'),(12610,1376,'Bangkok, Thailand, IP 119.59.127.124','Chrome 134.0.0.0','Windows',NULL,'2025-03-19 14:24:03','2025-05-03 17:08:11',1,'2025-05-03 17:08:11'),(12611,1376,'California, United States, IP 66.102.0.0','Chrome 134.0.0.0','Windows',NULL,'2025-03-19 14:30:50','2025-05-03 17:08:11',1,'2025-05-03 17:08:11'),(12612,1376,'Phnom Penh, Cambodia, IP 118.67.205.78','Chrome 134.0.0.0','Windows',NULL,'2025-03-19 14:32:24','2025-05-03 17:08:11',1,'2025-05-03 17:08:11'),(12613,1376,'California, United States, IP 66.102.0.0','Chrome 134.0.6998.39','AndroidOS',NULL,'2025-03-19 14:44:42','2025-05-03 17:08:11',1,'2025-05-03 17:08:11'),(12614,1369,'California, United States, IP 66.102.0.0','Safari 18.3.2','iOS',NULL,'2025-03-19 14:50:20','2025-04-17 11:21:41',1,'2025-04-17 11:21:41'),(12615,1369,'California, United States, IP 66.102.0.0','Safari 16.6','iOS',NULL,'2025-03-19 14:51:09','2025-04-17 11:21:41',1,'2025-04-17 11:21:41'),(12616,1369,'California, United States, IP 66.102.0.0','Chrome 134.0.0.0','Windows',NULL,'2025-03-19 14:51:13','2025-04-17 11:21:41',1,'2025-04-17 11:21:41'),(12617,1376,'California, United States, IP 66.102.0.0','Chrome 134.0.0.0','Windows',NULL,'2025-03-19 14:56:14','2025-05-03 17:08:11',1,'2025-05-03 17:08:11'),(12618,1376,'Phnom Penh, Cambodia, IP 118.67.205.78','Chrome 134.0.0.0','Windows',NULL,'2025-03-19 14:57:53','2025-05-03 17:08:11',1,'2025-05-03 17:08:11'),(12619,1376,'Phnom Penh, Cambodia, IP 118.67.205.78','Chrome 134.0.0.0','Windows',NULL,'2025-03-19 15:07:55','2025-05-03 17:08:11',1,'2025-05-03 17:08:11'),(12620,1377,'California, United States, IP 66.102.0.0','Safari 16.6','iOS',NULL,'2025-03-19 16:20:16','2025-03-19 16:31:31',1,'2025-03-19 16:31:31'),(12621,1377,'California, United States, IP 66.102.0.0','Safari 16.6','iOS',NULL,'2025-03-19 16:28:26','2025-03-19 16:31:31',1,'2025-03-19 16:31:31'),(12622,NULL,'California, United States, IP 66.102.0.0','Chrome 134.0.0.0','Windows',NULL,'2025-03-19 16:30:59','2025-03-19 16:30:59',0,NULL),(12623,1379,'California, United States, IP 66.102.0.0','Safari 16.6','iOS',NULL,'2025-03-19 16:31:31','2025-03-19 16:32:01',1,'2025-03-19 16:32:01'),(12624,1369,'California, United States, IP 66.102.0.0','Safari 16.6','iOS',NULL,'2025-03-19 16:32:01','2025-04-17 11:21:41',1,'2025-04-17 11:21:41'),(12625,NULL,'California, United States, IP 66.102.0.0','Safari 16.6','iOS',NULL,'2025-03-19 16:33:12','2025-03-19 16:33:12',0,NULL),(12626,1,'Phnom Penh, Cambodia, IP 118.67.205.237','Chrome 134.0.0.0','Windows',NULL,'2025-03-19 16:52:58','2025-05-03 17:08:11',1,'2025-05-03 17:08:11'),(12627,1378,'California, United States, IP 66.102.0.0','Chrome 134.0.0.0','Windows',NULL,'2025-03-19 17:10:42','2025-03-19 17:20:27',1,'2025-03-19 17:20:27'),(12628,NULL,'California, United States, IP 66.102.0.0','Chrome 134.0.0.0','AndroidOS',NULL,'2025-03-19 20:21:42','2025-03-19 20:21:42',0,NULL),(12629,1369,'California, United States, IP 66.102.0.0','Safari 16.6','iOS',NULL,'2025-03-19 20:22:10','2025-04-17 11:21:41',1,'2025-04-17 11:21:41'),(12630,NULL,'California, United States, IP 66.102.0.0','Chrome 134.0.0.0','AndroidOS',NULL,'2025-03-19 20:23:29','2025-03-19 20:23:29',0,NULL),(12631,1382,'California, United States, IP 66.102.0.0','Chrome 134.0.0.0','AndroidOS',NULL,'2025-03-19 20:24:19','2025-03-23 19:56:37',1,'2025-03-23 19:56:37'),(12632,1382,'California, United States, IP 66.102.0.0','Chrome 134.0.0.0','Windows',NULL,'2025-03-19 20:25:06','2025-03-23 19:56:37',1,'2025-03-23 19:56:37'),(12633,1,'Phnom Penh, Cambodia, IP 118.67.205.237','Chrome 134.0.0.0','Windows',NULL,'2025-03-19 20:51:54','2025-05-03 17:08:11',1,'2025-05-03 17:08:11'),(12634,1372,'California, United States, IP 66.102.0.0','Chrome 134.0.0.0','Windows',NULL,'2025-03-20 19:57:24','2025-03-20 20:51:48',1,'2025-03-20 20:51:48'),(12635,NULL,'California, United States, IP 66.102.0.0','Safari 18.3.2','iOS',NULL,'2025-03-21 08:11:44','2025-03-21 08:11:44',0,NULL),(12636,1383,'California, United States, IP 66.102.0.0','Safari 18.3.2','iOS',NULL,'2025-03-21 08:14:20','2025-03-21 08:14:43',1,'2025-03-21 08:14:43'),(12637,1,'Phnom Penh, Cambodia, IP 118.67.205.237','Chrome 134.0.0.0','Windows',NULL,'2025-03-21 21:24:41','2025-05-03 17:08:11',1,'2025-05-03 17:08:11'),(12638,NULL,'California, United States, IP 66.102.0.0','Chrome 134.0.0.0','Windows',NULL,'2025-03-21 21:27:57','2025-03-21 21:27:57',0,NULL),(12639,1369,'California, United States, IP 66.102.0.0','Chrome 134.0.0.0','Windows',NULL,'2025-03-22 14:17:28','2025-04-17 11:21:41',1,'2025-04-17 11:21:41'),(12640,1369,'California, United States, IP 66.102.0.0','Safari 16.6','iOS',NULL,'2025-03-22 16:06:58','2025-04-17 11:21:41',1,'2025-04-17 11:21:41'),(12641,NULL,'California, United States, IP 66.102.0.0','Safari 16.6','iOS',NULL,'2025-03-22 16:09:13','2025-03-22 16:09:13',0,NULL),(12642,NULL,'California, United States, IP 66.102.0.0','Safari 16.6','iOS',NULL,'2025-03-22 16:20:18','2025-03-22 16:20:18',0,NULL),(12643,NULL,'California, United States, IP 66.102.0.0','Chrome 134.0.0.0','Windows',NULL,'2025-03-22 20:57:50','2025-03-22 20:57:50',0,NULL),(12644,1369,'California, United States, IP 66.102.0.0','Chrome 134.0.0.0','Windows',NULL,'2025-03-23 14:56:13','2025-04-17 11:21:41',1,'2025-04-17 11:21:41'),(12645,1382,'California, United States, IP 66.102.0.0','Chrome 134.0.0.0','AndroidOS',NULL,'2025-03-23 19:46:45','2025-03-23 19:56:37',1,'2025-03-23 19:56:37'),(12646,1376,'Preah Sihanouk, Cambodia, IP 103.141.165.136','Chrome 134.0.0.0','Windows',NULL,'2025-03-23 19:49:29','2025-05-03 17:08:11',1,'2025-05-03 17:08:11'),(12647,1369,'California, United States, IP 66.102.0.0','Chrome 134.0.0.0','Windows',NULL,'2025-03-23 20:09:53','2025-04-17 11:21:41',1,'2025-04-17 11:21:41'),(12648,1376,'Bangkok, Thailand, IP 27.131.138.148','Chrome 134.0.0.0','Windows',NULL,'2025-03-23 20:11:26','2025-05-03 17:08:11',1,'2025-05-03 17:08:11'),(12649,1,'Nonthaburi, Thailand, IP 103.212.181.224','Chrome 134.0.0.0','Windows',NULL,'2025-03-26 20:35:30','2025-05-03 17:08:11',1,'2025-05-03 17:08:11'),(12650,NULL,'California, United States, IP 66.102.0.0','Chrome 134.0.0.0','Windows',NULL,'2025-03-26 20:37:51','2025-03-26 20:37:51',0,NULL),(12651,NULL,'California, United States, IP 66.102.0.0','Chrome 134.0.0.0','Windows',NULL,'2025-03-28 21:05:30','2025-03-28 21:05:30',0,NULL),(12652,NULL,'California, United States, IP 66.102.0.0','Chrome 135.0.0.0','AndroidOS',NULL,'2025-04-02 20:46:01','2025-04-02 20:46:01',0,NULL),(12653,1,'Phnom Penh, Cambodia, IP 118.67.205.84','Chrome 134.0.0.0','Windows',NULL,'2025-04-02 20:52:17','2025-05-03 17:08:11',1,'2025-05-03 17:08:11'),(12654,1384,'California, United States, IP 66.102.0.0','Chrome 134.0.0.0','Windows',NULL,'2025-04-02 20:56:26','2025-04-02 20:56:35',1,'2025-04-02 20:56:35'),(12655,1390,'California, United States, IP 66.102.0.0','Chrome 135.0.0.0','AndroidOS',NULL,'2025-04-02 21:02:21','2025-04-19 14:24:35',1,'2025-04-19 14:24:35'),(12656,1369,'California, United States, IP 66.102.0.0','Chrome 134.0.0.0','Windows',NULL,'2025-04-02 21:10:42','2025-04-17 11:21:41',1,'2025-04-17 11:21:41'),(12657,1,'Phnom Penh, Cambodia, IP 118.67.205.84','Chrome 135.0.0.0','Windows',NULL,'2025-04-07 15:08:54','2025-05-03 17:08:11',1,'2025-05-03 17:08:11'),(12658,1,'Phnom Penh, Cambodia, IP 118.67.205.84','Chrome 135.0.0.0','Windows',NULL,'2025-04-08 19:36:43','2025-05-03 17:08:11',1,'2025-05-03 17:08:11'),(12659,1,'California, United States, IP 66.102.0.0','Firefox 134.0','Windows',NULL,'2025-04-10 05:16:05','2025-05-03 17:08:11',1,'2025-05-03 17:08:11'),(12660,1390,'California, United States, IP 66.102.0.0','Edge 135.0.0.0','Windows',NULL,'2025-04-11 19:51:30','2025-04-19 14:24:35',1,'2025-04-19 14:24:35'),(12661,1,'Phnom Penh, Cambodia, IP 118.67.205.84','Edge 135.0.0.0','Windows',NULL,'2025-04-11 19:54:19','2025-05-03 17:08:11',1,'2025-05-03 17:08:11'),(12662,1,'Phnom Penh, Cambodia, IP 118.67.205.84','Chrome 135.0.0.0','Windows',NULL,'2025-04-11 20:11:47','2025-05-03 17:08:11',1,'2025-05-03 17:08:11'),(12663,1,'California, United States, IP 66.102.0.0','Chrome 41.0.2228.0','Windows',NULL,'2025-04-14 11:08:25','2025-05-03 17:08:11',1,'2025-05-03 17:08:11'),(12664,1,'Phnom Penh, Cambodia, IP 118.67.205.60','Edge 135.0.0.0','Windows',NULL,'2025-04-17 10:43:22','2025-05-03 17:08:11',1,'2025-05-03 17:08:11'),(12665,1369,'California, United States, IP 66.102.0.0','Chrome 135.0.0.0','Windows',NULL,'2025-04-17 10:44:03','2025-04-17 11:21:41',1,'2025-04-17 11:21:41'),(12666,1,'Phnom Penh, Cambodia, IP 118.67.205.60','Chrome 135.0.0.0','Windows',NULL,'2025-04-17 10:47:20','2025-05-03 17:08:11',1,'2025-05-03 17:08:11'),(12667,1,'Phnom Penh, Cambodia, IP 118.67.205.60','Chrome 135.0.0.0','Windows',NULL,'2025-04-17 10:51:25','2025-05-03 17:08:11',1,'2025-05-03 17:08:11'),(12668,1369,'California, United States, IP 66.102.0.0','Chrome 135.0.0.0','Windows',NULL,'2025-04-17 11:16:25','2025-04-17 11:21:41',1,'2025-04-17 11:21:41'),(12669,NULL,'California, United States, IP 66.102.0.0','Chrome 135.0.0.0','Windows',NULL,'2025-04-17 11:42:01','2025-04-17 11:42:01',0,NULL),(12670,1391,'California, United States, IP 66.102.0.0','Chrome 135.0.7049.38','AndroidOS',NULL,'2025-04-17 11:43:18','2025-04-21 11:57:06',1,'2025-04-21 11:57:06'),(12671,1391,'California, United States, IP 66.102.0.0','Chrome 135.0.7049.38','AndroidOS',NULL,'2025-04-17 11:44:03','2025-04-21 11:57:06',1,'2025-04-21 11:57:06'),(12672,1391,'California, United States, IP 66.102.0.0','Chrome 135.0.7049.38','AndroidOS',NULL,'2025-04-17 11:44:05','2025-04-21 11:57:06',1,'2025-04-21 11:57:06'),(12673,1391,'California, United States, IP 66.102.0.0','Chrome 135.0.7049.38','AndroidOS',NULL,'2025-04-17 11:47:55','2025-04-21 11:57:06',1,'2025-04-21 11:57:06'),(12674,1391,'California, United States, IP 66.102.0.0','Chrome 135.0.7049.38','AndroidOS',NULL,'2025-04-17 11:51:43','2025-04-21 11:57:06',1,'2025-04-21 11:57:06'),(12675,1391,'California, United States, IP 66.102.0.0','Chrome 135.0.7049.38','AndroidOS',NULL,'2025-04-17 11:52:50','2025-04-21 11:57:06',1,'2025-04-21 11:57:06'),(12676,1391,'California, United States, IP 66.102.0.0','Chrome 135.0.7049.38','AndroidOS',NULL,'2025-04-17 11:56:25','2025-04-21 11:57:06',1,'2025-04-21 11:57:06'),(12677,1391,'California, United States, IP 66.102.0.0','Chrome 135.0.7049.38','AndroidOS',NULL,'2025-04-17 11:57:29','2025-04-21 11:57:06',1,'2025-04-21 11:57:06'),(12678,1391,'California, United States, IP 66.102.0.0','Chrome 135.0.7049.38','AndroidOS',NULL,'2025-04-17 11:58:28','2025-04-21 11:57:06',1,'2025-04-21 11:57:06'),(12679,1391,'California, United States, IP 66.102.0.0','Chrome 135.0.7049.38','AndroidOS',NULL,'2025-04-17 12:02:16','2025-04-21 11:57:06',1,'2025-04-21 11:57:06'),(12680,1390,'California, United States, IP 66.102.0.0','Chrome 135.0.0.0','Windows',NULL,'2025-04-17 12:02:25','2025-04-19 14:24:35',1,'2025-04-19 14:24:35'),(12681,1391,'California, United States, IP 66.102.0.0','Chrome 135.0.7049.38','AndroidOS',NULL,'2025-04-17 12:04:01','2025-04-21 11:57:06',1,'2025-04-21 11:57:06'),(12682,NULL,'California, United States, IP 66.102.0.0','Chrome 135.0.0.0','Windows',NULL,'2025-04-19 12:20:02','2025-04-19 12:20:02',0,NULL),(12683,1,'Phnom Penh, Cambodia, IP 118.67.205.60','Chrome 135.0.0.0','Windows',NULL,'2025-04-19 12:20:30','2025-05-03 17:08:11',1,'2025-05-03 17:08:11'),(12684,1392,'California, United States, IP 66.102.0.0','Chrome 135.0.7049.38','AndroidOS',NULL,'2025-04-19 12:24:36','2025-05-02 17:28:29',1,'2025-05-02 17:28:29'),(12685,1392,'California, United States, IP 66.102.0.0','Safari ','iOS',NULL,'2025-04-19 12:25:22','2025-05-02 17:28:29',1,'2025-05-02 17:28:29'),(12686,1392,'California, United States, IP 66.102.0.0','Safari ','iOS',NULL,'2025-04-19 12:26:16','2025-05-02 17:28:29',1,'2025-05-02 17:28:29'),(12687,1,'Phnom Penh, Cambodia, IP 118.67.205.60','Chrome 135.0.0.0','Windows',NULL,'2025-04-19 12:28:39','2025-05-03 17:08:11',1,'2025-05-03 17:08:11'),(12688,1392,'California, United States, IP 66.102.0.0','Safari ','iOS',NULL,'2025-04-19 12:30:26','2025-05-02 17:28:29',1,'2025-05-02 17:28:29'),(12689,1392,'California, United States, IP 66.102.0.0','Safari ','iOS',NULL,'2025-04-19 12:38:58','2025-05-02 17:28:29',1,'2025-05-02 17:28:29'),(12690,1392,'California, United States, IP 66.102.0.0','Safari ','iOS',NULL,'2025-04-19 12:41:53','2025-05-02 17:28:29',1,'2025-05-02 17:28:29'),(12691,1390,'California, United States, IP 66.102.0.0','Chrome 135.0.0.0','Windows',NULL,'2025-04-19 12:48:27','2025-04-19 14:24:35',1,'2025-04-19 14:24:35'),(12692,1392,'California, United States, IP 66.102.0.0','Safari ','iOS',NULL,'2025-04-19 12:48:30','2025-05-02 17:28:29',1,'2025-05-02 17:28:29'),(12693,1392,'California, United States, IP 66.102.0.0','Chrome 135.0.7049.38','AndroidOS',NULL,'2025-04-19 12:59:28','2025-05-02 17:28:29',1,'2025-05-02 17:28:29'),(12694,1392,'California, United States, IP 66.102.0.0','Safari ','iOS',NULL,'2025-04-19 13:01:09','2025-05-02 17:28:29',1,'2025-05-02 17:28:29'),(12695,1392,'California, United States, IP 66.102.0.0','Safari ','iOS',NULL,'2025-04-19 13:06:14','2025-05-02 17:28:29',1,'2025-05-02 17:28:29'),(12696,NULL,'California, United States, IP 66.102.0.0','Chrome 135.0.0.0','Windows',NULL,'2025-04-19 13:36:08','2025-04-19 13:36:08',0,NULL),(12697,1393,'California, United States, IP 66.102.0.0','Safari ','iOS',NULL,'2025-04-19 13:37:59','2025-04-19 20:43:54',1,'2025-04-19 20:43:54'),(12698,1393,'California, United States, IP 66.102.0.0','Safari ','iOS',NULL,'2025-04-19 13:39:27','2025-04-19 20:43:54',1,'2025-04-19 20:43:54'),(12699,1393,'California, United States, IP 66.102.0.0','Safari ','iOS',NULL,'2025-04-19 13:40:39','2025-04-19 20:43:54',1,'2025-04-19 20:43:54'),(12700,1392,'California, United States, IP 66.102.0.0','Chrome 135.0.7049.38','AndroidOS',NULL,'2025-04-19 13:48:51','2025-05-02 17:28:29',1,'2025-05-02 17:28:29'),(12701,1393,'California, United States, IP 66.102.0.0','Safari ','iOS',NULL,'2025-04-19 13:52:26','2025-04-19 20:43:54',1,'2025-04-19 20:43:54'),(12702,1393,'California, United States, IP 66.102.0.0','Safari ','iOS',NULL,'2025-04-19 13:53:27','2025-04-19 20:43:54',1,'2025-04-19 20:43:54'),(12703,NULL,'California, United States, IP 66.102.0.0','Chrome 135.0.0.0','Windows',NULL,'2025-04-19 14:01:20','2025-04-19 14:01:20',0,NULL),(12704,1394,'California, United States, IP 66.102.0.0','Chrome 135.0.7049.99','AndroidOS',NULL,'2025-04-19 14:04:39','2025-04-29 17:48:46',1,'2025-04-29 17:48:46'),(12705,1394,'California, United States, IP 66.102.0.0','Chrome 135.0.7049.99','AndroidOS',NULL,'2025-04-19 14:05:52','2025-04-29 17:48:46',1,'2025-04-29 17:48:46'),(12706,1394,'California, United States, IP 66.102.0.0','Chrome 135.0.7049.99','AndroidOS',NULL,'2025-04-19 14:07:17','2025-04-29 17:48:46',1,'2025-04-29 17:48:46'),(12707,1394,'California, United States, IP 66.102.0.0','Chrome 91.0.4472.88','AndroidOS',NULL,'2025-04-19 14:09:46','2025-04-29 17:48:46',1,'2025-04-29 17:48:46'),(12708,1393,'California, United States, IP 66.102.0.0','Chrome 135.0.0.0','Windows',NULL,'2025-04-19 14:23:38','2025-04-19 20:43:54',1,'2025-04-19 20:43:54'),(12709,1394,'California, United States, IP 66.102.0.0','Chrome 91.0.4472.88','AndroidOS',NULL,'2025-04-19 14:33:11','2025-04-29 17:48:46',1,'2025-04-29 17:48:46'),(12710,1394,'California, United States, IP 66.102.0.0','Chrome 135.0.7049.99','AndroidOS',NULL,'2025-04-19 14:34:08','2025-04-29 17:48:46',1,'2025-04-29 17:48:46'),(12711,1394,'California, United States, IP 66.102.0.0','Chrome 91.0.4472.88','AndroidOS',NULL,'2025-04-19 14:34:43','2025-04-29 17:48:46',1,'2025-04-29 17:48:46'),(12712,1394,'California, United States, IP 66.102.0.0','Chrome 135.0.7049.99','AndroidOS',NULL,'2025-04-19 14:42:54','2025-04-29 17:48:46',1,'2025-04-29 17:48:46'),(12713,NULL,'California, United States, IP 66.102.0.0','Chrome 135.0.0.0','Windows',NULL,'2025-04-19 14:49:05','2025-04-19 14:49:05',0,NULL),(12714,1394,'California, United States, IP 66.102.0.0','Chrome 135.0.7049.99','AndroidOS',NULL,'2025-04-19 14:51:46','2025-04-29 17:48:46',1,'2025-04-29 17:48:46'),(12715,1393,'California, United States, IP 66.102.0.0','Safari ','iOS',NULL,'2025-04-19 15:15:55','2025-04-19 20:43:54',1,'2025-04-19 20:43:54'),(12716,1394,'California, United States, IP 66.102.0.0','Chrome 91.0.4472.88','AndroidOS',NULL,'2025-04-19 15:32:34','2025-04-29 17:48:46',1,'2025-04-29 17:48:46'),(12717,1395,'California, United States, IP 66.102.0.0','Safari ','iOS',NULL,'2025-04-19 15:34:10','2025-04-19 16:03:52',1,'2025-04-19 16:03:52'),(12718,1395,'California, United States, IP 66.102.0.0','Safari ','iOS',NULL,'2025-04-19 15:34:11','2025-04-19 16:03:52',1,'2025-04-19 16:03:52'),(12719,1395,'California, United States, IP 66.102.0.0','Safari ','iOS',NULL,'2025-04-19 15:35:44','2025-04-19 16:03:52',1,'2025-04-19 16:03:52'),(12720,1393,'California, United States, IP 66.102.0.0','Safari ','iOS',NULL,'2025-04-19 15:37:57','2025-04-19 20:43:54',1,'2025-04-19 20:43:54'),(12721,1395,'California, United States, IP 66.102.0.0','Safari ','iOS',NULL,'2025-04-19 15:38:00','2025-04-19 16:03:52',1,'2025-04-19 16:03:52'),(12722,1395,'California, United States, IP 66.102.0.0','Safari ','iOS',NULL,'2025-04-19 15:38:00','2025-04-19 16:03:52',1,'2025-04-19 16:03:52'),(12723,1395,'California, United States, IP 66.102.0.0','Safari ','iOS',NULL,'2025-04-19 15:39:48','2025-04-19 16:03:52',1,'2025-04-19 16:03:52'),(12724,1395,'California, United States, IP 66.102.0.0','Safari ','iOS',NULL,'2025-04-19 15:42:17','2025-04-19 16:03:52',1,'2025-04-19 16:03:52'),(12725,1395,'California, United States, IP 66.102.0.0','Safari ','iOS',NULL,'2025-04-19 15:44:10','2025-04-19 16:03:52',1,'2025-04-19 16:03:52'),(12726,1395,'California, United States, IP 66.102.0.0','Safari ','iOS',NULL,'2025-04-19 15:46:10','2025-04-19 16:03:52',1,'2025-04-19 16:03:52'),(12727,1395,'California, United States, IP 66.102.0.0','Safari ','iOS',NULL,'2025-04-19 15:46:10','2025-04-19 16:03:52',1,'2025-04-19 16:03:52'),(12728,1395,'California, United States, IP 66.102.0.0','Safari ','iOS',NULL,'2025-04-19 15:47:44','2025-04-19 16:03:52',1,'2025-04-19 16:03:52'),(12729,1395,'California, United States, IP 66.102.0.0','Safari ','iOS',NULL,'2025-04-19 15:47:45','2025-04-19 16:03:52',1,'2025-04-19 16:03:52'),(12730,1395,'California, United States, IP 66.102.0.0','Chrome 135.0.7049.99','AndroidOS',NULL,'2025-04-19 15:50:43','2025-04-19 16:03:52',1,'2025-04-19 16:03:52'),(12731,1395,'California, United States, IP 66.102.0.0','Safari ','iOS',NULL,'2025-04-19 15:51:57','2025-04-19 16:03:52',1,'2025-04-19 16:03:52'),(12732,1395,'California, United States, IP 66.102.0.0','Safari ','iOS',NULL,'2025-04-19 15:52:50','2025-04-19 16:03:52',1,'2025-04-19 16:03:52'),(12733,1395,'California, United States, IP 66.102.0.0','Safari ','iOS',NULL,'2025-04-19 15:53:21','2025-04-19 16:03:52',1,'2025-04-19 16:03:52'),(12734,1395,'California, United States, IP 66.102.0.0','Chrome 135.0.7049.99','AndroidOS',NULL,'2025-04-19 15:53:52','2025-04-19 16:03:52',1,'2025-04-19 16:03:52'),(12735,1395,'California, United States, IP 66.102.0.0','Chrome 135.0.7049.99','AndroidOS',NULL,'2025-04-19 15:53:54','2025-04-19 16:03:52',1,'2025-04-19 16:03:52'),(12736,1395,'California, United States, IP 66.102.0.0','Chrome 135.0.7049.99','AndroidOS',NULL,'2025-04-19 15:53:55','2025-04-19 16:03:52',1,'2025-04-19 16:03:52'),(12737,1394,'California, United States, IP 66.102.0.0','Chrome 135.0.7049.99','AndroidOS',NULL,'2025-04-19 15:53:58','2025-04-29 17:48:46',1,'2025-04-29 17:48:46'),(12738,1395,'California, United States, IP 66.102.0.0','Safari ','iOS',NULL,'2025-04-19 15:55:56','2025-04-19 16:03:52',1,'2025-04-19 16:03:52'),(12739,1395,'California, United States, IP 66.102.0.0','Safari ','iOS',NULL,'2025-04-19 15:55:57','2025-04-19 16:03:52',1,'2025-04-19 16:03:52'),(12740,1394,'California, United States, IP 66.102.0.0','Chrome 135.0.7049.99','AndroidOS',NULL,'2025-04-19 15:56:15','2025-04-29 17:48:46',1,'2025-04-29 17:48:46'),(12741,1394,'California, United States, IP 66.102.0.0','Chrome 91.0.4472.88','AndroidOS',NULL,'2025-04-19 16:00:04','2025-04-29 17:48:46',1,'2025-04-29 17:48:46'),(12742,1392,'California, United States, IP 66.102.0.0','Safari ','iOS',NULL,'2025-04-19 16:11:31','2025-05-02 17:28:29',1,'2025-05-02 17:28:29'),(12743,1394,'California, United States, IP 66.102.0.0','Chrome 135.0.7049.99','AndroidOS',NULL,'2025-04-19 17:22:53','2025-04-29 17:48:46',1,'2025-04-29 17:48:46'),(12744,1394,'California, United States, IP 66.102.0.0','Chrome 135.0.7049.99','AndroidOS',NULL,'2025-04-19 17:23:56','2025-04-29 17:48:46',1,'2025-04-29 17:48:46'),(12745,1,'Phnom Penh, Cambodia, IP 118.67.205.60','Chrome 135.0.0.0','Windows',NULL,'2025-04-19 18:34:09','2025-05-03 17:08:11',1,'2025-05-03 17:08:11'),(12746,1393,'California, United States, IP 66.102.0.0','Safari ','iOS',NULL,'2025-04-19 19:12:40','2025-04-19 20:43:54',1,'2025-04-19 20:43:54'),(12747,1391,'California, United States, IP 66.102.0.0','Chrome 135.0.7049.38','AndroidOS',NULL,'2025-04-19 19:25:04','2025-04-21 11:57:06',1,'2025-04-21 11:57:06'),(12748,1391,'California, United States, IP 66.102.0.0','Chrome 135.0.7049.38','AndroidOS',NULL,'2025-04-19 19:25:34','2025-04-21 11:57:06',1,'2025-04-21 11:57:06'),(12749,1391,'California, United States, IP 66.102.0.0','Chrome 135.0.7049.38','AndroidOS',NULL,'2025-04-19 19:26:05','2025-04-21 11:57:06',1,'2025-04-21 11:57:06'),(12750,1391,'California, United States, IP 66.102.0.0','Chrome 135.0.7049.38','AndroidOS',NULL,'2025-04-19 19:27:07','2025-04-21 11:57:06',1,'2025-04-21 11:57:06'),(12751,1391,'California, United States, IP 66.102.0.0','Chrome 135.0.7049.38','AndroidOS',NULL,'2025-04-19 19:30:02','2025-04-21 11:57:06',1,'2025-04-21 11:57:06'),(12752,1391,'California, United States, IP 66.102.0.0','Chrome 135.0.7049.38','AndroidOS',NULL,'2025-04-19 19:34:27','2025-04-21 11:57:06',1,'2025-04-21 11:57:06'),(12753,1391,'California, United States, IP 66.102.0.0','Chrome 135.0.7049.38','AndroidOS',NULL,'2025-04-19 19:35:23','2025-04-21 11:57:06',1,'2025-04-21 11:57:06'),(12754,1391,'California, United States, IP 66.102.0.0','Chrome 135.0.7049.38','AndroidOS',NULL,'2025-04-19 19:35:31','2025-04-21 11:57:06',1,'2025-04-21 11:57:06'),(12755,1391,'California, United States, IP 66.102.0.0','Chrome 135.0.7049.38','AndroidOS',NULL,'2025-04-19 19:56:39','2025-04-21 11:57:06',1,'2025-04-21 11:57:06'),(12756,1391,'California, United States, IP 66.102.0.0','Chrome 135.0.7049.38','AndroidOS',NULL,'2025-04-19 20:24:58','2025-04-21 11:57:06',1,'2025-04-21 11:57:06'),(12757,1393,'California, United States, IP 66.102.0.0','Safari ','iOS',NULL,'2025-04-19 20:43:53','2025-04-19 20:43:54',1,'2025-04-19 20:43:54'),(12758,1393,'California, United States, IP 66.102.0.0','Safari ','iOS',NULL,'2025-04-19 20:43:54','2025-04-19 20:43:54',1,'2025-04-19 20:43:54'),(12759,1393,'California, United States, IP 66.102.0.0','Safari ','iOS',NULL,'2025-04-19 20:43:54','2025-04-19 20:43:54',0,NULL),(12760,1394,'California, United States, IP 66.102.0.0','Chrome 135.0.7049.99','AndroidOS',NULL,'2025-04-20 03:47:01','2025-04-29 17:48:46',1,'2025-04-29 17:48:46'),(12761,1391,'California, United States, IP 66.102.0.0','Chrome 135.0.7049.38','AndroidOS',NULL,'2025-04-20 12:04:02','2025-04-21 11:57:06',1,'2025-04-21 11:57:06'),(12762,1,'Phnom Penh, Cambodia, IP 118.67.205.60','Chrome 135.0.0.0','Windows',NULL,'2025-04-20 12:05:45','2025-05-03 17:08:11',1,'2025-05-03 17:08:11'),(12763,1391,'California, United States, IP 66.102.0.0','Chrome 135.0.7049.38','AndroidOS',NULL,'2025-04-20 12:08:56','2025-04-21 11:57:06',1,'2025-04-21 11:57:06'),(12764,1391,'California, United States, IP 66.102.0.0','Chrome 135.0.7049.38','AndroidOS',NULL,'2025-04-20 12:10:05','2025-04-21 11:57:06',1,'2025-04-21 11:57:06'),(12765,1391,'California, United States, IP 66.102.0.0','Chrome 135.0.7049.38','AndroidOS',NULL,'2025-04-20 12:11:35','2025-04-21 11:57:06',1,'2025-04-21 11:57:06'),(12766,1391,'California, United States, IP 66.102.0.0','Chrome 135.0.7049.38','AndroidOS',NULL,'2025-04-20 12:12:16','2025-04-21 11:57:06',1,'2025-04-21 11:57:06'),(12767,1391,'California, United States, IP 66.102.0.0','Chrome 135.0.7049.38','AndroidOS',NULL,'2025-04-20 12:13:29','2025-04-21 11:57:06',1,'2025-04-21 11:57:06'),(12768,1391,'California, United States, IP 66.102.0.0','Chrome 135.0.0.0','AndroidOS',NULL,'2025-04-20 12:14:17','2025-04-21 11:57:06',1,'2025-04-21 11:57:06'),(12769,1391,'California, United States, IP 66.102.0.0','Chrome 135.0.7049.38','AndroidOS',NULL,'2025-04-20 13:26:52','2025-04-21 11:57:06',1,'2025-04-21 11:57:06'),(12770,1391,'California, United States, IP 66.102.0.0','Chrome 135.0.7049.38','AndroidOS',NULL,'2025-04-20 13:54:23','2025-04-21 11:57:06',1,'2025-04-21 11:57:06'),(12771,1391,'California, United States, IP 66.102.0.0','Chrome 135.0.7049.38','AndroidOS',NULL,'2025-04-20 14:12:45','2025-04-21 11:57:06',1,'2025-04-21 11:57:06'),(12772,1391,'California, United States, IP 66.102.0.0','Chrome 135.0.7049.38','AndroidOS',NULL,'2025-04-20 14:21:31','2025-04-21 11:57:06',1,'2025-04-21 11:57:06'),(12773,1391,'California, United States, IP 66.102.0.0','Chrome 135.0.0.0','Windows',NULL,'2025-04-20 14:37:15','2025-04-21 11:57:06',1,'2025-04-21 11:57:06'),(12774,1391,'California, United States, IP 66.102.0.0','Chrome 135.0.7049.38','AndroidOS',NULL,'2025-04-20 14:45:11','2025-04-21 11:57:06',1,'2025-04-21 11:57:06'),(12775,1391,'California, United States, IP 66.102.0.0','Chrome 135.0.7049.38','AndroidOS',NULL,'2025-04-20 16:07:39','2025-04-21 11:57:06',1,'2025-04-21 11:57:06'),(12776,1391,'California, United States, IP 66.102.0.0','Chrome 135.0.7049.38','AndroidOS',NULL,'2025-04-20 16:53:37','2025-04-21 11:57:06',1,'2025-04-21 11:57:06'),(12777,1392,'California, United States, IP 66.102.0.0','Safari ','iOS',NULL,'2025-04-20 20:05:51','2025-05-02 17:28:29',1,'2025-05-02 17:28:29'),(12778,1391,'California, United States, IP 66.102.0.0','Chrome 135.0.7049.38','AndroidOS',NULL,'2025-04-21 11:54:56','2025-04-21 11:57:06',1,'2025-04-21 11:57:06'),(12779,1,'Phnom Penh, Cambodia, IP 160.202.33.66','Chrome 135.0.0.0','Windows',NULL,'2025-04-21 19:31:23','2025-05-03 17:08:11',1,'2025-05-03 17:08:11'),(12780,1,'Phnom Penh, Cambodia, IP 160.202.33.66','Chrome 135.0.0.0','Windows',NULL,'2025-04-21 19:35:28','2025-05-03 17:08:11',1,'2025-05-03 17:08:11'),(12781,1,'Phnom Penh, Cambodia, IP 160.202.33.66','Chrome 135.0.0.0','Windows',NULL,'2025-04-21 19:52:16','2025-05-03 17:08:11',1,'2025-05-03 17:08:11'),(12782,1,'Phnom Penh, Cambodia, IP 160.202.33.28','Chrome 135.0.0.0','Windows',NULL,'2025-04-21 20:53:46','2025-05-03 17:08:11',1,'2025-05-03 17:08:11'),(12783,NULL,'California, United States, IP 66.102.0.0','Chrome 135.0.0.0','Windows',NULL,'2025-04-21 20:54:56','2025-04-21 20:54:56',0,NULL),(12784,1,'Phnom Penh, Cambodia, IP 118.67.205.5','Chrome 135.0.0.0','Windows',NULL,'2025-04-22 09:56:50','2025-05-03 17:08:11',1,'2025-05-03 17:08:11'),(12785,1,'Phnom Penh, Cambodia, IP 118.67.205.5','Chrome 135.0.0.0','Windows',NULL,'2025-04-22 10:04:52','2025-05-03 17:08:11',1,'2025-05-03 17:08:11'),(12786,NULL,'California, United States, IP 66.102.0.0','Chrome 135.0.0.0','Windows',NULL,'2025-04-22 10:11:31','2025-04-22 10:11:31',0,NULL),(12787,1,'Phnom Penh, Cambodia, IP 175.100.79.19','Edge 135.0.0.0','Windows',NULL,'2025-04-29 17:29:58','2025-05-03 17:08:11',1,'2025-05-03 17:08:11'),(12788,1394,'California, United States, IP 66.102.0.0','Chrome 135.0.7049.100','AndroidOS',NULL,'2025-04-29 17:47:21','2025-04-29 17:48:46',1,'2025-04-29 17:48:46'),(12789,1376,'Chachoengsao, Thailand, IP 223.204.229.204','Chrome 70.0.3538.110','AndroidOS',NULL,'2025-04-29 18:06:28','2025-05-03 17:08:11',1,'2025-05-03 17:08:11'),(12790,NULL,'California, United States, IP 66.102.0.0','Chrome 70.0.3538.110','AndroidOS',NULL,'2025-04-29 18:13:11','2025-04-29 18:13:11',0,NULL),(12791,NULL,'California, United States, IP 66.102.0.0','Chrome 135.0.7049.111','AndroidOS',NULL,'2025-04-29 20:45:38','2025-04-29 20:45:38',0,NULL),(12792,NULL,'California, United States, IP 66.102.0.0','Chrome 135.0.0.0','Windows',NULL,'2025-04-30 20:13:03','2025-04-30 20:13:03',0,NULL),(12793,1376,'Phnom Penh, Cambodia, IP 110.235.255.130','Chrome 135.0.0.0','Windows',NULL,'2025-04-30 20:18:16','2025-05-03 17:08:11',1,'2025-05-03 17:08:11'),(12794,1392,'California, United States, IP 66.102.0.0','Safari ','iOS',NULL,'2025-05-02 17:25:39','2025-05-02 17:28:29',1,'2025-05-02 17:28:29'),(12795,1376,'Nakhon Ratchasima, Thailand, IP 103.234.236.136','Chrome 135.0.7049.111','AndroidOS',NULL,'2025-05-03 00:01:18','2025-05-03 17:08:11',1,'2025-05-03 17:08:11'),(12796,1376,'Phnom Penh, Cambodia, IP 175.100.79.19','Chrome 135.0.0.0','Windows',NULL,'2025-05-03 08:59:58','2025-05-03 17:08:11',1,'2025-05-03 17:08:11'),(12797,1376,'Bangkok, Thailand, IP 92.114.109.19','Chrome 135.0.0.0','Windows',NULL,'2025-05-03 09:00:54','2025-05-03 17:08:11',1,'2025-05-03 17:08:11'),(12798,NULL,'California, United States, IP 66.102.0.0','Chrome 135.0.0.0','Windows',NULL,'2025-05-03 09:01:19','2025-05-03 09:01:19',0,NULL),(12799,1404,'California, United States, IP 66.102.0.0','Chrome 135.0.0.0','Windows',NULL,'2025-05-03 09:15:57','2025-05-03 09:42:08',1,'2025-05-03 09:42:08'),(12800,NULL,'California, United States, IP 66.102.0.0','Chrome 135.0.0.0','Windows',NULL,'2025-05-03 09:17:50','2025-05-03 09:17:50',0,NULL),(12801,1,'Phnom Penh, Cambodia, IP 175.100.79.19','Chrome 135.0.0.0','Windows',NULL,'2025-05-03 09:24:47','2025-05-03 17:08:11',1,'2025-05-03 17:08:11'),(12802,NULL,'California, United States, IP 66.102.0.0','Chrome 135.0.0.0','Windows',NULL,'2025-05-03 10:04:01','2025-05-03 10:04:01',0,NULL),(12803,NULL,'California, United States, IP 66.102.0.0','Chrome 135.0.0.0','Windows',NULL,'2025-05-03 10:04:41','2025-05-03 10:04:41',0,NULL),(12804,1406,'California, United States, IP 66.102.0.0','Chrome 135.0.0.0','Windows',NULL,'2025-05-03 10:04:50','2025-05-03 10:04:50',0,NULL),(12805,1376,'Bangkok, Thailand, IP 92.114.109.19','Chrome 135.0.0.0','Windows',NULL,'2025-05-03 10:05:35','2025-05-03 17:08:11',1,'2025-05-03 17:08:11'),(12806,1376,'Bangkok, Thailand, IP 92.114.109.19','Chrome 135.0.0.0','Windows',NULL,'2025-05-03 10:13:53','2025-05-03 17:08:11',1,'2025-05-03 17:08:11'),(12807,NULL,'California, United States, IP 66.102.0.0','Firefox 138.0','Windows',NULL,'2025-05-03 10:18:51','2025-05-03 10:18:51',0,NULL),(12808,1409,'Bangkok, Thailand, IP 92.114.109.19','Firefox 138.0','Windows',NULL,'2025-05-03 10:20:47','2025-05-03 10:43:04',1,'2025-05-03 10:43:04'),(12809,1409,'Bangkok, Thailand, IP 92.114.109.19','Firefox 138.0','Windows',NULL,'2025-05-03 10:21:08','2025-05-03 10:43:04',1,'2025-05-03 10:43:04'),(12810,1409,'Bangkok, Thailand, IP 92.114.109.19','Firefox 138.0','Windows',NULL,'2025-05-03 10:23:09','2025-05-03 10:43:04',1,'2025-05-03 10:43:04'),(12811,1376,'Bangkok, Thailand, IP 92.114.109.19','Firefox 138.0','Windows',NULL,'2025-05-03 10:23:21','2025-05-03 17:08:11',1,'2025-05-03 17:08:11'),(12812,1376,'California, United States, IP 66.102.0.0','Chrome 135.0.0.0','Windows',NULL,'2025-05-03 12:12:54','2025-05-03 17:08:11',1,'2025-05-03 17:08:11'),(12813,1405,'California, United States, IP 66.102.0.0','Chrome 135.0.7049.111','AndroidOS',NULL,'2025-05-03 13:01:29','2025-05-03 15:21:18',1,'2025-05-03 15:21:18'),(12814,1,'Phnom Penh, Cambodia, IP 175.100.79.19','Chrome 135.0.0.0','Windows',NULL,'2025-05-03 13:41:34','2025-05-03 17:08:11',1,'2025-05-03 17:08:11'),(12815,1405,'California, United States, IP 66.102.0.0','Chrome 135.0.0.0','Windows',NULL,'2025-05-03 15:21:07','2025-05-03 15:21:18',1,'2025-05-03 15:21:18'),(12816,1370,'California, United States, IP 66.102.0.0','Edge 136.0.0.0','Windows',NULL,'2025-05-03 15:33:11','2025-05-03 15:44:51',1,'2025-05-03 15:44:51'),(12817,1370,'California, United States, IP 66.102.0.0','Edge 136.0.0.0','Windows',NULL,'2025-05-03 15:41:28','2025-05-03 15:44:51',1,'2025-05-03 15:44:51');

--
-- Table structure for table `vip_packages`
--

CREATE TABLE `vip_packages` (
  `id` bigint unsigned NOT NULL AUTO_INCREMENT,
  `customer_vip_id` int NOT NULL,
  `product_id` int NOT NULL,
  `percent` int NOT NULL DEFAULT '0',
  `created_at` timestamp NULL DEFAULT NULL,
  `updated_at` timestamp NULL DEFAULT NULL,
  PRIMARY KEY (`id`)
) ENGINE=InnoDB AUTO_INCREMENT=34755 DEFAULT CHARSET=utf8mb4 COLLATE=utf8mb4_unicode_ci ROW_FORMAT=DYNAMIC;

--
-- Dumping data for table `vip_packages`
--

INSERT INTO `vip_packages` VALUES (34587,38,937,1,'2024-01-05 14:22:50','2024-01-15 13:16:14'),(34588,38,939,1,'2024-01-05 14:22:50','2024-01-15 13:16:14'),(34589,38,940,10,'2024-01-05 14:22:50','2024-01-06 11:02:56'),(34590,38,939,10,'2024-01-05 14:22:50','2024-01-06 11:02:56'),(34591,38,952,10,'2024-01-06 08:17:55','2024-01-06 11:02:56'),(34592,38,941,10,'2024-01-06 08:17:55','2024-01-06 11:02:56'),(34593,38,960,10,'2024-01-06 11:38:12','2024-01-06 11:41:34'),(34594,38,938,10,'2024-01-06 11:38:12','2024-01-06 11:41:34'),(34595,38,941,10,'2024-01-06 11:38:12','2024-01-06 11:41:34'),(34596,38,942,10,'2024-01-06 11:38:12','2024-01-06 11:41:34'),(34597,38,945,10,'2024-01-06 11:38:12','2024-01-06 11:41:34'),(34598,38,943,10,'2024-01-06 11:38:13','2024-01-06 11:41:34'),(34599,38,944,10,'2024-01-06 11:38:13','2024-01-06 11:41:34'),(34600,38,946,10,'2024-01-06 11:38:13','2024-01-06 11:41:34'),(34601,38,950,10,'2024-01-06 11:38:13','2024-01-06 11:41:34'),(34602,38,947,10,'2024-01-06 11:38:13','2024-01-06 11:41:34'),(34603,38,948,10,'2024-01-06 11:38:13','2024-01-06 11:41:34'),(34604,38,949,10,'2024-01-06 11:38:13','2024-01-06 11:41:34'),(34605,38,953,10,'2024-01-06 11:38:13','2024-01-06 11:41:34'),(34606,38,951,10,'2024-01-06 11:38:13','2024-01-06 11:41:34'),(34607,38,952,10,'2024-01-06 11:38:13','2024-01-06 11:41:34'),(34608,38,954,10,'2024-01-06 11:38:13','2024-01-06 11:41:34'),(34609,38,955,10,'2024-01-06 11:38:13','2024-01-06 11:41:34'),(34610,38,956,10,'2024-01-06 11:38:13','2024-01-06 11:41:34'),(34611,38,957,10,'2024-01-06 11:38:13','2024-01-06 11:41:34'),(34612,38,958,10,'2024-01-06 11:38:13','2024-01-06 11:41:34'),(34613,38,959,10,'2024-01-06 11:38:13','2024-01-06 11:41:34'),(34614,38,960,10,'2024-01-06 11:38:13','2024-01-06 11:41:34'),(34615,38,961,10,'2024-01-06 11:41:34','2024-01-06 11:41:34'),(34616,39,939,0,'2024-02-04 10:50:08','2024-02-04 10:50:08'),(34617,39,938,0,'2024-02-04 10:50:08','2024-02-04 10:50:08'),(34618,39,937,0,'2024-02-04 10:50:08','2024-02-04 10:50:08'),(34619,39,940,0,'2024-02-04 10:50:08','2024-02-04 10:50:08'),(34620,39,941,0,'2024-02-04 10:50:08','2024-02-04 10:50:08'),(34621,39,946,0,'2024-02-04 10:50:08','2024-02-04 10:50:08'),(34622,39,942,0,'2024-02-04 10:50:08','2024-02-04 10:50:08'),(34623,39,950,0,'2024-02-04 10:50:08','2024-02-04 10:50:08'),(34624,39,943,0,'2024-02-04 10:50:08','2024-02-04 10:50:08'),(34625,39,944,0,'2024-02-04 10:50:08','2024-02-04 10:50:08'),(34626,39,967,0,'2024-02-04 10:50:08','2024-02-04 10:50:08'),(34627,39,948,0,'2024-02-04 10:50:08','2024-02-04 10:50:08'),(34628,39,945,0,'2024-02-04 10:50:08','2024-02-04 10:50:08'),(34629,39,970,0,'2024-02-04 10:50:08','2024-02-04 10:50:08'),(34630,39,949,0,'2024-02-04 10:50:08','2024-02-04 10:50:08'),(34631,39,960,0,'2024-02-04 10:50:08','2024-02-04 10:50:08'),(34632,39,953,0,'2024-02-04 10:50:08','2024-02-04 10:50:08'),(34633,39,952,0,'2024-02-04 10:50:08','2024-02-04 10:50:08'),(34634,39,954,0,'2024-02-04 10:50:08','2024-02-04 10:50:08'),(34635,39,951,0,'2024-02-04 10:50:08','2024-02-04 10:50:08'),(34636,39,959,0,'2024-02-04 10:50:08','2024-02-04 10:50:08'),(34637,39,961,0,'2024-02-04 10:50:08','2024-02-04 10:50:08'),(34638,39,971,0,'2024-02-04 10:50:08','2024-02-04 10:50:08'),(34639,39,968,0,'2024-02-04 10:50:08','2024-02-04 10:50:08'),(34640,39,963,0,'2024-02-04 10:50:08','2024-02-04 10:50:08'),(34641,39,966,0,'2024-02-04 10:50:08','2024-02-04 10:50:08'),(34642,39,974,0,'2024-02-04 10:50:08','2024-02-04 10:53:03'),(34643,39,955,0,'2024-02-04 10:50:08','2024-02-04 10:53:03'),(34644,39,965,0,'2024-02-04 10:50:08','2024-02-04 10:53:03'),(34645,39,964,0,'2024-02-04 10:50:08','2024-02-04 10:53:03'),(34646,39,969,0,'2024-02-04 10:50:08','2024-02-04 10:53:03'),(34647,39,973,0,'2024-02-04 10:50:08','2024-02-04 10:53:03'),(34648,38,977,0,'2024-02-08 05:15:26','2024-02-08 05:15:26'),(34649,39,977,0,'2024-02-08 05:15:59','2024-02-08 05:15:59'),(34650,39,978,0,'2024-02-08 13:43:33','2024-02-08 13:43:33'),(34651,39,976,0,'2024-02-08 13:43:33','2024-02-08 13:43:33'),(34652,39,975,0,'2024-02-08 13:43:33','2024-02-08 13:43:33'),(34653,39,980,0,'2024-02-08 13:43:33','2024-02-08 13:43:33'),(34654,39,983,0,'2024-02-08 13:43:33','2024-02-08 13:43:33'),(34655,39,979,0,'2024-02-08 13:43:33','2024-02-08 13:43:33'),(34656,39,979,0,'2024-02-08 13:43:33','2024-02-08 13:43:33'),(34657,39,957,0,'2024-02-08 13:43:33','2024-02-08 13:43:33'),(34658,39,972,0,'2024-02-08 13:43:33','2024-02-08 13:43:33'),(34659,39,964,0,'2024-02-09 12:44:03','2024-02-09 12:44:03'),(34660,38,964,0,'2024-02-09 12:45:34','2024-02-09 12:45:34'),(34661,39,947,0,'2024-02-11 09:26:28','2024-02-11 09:26:28'),(34662,38,980,0,'2024-02-12 14:02:23','2024-02-12 14:02:23'),(34664,40,939,0,'2024-02-13 12:26:57','2024-02-13 12:26:57'),(34665,40,947,0,'2024-02-13 12:26:57','2024-02-13 12:26:57'),(34666,40,985,0,'2024-02-13 12:26:57','2024-02-13 12:26:57'),(34667,40,938,0,'2024-02-13 12:26:57','2024-02-13 12:26:57'),(34668,40,986,0,'2024-02-13 12:26:57','2024-02-13 12:26:57'),(34669,40,987,0,'2024-02-13 12:26:57','2024-02-13 12:26:57'),(34670,40,984,0,'2024-02-13 12:26:57','2024-02-13 12:26:57'),(34671,40,980,0,'2024-02-13 12:26:57','2024-02-13 12:26:57'),(34672,40,937,0,'2024-02-13 12:26:57','2024-02-13 12:26:57'),(34673,40,976,0,'2024-02-13 12:26:57','2024-02-13 12:26:57'),(34674,40,975,0,'2024-02-13 12:26:57','2024-02-13 12:26:57'),(34675,40,981,0,'2024-02-13 12:26:57','2024-02-13 12:26:57'),(34676,40,940,0,'2024-02-13 12:26:57','2024-02-13 12:26:57'),(34677,40,946,0,'2024-02-13 12:26:57','2024-02-13 12:26:57'),(34678,40,941,0,'2024-02-13 12:26:57','2024-02-13 12:26:57'),(34679,40,983,0,'2024-02-13 12:26:57','2024-02-13 12:26:57'),(34680,40,989,0,'2024-02-13 12:26:57','2024-02-13 12:26:57'),(34681,40,942,0,'2024-02-13 12:26:57','2024-02-13 12:26:57'),(34682,40,950,0,'2024-02-13 12:26:57','2024-02-13 13:04:55'),(34683,40,943,0,'2024-02-13 12:26:57','2024-02-13 13:04:55'),(34684,40,988,0,'2024-02-13 12:26:57','2024-02-13 13:04:55'),(34685,40,944,0,'2024-02-13 12:26:57','2024-02-13 13:04:55'),(34686,40,990,0,'2024-02-13 12:26:57','2024-02-13 13:04:55'),(34687,40,993,0,'2024-02-13 12:26:57','2024-02-13 13:04:55'),(34688,40,967,0,'2024-02-13 12:26:57','2024-02-13 13:04:55'),(34689,40,948,0,'2024-02-13 12:26:57','2024-02-13 13:04:55'),(34690,40,945,0,'2024-02-13 12:26:57','2024-02-13 13:04:55'),(34691,40,970,0,'2024-02-13 12:26:57','2024-02-13 13:04:55'),(34692,40,949,0,'2024-02-13 12:26:57','2024-02-13 13:04:55'),(34693,40,960,0,'2024-02-13 12:26:57','2024-02-13 13:04:55'),(34694,40,979,0,'2024-02-13 12:26:57','2024-02-13 13:04:55'),(34695,40,953,0,'2024-02-13 12:26:57','2024-02-13 13:04:55'),(34696,40,952,0,'2024-02-13 12:26:57','2024-02-13 13:04:55'),(34697,40,978,0,'2024-02-13 12:26:57','2024-02-13 13:04:55'),(34698,40,954,0,'2024-02-13 12:26:57','2024-02-13 13:04:55'),(34699,40,972,0,'2024-02-13 12:26:57','2024-02-13 13:04:55'),(34700,40,969,0,'2024-02-13 12:26:57','2024-02-13 13:04:55'),(34701,40,961,0,'2024-02-13 12:26:57','2024-02-13 13:04:55'),(34702,40,971,0,'2024-02-13 12:26:57','2024-02-13 13:04:55'),(34711,40,966,0,'2024-02-13 12:26:57','2024-02-14 06:08:24'),(34712,40,991,0,'2024-02-13 12:26:57','2024-02-14 06:08:24'),(34724,40,974,0,'2024-02-13 12:26:57','2024-02-14 06:08:24'),(34728,40,958,0,'2024-02-13 12:26:57','2024-02-14 06:08:24'),(34730,40,963,0,'2024-02-13 12:26:57','2024-02-14 06:08:24'),(34732,40,955,0,'2024-02-13 12:26:57','2024-02-14 06:08:24'),(34734,40,965,0,'2024-02-13 12:26:57','2024-02-14 06:08:24'),(34735,40,957,0,'2024-02-13 12:26:57','2024-02-14 06:08:24'),(34737,40,977,0,'2024-02-14 06:08:24','2024-02-14 06:08:24'),(34738,40,964,0,'2024-02-14 06:08:25','2024-02-14 06:08:25'),(34739,40,962,0,'2024-02-14 06:08:25','2024-02-14 06:08:25'),(34740,40,992,0,'2024-02-14 06:08:25','2024-02-14 06:08:25'),(34741,40,995,0,'2024-02-14 06:08:25','2024-02-14 06:08:25'),(34742,40,956,0,'2024-02-14 06:08:25','2024-02-14 06:08:25'),(34743,40,996,0,'2024-02-14 06:08:25','2024-02-14 06:08:25'),(34744,40,994,0,'2024-02-14 06:08:25','2024-02-14 06:08:25'),(34745,40,973,0,'2024-02-14 06:08:25','2024-02-14 06:08:25'),(34746,40,968,0,'2024-02-14 06:08:25','2024-02-14 06:08:25'),(34747,40,951,0,'2024-02-21 12:55:34','2024-02-21 12:55:34'),(34748,40,997,0,'2024-02-26 13:58:33','2024-02-26 13:58:33'),(34749,40,999,0,'2024-05-08 11:07:51','2024-05-08 11:07:51'),(34750,40,998,0,'2024-05-27 13:35:42','2024-05-27 13:35:42'),(34751,40,1000,0,'2024-05-27 13:35:42','2024-05-27 13:35:42'),(34752,40,982,0,'2024-05-27 13:35:42','2024-05-27 13:35:42'),(34753,40,959,0,'2024-06-12 08:02:55','2024-06-12 08:02:55'),(34754,41,1001,15,'2025-04-22 10:16:03','2025-04-22 10:16:03');

--
-- Table structure for table `withdraw_setting`
--

CREATE TABLE `withdraw_setting` (
  `id` bigint unsigned NOT NULL AUTO_INCREMENT,
  `is_open` int NOT NULL DEFAULT '0',
  `continue_send` int NOT NULL DEFAULT '0',
  `customer_id` int NOT NULL,
  `user_id` int NOT NULL,
  `description` varchar(191) CHARACTER SET utf8mb4 COLLATE utf8mb4_unicode_ci DEFAULT NULL,
  `created_at` timestamp NULL DEFAULT NULL,
  `updated_at` timestamp NULL DEFAULT NULL,
  PRIMARY KEY (`id`)
) ENGINE=InnoDB AUTO_INCREMENT=19 DEFAULT CHARSET=utf8mb4 COLLATE=utf8mb4_unicode_ci ROW_FORMAT=DYNAMIC;

--
-- Dumping data for table `withdraw_setting`
--

INSERT INTO `withdraw_setting` VALUES (1,0,0,13,1,'คุณต้องอัพระดับงาน5','2023-05-06 06:31:59','2023-06-24 06:12:24'),(2,0,0,2,1,'สมาชิกแนะนำทำงานยังไม่ครบจำนวนไม่สามารถกดถอนได้ค่ะ','2023-05-27 12:09:38','2023-07-02 12:35:36'),(3,0,0,44,1,'ลูกค้าต้องทำการอัพเกรตร้าน9ก่อนนะคะถึงจะทำการถอนเงินได้ค่ะ','2023-05-29 07:50:14','2023-05-29 13:04:53'),(4,1,1,75,1,'สมาชิกต้องเสียภาษีก่อนค่ะ','2023-06-25 06:24:50','2023-06-25 06:24:50'),(5,1,1,127,1,'สมาชิกต้องทำการอัพเกรดร้านที่ 8ก่อนทำรายการถอนค่ะ','2023-07-06 05:55:51','2023-07-06 05:55:51'),(6,0,0,144,1,'สมาชิกต้องทำรายการชำระภาษีก่อนทำรายการถอนค่ะ','2023-07-10 02:26:47','2023-07-11 06:36:42'),(7,1,1,47,1,'ลูกค้าต้องทำรายการใหม่อีกครั้งค่ะ','2023-07-20 03:57:43','2023-07-20 03:57:43'),(8,0,0,233,1,'คู่งานยังไม่เสร็จสิ้น ไม่สามารถถอนได้','2023-07-28 05:31:03','2023-08-09 08:24:22'),(9,1,1,152,1,'สมาชิกได้กดถอนเกินจำนวนครั้งยังไม่สามารถกดถอนเงินได้ค่ะ','2023-07-28 10:59:12','2023-07-28 10:59:12'),(10,0,0,147,1,'คู่สมาชิกยังกดงานยังไม่เสร็จสิ้นค่ะ','2023-08-10 15:43:34','2023-08-16 14:48:45'),(11,1,1,313,1,'ชำระภาษีก่อนทำรายการถอนเงิน','2023-08-18 04:01:29','2023-08-29 10:38:00'),(12,1,1,331,1,'บัญชีถูกล็อคติดต่อศูนย์บริการ','2023-08-20 10:22:02','2023-08-21 05:11:08'),(13,1,1,390,1,'Hello','2023-12-09 08:57:47','2023-12-09 08:57:47'),(14,1,1,570,1,'','2024-03-20 05:59:55','2024-03-20 05:59:55'),(15,0,0,571,1,'1','2024-04-17 08:38:41','2024-04-17 08:39:46'),(16,1,1,880,1,'','2024-08-14 04:35:05','2024-08-14 04:35:05'),(17,1,1,879,1,'','2024-08-14 04:44:09','2024-08-14 04:44:09'),(18,1,1,1333,1,'','2025-02-05 19:09:59','2025-02-05 19:09:59');

--
-- Table structure for table `withdraws`
--

CREATE TABLE `withdraws` (
  `id` bigint unsigned NOT NULL AUTO_INCREMENT,
  `customer_id` int NOT NULL,
  `creator_id` int NOT NULL DEFAULT '0',
  `user_id` int NOT NULL,
  `amount_withdraw` double NOT NULL,
  `credit_amount` double DEFAULT '0',
  `is_approve` tinyint NOT NULL DEFAULT '0',
  `is_withdrawal` tinyint NOT NULL DEFAULT '0',
  `reject` tinyint NOT NULL DEFAULT '0',
  `description` varchar(225) CHARACTER SET utf8mb4 COLLATE utf8mb4_unicode_ci DEFAULT NULL,
  `created_at` timestamp NULL DEFAULT NULL,
  `updated_at` timestamp NULL DEFAULT NULL,
  PRIMARY KEY (`id`)
) ENGINE=MyISAM AUTO_INCREMENT=2480 DEFAULT CHARSET=utf8mb4 COLLATE=utf8mb4_unicode_ci;

--
-- Dumping data for table `withdraws`
--

INSERT INTO `withdraws` VALUES (2479,1391,0,1376,12980,-1180,1,1,0,NULL,'2025-05-03 10:32:18','2025-05-03 10:32:47'),(2478,1387,0,1,2785,0,0,0,0,NULL,'2025-05-03 09:53:29','2025-05-03 09:53:29'),(2477,1387,0,1376,50966,2484,1,1,0,NULL,'2025-05-03 09:32:39','2025-05-03 09:33:04'),(2476,1379,0,1,1871,0,0,0,0,NULL,'2025-04-29 17:48:34','2025-04-29 17:48:34'),(2475,1376,0,1,551.01,0,0,0,0,NULL,'2025-04-20 14:43:41','2025-04-20 14:43:41'),(2474,1379,0,1,1871,0,0,0,1,NULL,'2025-04-19 17:23:17','2025-04-19 19:17:11'),(2473,1379,0,1,1871,0,0,0,1,NULL,'2025-04-19 16:12:12','2025-04-19 16:13:27'),(2472,1379,0,1,1871,0,0,0,1,NULL,'2025-04-19 16:09:56','2025-04-19 16:10:19'),(2471,1379,0,1,1871,0,0,0,1,NULL,'2025-04-19 16:06:12','2025-04-19 16:08:50'),(2470,1379,0,1,1871,0,0,0,1,NULL,'2025-04-19 16:01:44','2025-04-19 16:05:10'),(2469,1379,0,1,1871,0,0,0,1,NULL,'2025-04-19 15:55:33','2025-04-19 15:57:09'),(2468,1379,0,1,641,0,0,0,1,NULL,'2025-04-19 14:41:26','2025-04-19 14:41:49'),(2467,1378,0,1,115,384,1,1,0,NULL,'2025-04-19 14:24:55','2025-04-19 14:26:38'),(2466,1379,0,1,205,0,0,0,1,NULL,'2025-04-19 14:23:16','2025-04-19 14:23:52'),(2465,1377,0,1,436.01,0,0,0,1,NULL,'2025-04-19 13:07:12','2025-04-19 13:07:51'),(2464,1377,0,1,115,384.01,1,1,0,NULL,'2025-04-19 12:52:57','2025-04-19 12:55:41'),(2463,1372,1376,1376,1000,0,1,0,0,NULL,'2025-03-23 19:51:20','2025-03-23 19:51:20'),(2462,1365,0,1376,1292,-680,1,1,0,NULL,'2025-03-19 17:59:45','2025-03-19 18:00:05'),(2461,1365,0,1376,2152,-388,1,1,0,NULL,'2025-03-19 17:31:17','2025-03-19 17:31:29'),(2460,1365,0,1376,5236,-236,1,1,0,NULL,'2025-03-19 17:28:02','2025-03-19 17:28:08'),(2459,1364,0,1376,2150,-150,1,1,0,NULL,'2025-03-19 17:17:16','2025-03-19 17:18:37'),(2458,1359,0,1,1000,0.010000000000218,1,1,0,NULL,'2025-03-06 21:54:46','2025-03-06 21:54:58'),(2457,1359,0,1,1000,0,0,0,1,NULL,'2025-03-06 21:53:54','2025-03-06 21:54:27');


